000
CXUS53 KUNR 011721
CLM2WX
CLIMATE REPORT
NATIONAL WEATHER SERVICE RAPID CITY SD
1121 AM MDT MON MAY 01 2023
...................................
...THE BUFFALO SD CLIMATE SUMMARY FOR THE MONTH OF APRIL 2023...
CLIMATE NORMAL PERIOD 1991 TO 2020
CLIMATE RECORD PERIOD 9999 TO 9999
WEATHER OBSERVED NORMAL DEPART LAST YEAR`S
VALUE DATE(S) VALUE FROM VALUE DATE(S)
NORMAL
................................................................
TEMPERATURE (F)
HIGHEST 89 04/11 65 04/04
LOWEST 14 04/05 11 04/16
AVG. MAXIMUM 55.5 55.6 -0.1 48.6
AVG. MINIMUM 29.8 31.3 -1.5 26.6
MEAN 42.6 43.5 -0.9 37.6
DAYS MAX >= 90 0 0
DAYS MAX <= 32 1 3
DAYS MIN <= 32 18 24
DAYS MIN <= 0 0 0
PRECIPITATION (INCHES)
TOTALS 0.11 1.44 -1.33 1.97
DAILY AVG. 0.00 0.05 -0.05 0.07
DAYS >= .01 2 10
DAYS >= .10 0 3
DAYS >= .50 0 1
DAYS >= 1.00 0 0
GREATEST
24 HR. TOTAL 0.07 04/18 TO 04/18 0.94
DEGREE DAYS
HEATING TOTAL 666 647 19 814
SINCE 7/1 7214 7224 -10 MM
COOLING TOTAL 3 0 3 0
SINCE 1/1 3 0 3 MM
................................................................
WIND (MPH)
AVERAGE WIND SPEED 14.7
HIGHEST WIND SPEED/DIRECTION 47/280 DATE 04/02
HIGHEST GUST SPEED/DIRECTION 60/280 DATE 04/02
AVERAGE RH (PERCENT) 56
- INDICATES NEGATIVE NUMBERS.
R INDICATES RECORD WAS SET OR TIED.
MM INDICATES DATA IS MISSING.
T INDICATES TRACE AMOUNT.
$$