000
CXUS54 KEWX 011110
CF63T5
PRELIMINARY LOCAL CLIMATOLOGICAL DATA (WS FORM: F-6)
STATION: LA GRANGE
MONTH: NOVEMBER
YEAR: 2021
LATITUDE: 29 54 N
LONGITUDE: 96 57 W
TEMPERATURE IN F: :PCPN: SNOW: WIND :SUNSHINE: SKY :PK WND
================================================================================
1 2 3 4 5 6A 6B 7 8 9 10 11 12 13 14 15 16 17 18
12Z AVG MX 2MIN
DY MAX MIN AVG DEP HDD CDD WTR SNW DPTH SPD SPD DIR MIN PSBL S-S WX SPD DR
================================================================================
1 M M M M M M 0.00 M M M M M M M M M M
2 M M M M M M 0.00 M M M M M M M M M M
3 M M M M M M 0.00 M M M M M M M M M M
4 M M M M M M 0.00 M M M M M M M M M M
5 64 41 53 M 12 0 0.00 M M 1.5 6 20 M M 0 8 M M
6 69 42 56 M 9 0 0.00 M M 0.3 3 340 M M 0 M M
7 74 43 59 M 6 0 0.00 M M 2.1 6 170 M M 0 8 M M
8 78 48 63 M 2 0 0.00 M M 3.1 9 170 M M 1 1 M M
9 77 55 66 M 0 1 0.00 M M 3.5 9 160 M M 1 1 M M
10 82 60 71 M 0 6 0.00 M M 4.5 13 180 M M 6 1 21 180
11 75 50 63 M 2 0 0.17 M M 5.6 13 20 M M 2 20 20
12 78 45 62 M 3 0 0.00 M M 2.5 12 320 M M 0 16 320
13 69 41 55 M 10 0 0.00 M M 1.8 6 170 M M 0 M M
14 79 45 62 M 3 0 0.00 M M 3.0 9 230 M M 0 17 230
15 82 55 69 M 0 4 0.00 M M 4.5 13 210 M M 3 12 17 210
16 83 59 71 M 0 6 0.00 M M 6.8 13 180 M M 4 12 24 200
17 84 61 73 M 0 8 0.00 M M 5.1 13 180 M M 1 1 16 150
18 66 52 59 M 6 0 0.00 M M 7.8 13 10 M M 4 23 360
19 67 45 56 M 9 0 0.00 M M 1.3 6 70 M M 0 M M
20 73 50 62 M 3 0 0.00 M M 2.4 10 160 M M 8 1 M M
21 80 62 71 M 0 6 0.00 M M 5.3 20 350 M M 8 12 25 350
22 70 43 57 M 8 0 0.00 M M 5.9 12 340 M M 0 16 350
23 72 37 55 M 10 0 0.00 M M 3.4 8 150 M M 0 M M
24 80 53 67 M 0 2 0.00 M M 6.3 15 180 M M 6 25 160
25 71 52 62 M 3 0 1.27 M M 7.8 23 330 M M 6 30 330
26 55 46 51 M 14 0 0.00 M M 4.8 10 20 M M 0 18 30
27 51 47 49 M 16 0 0.59 M M 0.3 5 200 M M 8 1 M M
28 66 46 56 M 9 0 0.00 M M 3.4 8 20 M M 6 1 M M
29 71 40 56 M 9 0 0.00 M M 1.6 6 190 M M 0 M M
30 75 44 60 M 5 0 0.00 M M 3.1 10 180 M M 0 1 M M
================================================================================
SM 1891 1262 139 33 2.03 M 97.6 M 64
================================================================================
AV 72.7 48.5 3.8 FASTST M M 2 MAX(MPH)
MISC ----> 23 330 30 330
================================================================================
NOTES:
# LAST OF SEVERAL OCCURRENCES
COLUMN 17 PEAK WIND IN M.P.H.
PRELIMINARY LOCAL CLIMATOLOGICAL DATA (WS FORM: F-6) , PAGE 2
STATION: LA GRANGE
MONTH: NOVEMBER
YEAR: 2021
LATITUDE: 29 54 N
LONGITUDE: 96 57 W
[TEMPERATURE DATA] [PRECIPITATION DATA] SYMBOLS USED IN COLUMN 16
AVERAGE MONTHLY: 60.6 TOTAL FOR MONTH: 2.03 1 = FOG OR MIST
DPTR FM NORMAL: 0.0 DPTR FM NORMAL: M 2 = FOG REDUCING VISIBILITY
HIGHEST: 84 ON 17 GRTST 24HR 1.27 ON 25-25 TO 1/4 MILE OR LESS
LOWEST: 37 ON 23 3 = THUNDER
SNOW, ICE PELLETS, HAIL 4 = ICE PELLETS
TOTAL MONTH: M 5 = HAIL
GRTST 24HR M ON M 6 = FREEZING RAIN OR DRIZZLE
GRTST DEPTH: M ON M 7 = DUSTSTORM OR SANDSTORM:
VSBY 1/2 MILE OR LESS
8 = SMOKE OR HAZE
[NO. OF DAYS WITH] [WEATHER - DAYS WITH] 9 = BLOWING SNOW
X = TORNADO
MAX 32 OR BELOW: 0 0.01 INCH OR MORE: 3
MAX 90 OR ABOVE: 0 0.10 INCH OR MORE: 3
MIN 32 OR BELOW: 0 0.50 INCH OR MORE: 2
MIN 0 OR BELOW: 0 1.00 INCH OR MORE: 1
[HDD (BASE 65) ]
TOTAL THIS MO. 139 CLEAR (SCALE 0-3) 17
DPTR FM NORMAL M PTCLDY (SCALE 4-7) 7
TOTAL FM JUL 1 151 CLOUDY (SCALE 8-10) 6
DPTR FM NORMAL M
[CDD (BASE 65) ]
TOTAL THIS MO. 33
DPTR FM NORMAL M [PRESSURE DATA]
TOTAL FM JAN 1 3226 HIGHEST SLP M ON M
DPTR FM NORMAL M LOWEST SLP M ON M
[REMARKS]
#FINAL-11-21#