000
CXUS55 KABR 011700
CF68D3
PRELIMINARY LOCAL CLIMATOLOGICAL DATA (WS FORM: F-6)
STATION: SISSETON SD
MONTH: JUNE
YEAR: 2020
LATITUDE: 45 40 N
LONGITUDE: 96 59 W
TEMPERATURE IN F: :PCPN: SNOW: WIND :SUNSHINE: SKY :PK WND
================================================================================
1 2 3 4 5 6A 6B 7 8 9 10 11 12 13 14 15 16 17 18
12Z AVG MX 2MIN
DY MAX MIN AVG DEP HDD CDD WTR SNW DPTH SPD SPD DIR MIN PSBL S-S WX SPD DR
================================================================================
1 94 64 79 17 0 14 0.00 0.0 0 8.1 23 160 M M 0 30 160
2 83 62 73 11 0 8 0.10 0.0 0 6.6 33 310 M M 0 45 310
3 84 56 70 7 0 5 0.00 0.0 0 6.2 13 280 M M 0 19 270
4 84 57 71 8 0 6 0.09 0.0 0 5.8 31 320 M M 0 42 330
5 81 53 67 4 0 2 0.00 0.0 0 7.0 18 360 M M 0 26 360
6 79 52 66 2 0 1 0.00 0.0 0 16.5 29 120 M M 0 38 120
7 99 64 82 18 0 17 0.01 0.0 0 20.3 40 190 M M 0 57 190
8 87 68 78 14 0 13 0.46 0.0 0 12.7 33 270 M M 0 48 270
9 68 56 62 -2 3 0 0.78 0.0 0 17.4 30 330 M M 0 41 340
10 73 54 64 -1 1 0 0.00 0.0 0 16.5 30 320 M M 0 44 290
11 79 57 68 3 0 3 0.00 0.0 0 10.8 21 330 M M 0 27 330
12 80 56 68 3 0 3 0.00 0.0 0 10.4 18 60 M M 0 28 70
13 82 57 70 4 0 5 0.00 0.0 0 17.5 28 130 M M 0 36 140
14 86 58 72 6 0 7 0.00 0.0 0 26.9 41 140 M M 0 54 150
15 90 68 79 13 0 14 0.00 0.0 0 16.3 30 140 M M 0 39 160
16 96 73 85 19 0 20 0.00 0.0 0 21.7 38 180 M M 0 51 170
17 96 73 85 19 0 20 0.00 0.0 0 21.4 38 170 M M 0 50 170
18 81 58 70 3 0 5 0.14 0.0 0 10.7 33 290 M M 0 49 280
19 74 53 64 -3 1 0 0.00 0.0 0 6.6 15 350 M M 0 19 330
20 78 61 70 3 0 5 0.05 0.0 0 11.8 25 180 M M 0 34 220
21 71 54 63 -5 2 0 0.01 0.0 0 6.0 21 340 M M 0 27 340
22 74 51 63 -5 2 0 0.00 0.0 0 9.8 22 350 M M 0 28 10
23 78 56 67 -1 0 2 0.00 0.0 0 9.0 17 350 M M 0 23 360
24 83 55 69 1 0 4 0.00 0.0 0 5.6 15 350 M M 0 23 10
25 88 57 73 5 0 8 0.00 0.0 0 9.9 22 180 M M 0 28 190
26 87 63 75 6 0 10 0.00 0.0 0 9.9 18 350 M M 0 27 260
27 89 58 74 5 0 9 0.00 0.0 0 7.1 17 180 M M 0 22 190
28 89 66 78 9 0 13 0.00 0.0 0 15.9 29 140 M M 0 39 130
29 80 66 73 4 0 8 0.31 0.0 0 12.3 22 320 M M 0 32 300
30 88 72 80 10 0 15 0.00 0.0 0 14.1 28 140 M M 0 36 140
================================================================================
SM 2501 1798 9 217 1.95 0.0 370.8 M 0
================================================================================
AV 83.4 59.9 12.4 FASTST M M 0 MAX(MPH)
MISC ----> # 41 140 # 57 190
================================================================================
NOTES:
# LAST OF SEVERAL OCCURRENCES
COLUMN 17 PEAK WIND IN M.P.H.
PRELIMINARY LOCAL CLIMATOLOGICAL DATA (WS FORM: F-6) , PAGE 2
STATION: SISSETON SD
MONTH: JUNE
YEAR: 2020
LATITUDE: 45 40 N
LONGITUDE: 96 59 W
[TEMPERATURE DATA] [PRECIPITATION DATA] SYMBOLS USED IN COLUMN 16
AVERAGE MONTHLY: 71.7 TOTAL FOR MONTH: 1.95 1 = FOG OR MIST
DPTR FM NORMAL: 5.6 DPTR FM NORMAL: -1.79 2 = FOG REDUCING VISIBILITY
HIGHEST: 99 ON 7 GRTST 24HR 0.78 ON 9- 9 TO 1/4 MILE OR LESS
LOWEST: 51 ON 22 3 = THUNDER
SNOW, ICE PELLETS, HAIL 4 = ICE PELLETS
TOTAL MONTH: 0.0 INCH 5 = HAIL
GRTST 24HR 0.0 6 = FREEZING RAIN OR DRIZZLE
GRTST DEPTH: 0 7 = DUSTSTORM OR SANDSTORM:
VSBY 1/2 MILE OR LESS
8 = SMOKE OR HAZE
[NO. OF DAYS WITH] [WEATHER - DAYS WITH] 9 = BLOWING SNOW
X = TORNADO
MAX 32 OR BELOW: 0 0.01 INCH OR MORE: 9
MAX 90 OR ABOVE: 5 0.10 INCH OR MORE: 5
MIN 32 OR BELOW: 0 0.50 INCH OR MORE: 1
MIN 0 OR BELOW: 0 1.00 INCH OR MORE: 0
[HDD (BASE 65) ]
TOTAL THIS MO. 9 CLEAR (SCALE 0-3) 30
DPTR FM NORMAL -53 PTCLDY (SCALE 4-7) 0
TOTAL FM JUL 1 8373 CLOUDY (SCALE 8-10) 0
DPTR FM NORMAL 90
[CDD (BASE 65) ]
TOTAL THIS MO. 217
DPTR FM NORMAL 123 [PRESSURE DATA]
TOTAL FM JAN 1 224 HIGHEST SLP 30.26 ON 12
DPTR FM NORMAL 107 LOWEST SLP 29.41 ON 7
[REMARKS]
#FINAL-06-20#