000
CXUS54 KSJT 011420
CLMABI
CLIMATE REPORT
NATIONAL WEATHER SERVICE SAN ANGELO TX
920 AM CDT THU JUN 01 2023
...................................
...THE ABILENE CLIMATE SUMMARY FOR THE MONTH OF MAY 2023...
CLIMATE NORMAL PERIOD: 1991 TO 2020
CLIMATE RECORD PERIOD: 1886 TO 2023
WEATHER OBSERVED NORMAL DEPART LAST YEAR`S
VALUE DATE(S) VALUE FROM VALUE DATE(S)
NORMAL
................................................................
TEMPERATURE (F)
RECORD
HIGH 109 05/28/2011
05/24/2000
01/16/2206854
LOW 33 05/03/2013
05/04/1907
01/01/2000
HIGHEST 98 05/05 MM MM 107 05/07
05/08
05/19
LOWEST 55 05/01 MM MM 51 05/25
AVG. MAXIMUM 85.4 86.3 -0.9 95.5
AVG. MINIMUM 62.7 61.9 0.8 66.5
MEAN 74.1 74.1 0.0 81.0
DAYS MAX >= 90 6 9.9 -3.9 22
DAYS MAX <= 32 0 0.0 0.0 0
DAYS MIN <= 32 0 0.0 0.0 0
DAYS MIN <= 0 0 0.0 0.0 0
PRECIPITATION (INCHES)
RECORD
MAXIMUM 13.19 1957
MINIMUM 0.06 1911
TOTALS 5.36 3.21 2.15 0.76
DAILY AVG. 0.17 0.10 0.07 0.02
DAYS >= .01 16 8.0 8.0 4
DAYS >= .10 8 5.2 2.8 2
DAYS >= .50 5 2.2 2.8 0
DAYS >= 1.00 1 0.9 0.1 0
GREATEST
24 HR. TOTAL 1.89 05/12 TO 05/13
SNOWFALL (INCHES)
RECORDS
TOTAL T 2016
TOTALS 0.0 0.0 0.0 0.0
SINCE 7/1 T 3.7 -3.7 MM
SNOWDEPTH AVG. 0 0
DAYS >= 1.0 0 0.0 0.0 0
GREATEST
SNOW DEPTH 0 0 MM
24 HR TOTAL MM
DEGREE DAYS
HEATING TOTAL 0 16 -16 2
SINCE 7/1 2095 2314 -219 MM
COOLING TOTAL 290 298 -8 505
SINCE 1/1 465 471 -6 MM
................................................................
WIND (MPH)
AVERAGE WIND SPEED 10.0
HIGHEST WIND SPEED/DIRECTION 41/360 DATE 05/22
HIGHEST GUST SPEED/DIRECTION 53/350 DATE 05/12
SKY COVER
AVERAGE SKY COVER 0.22
AVERAGE RH (PERCENT) 66
WEATHER CONDITIONS. NUMBER OF DAYS WITH
THUNDERSTORM 14 MIXED PRECIP 0
HEAVY RAIN 5 RAIN 6
LIGHT RAIN 16 FREEZING RAIN 0
LT FREEZING RAIN 0 HAIL 0
HEAVY SNOW 0 SNOW 0
LIGHT SNOW 0 SLEET 0
FOG 13 FOG W/VIS <= 1/4 MILE 0
HAZE 7
- INDICATES NEGATIVE NUMBERS.
R INDICATES RECORD WAS SET OR TIED.
MM INDICATES DATA IS MISSING.
T INDICATES TRACE AMOUNT.
$$