693
CXUS55 KABQ 011125
CF6ABQ
PRELIMINARY LOCAL CLIMATOLOGICAL DATA (WS FORM: F-6)
STATION: ALBUQUERQUE NM
MONTH: SEPTEMBER
YEAR: 2020
LATITUDE: 35 2 N
LONGITUDE: 106 37 W
TEMPERATURE IN F: :PCPN: SNOW: WIND :SUNSHINE: SKY :PK WND
================================================================================
1 2 3 4 5 6A 6B 7 8 9 10 11 12 13 14 15 16 17 18
12Z AVG MX 2MIN
DY MAX MIN AVG DEP HDD CDD WTR SNW DPTH SPD SPD DIR MIN PSBL S-S WX SPD DR
================================================================================
1 76 59 68 -6 0 3 0.06 0.0 0 9.6 29 300 M M 4 3 39 280
2 88 55 72 -2 0 7 0.00 0.0 0 6.0 13 260 M M 1 18 240
3 93 61 77 3 0 12 0.00 0.0 0 8.7 25 90 M M 1 35 110
4 93 66 80 7 0 15 0.00 0.0 0 8.6 40 80 M M 2 50 90
5 92 70 81 8 0 16 T 0.0 0 9.6 30 120 M M 3 38 37 110
6 95 64 80 7 0 15 0.00 0.0 0 6.8 17 180 M M 2 24 190
7 96 66 81 9 0 16 0.00 0.0 0 4.8 14 310 M M 4 8 20 330
8 80 42 61 -11 4 0 0.19 0.0 0 23.9 51 90 M M 6 38 71 90
9 47 40 44 -28 21 0 0.37 0.0 0 26.1 37 80 M M 8 3 47 90
10 55 42 49 -23 16 0 T 0.0 0 10.6 26 90 M M 9 36 80
11 71 50 61 -10 4 0 0.00 0.0 0 4.2 9 220 M M 8 14 320
12 78 51 65 -6 0 0 0.00 0.0 0 5.8 14 90 M M 7 18 10
13 81 54 68 -2 0 3 0.00 0.0 0 8.2 18 150 M M 4 24 130
14 80 56 68 -2 0 3 0.00 0.0 0 7.5 13 10 M M 5 21 190
15 83 54 69 -1 0 4 0.00 0.0 0 2.8 20 90 M M 3 24 90
16 87 57 72 3 0 7 0.00 0.0 0 11.2 31 100 M M 2 44 90
17 81 62 72 3 0 7 0.00 0.0 0 9.2 25 110 M M 3 35 110
18 81 59 70 1 0 5 0.00 0.0 0 7.6 16 90 M M 1 21 90
19 79 53 66 -2 0 1 0.00 0.0 0 5.6 14 170 M M 0 17 180
20 84 57 71 3 0 6 0.00 0.0 0 4.4 10 150 M M 1 15 160
21 86 59 73 6 0 8 0.00 0.0 0 6.0 23 90 M M 2 30 80
22 87 57 72 5 0 7 0.00 0.0 0 5.8 28 320 M M 3 38 320
23 87 63 75 8 0 10 0.00 0.0 0 8.3 26 80 M M 4 32 90
24 89 60 75 9 0 10 0.00 0.0 0 4.5 14 30 M M 1 17 50
25 91 56 74 8 0 9 0.00 0.0 0 4.5 16 350 M M 0 25 360
26 91 59 75 10 0 10 0.00 0.0 0 6.6 22 320 M M 2 31 310
27 88 57 73 8 0 8 0.00 0.0 0 11.6 35 100 M M 2 52 80
28 68 48 58 -7 7 0 0.00 0.0 0 15.0 38 90 M M 2 55 110
29 76 44 60 -4 5 0 0.00 0.0 0 4.6 9 250 M M 2 14 220
30 85 49 67 3 0 2 0.00 0.0 0 6.4 31 80 M M 0 41 80
================================================================================
SM 2468 1670 57 184 0.62 0.0 254.5 M 92
================================================================================
AV 82.3 55.7 8.5 FASTST M M 3 MAX(MPH)
MISC ----> # 51 90 # 71 90
================================================================================
NOTES:
# LAST OF SEVERAL OCCURRENCES
COLUMN 17 PEAK WIND IN M.P.H.
PRELIMINARY LOCAL CLIMATOLOGICAL DATA (WS FORM: F-6) , PAGE 2
STATION: ALBUQUERQUE NM
MONTH: SEPTEMBER
YEAR: 2020
LATITUDE: 35 2 N
LONGITUDE: 106 37 W
[TEMPERATURE DATA] [PRECIPITATION DATA] SYMBOLS USED IN COLUMN 16
AVERAGE MONTHLY: 69.0 TOTAL FOR MONTH: 0.62 1 = FOG OR MIST
DPTR FM NORMAL: -0.3 DPTR FM NORMAL: -0.46 2 = FOG REDUCING VISIBILITY
HIGHEST: 96 ON 7 GRTST 24HR 0.37 ON 9- 9 TO 1/4 MILE OR LESS
LOWEST: 40 ON 9 3 = THUNDER
SNOW, ICE PELLETS, HAIL 4 = ICE PELLETS
TOTAL MONTH: 0.0 INCH 5 = HAIL
GRTST 24HR 0.0 6 = FREEZING RAIN OR DRIZZLE
GRTST DEPTH: 0 7 = DUSTSTORM OR SANDSTORM:
VSBY 1/2 MILE OR LESS
8 = SMOKE OR HAZE
[NO. OF DAYS WITH] [WEATHER - DAYS WITH] 9 = BLOWING SNOW
X = TORNADO
MAX 32 OR BELOW: 0 0.01 INCH OR MORE: 3
MAX 90 OR ABOVE: 7 0.10 INCH OR MORE: 2
MIN 32 OR BELOW: 0 0.50 INCH OR MORE: 0
MIN 0 OR BELOW: 0 1.00 INCH OR MORE: 0
[HDD (BASE 65) ]
TOTAL THIS MO. 57 CLEAR (SCALE 0-3) 19
DPTR FM NORMAL 31 PTCLDY (SCALE 4-7) 9
TOTAL FM JUL 1 57 CLOUDY (SCALE 8-10) 2
DPTR FM NORMAL 31
[CDD (BASE 65) ]
TOTAL THIS MO. 184
DPTR FM NORMAL 29 [PRESSURE DATA]
TOTAL FM JAN 1 1710 HIGHEST SLP 30.31 ON 29
DPTR FM NORMAL 398 LOWEST SLP 29.48 ON 8
[REMARKS]
#FINAL-09-20#