000
CXUS55 KABR 011711
CF6ABR
PRELIMINARY LOCAL CLIMATOLOGICAL DATA (WS FORM: F-6)
STATION: ABERDEEN SD
MONTH: FEBRUARY
YEAR: 2021
LATITUDE: 45 27 N
LONGITUDE: 98 26 W
TEMPERATURE IN F: :PCPN: SNOW: WIND :SUNSHINE: SKY :PK WND
================================================================================
1 2 3 4 5 6A 6B 7 8 9 10 11 12 13 14 15 16 17 18
12Z AVG MX 2MIN
DY MAX MIN AVG DEP HDD CDD WTR SNW DPTH SPD SPD DIR MIN PSBL S-S WX SPD DR
================================================================================
1 26 21 24 11 41 0 T T 1 8.8 14 150 M M 10 12 17 160
2 27 20 24 10 41 0 T T 1 12.0 18 190 M M 10 1 26 180
3 32 21 27 13 38 0 T T 1 14.9 30 330 M M 10 1 36 330
4 21 6 14 0 51 0 T T 1 18.3 29 310 M M 3 38 320
5 19 -2 9 -5 56 0 0.00 0.0 1 13.6 23 330 M M 3 29 330
6 3 -10 -3 -18 68 0 T T 1 13.2 23 330 M M 2 8 30 330
7 -2 -15 -8 -23 73 0 0.04 0.3 1 3.0 9 30 M M 5 8 12 30
8 4 -20 -8 -23 73 0 T T 1 4.6 12 180 M M 2 8 14 200
9 9 -13 -2 -18 67 0 T T 1 9.7 17 280 M M 3 23 250
10 8 -8 0 -16 65 0 0.00 0.0 1 8.6 16 320 M M 1 20 340
11 -2 -13 -7 -23 72 0 0.01 0.1 1 7.8 14 350 M M 9 8 18 350
12 -1 -23 -12 -28 77 0 0.00 0.0 1 7.0 17 260 M M 2 23 260
13 -3 -24 -13 -30 78 0 T T 1 8.9 18 330 M M 2 8 25 340
14 -1 -24 -12 -29 77 0 0.00 0.0 1 5.9 13 330 M M 0 16 290
15 0 -25 -12 -30 77 0 0.00 0.0 1 6.9 16 190 M M 0 21 160
16 4 -18 -7 -25 72 0 0.00 0.0 1 10.2 17 150 M M 3 23 180
17 13 -10 2 -16 63 0 0.02 0.2 1 5.4 16 170 M M 7 8 21 170
18 18 -9 5 -14 60 0 T T 1 6.5 17 310 M M 7 18 21 330
19 28 -9 10 -9 55 0 0.00 0.0 1 8.1 14 170 M M 3 8 18 170
20 33 7 20 1 45 0 0.00 0.0 1 11.2 20 190 M M 2 8 25 180
21 46 14 30 10 35 0 0.00 0.0 1 6.8 16 160 M M 4 128 21 160
22 60 28 44 24 21 0 0.00 0.0 T 14.0 31 300 M M 1 45 310
23 52 26 39 18 26 0 T T 0 8.1 30 10 M M 4 1 42 360
24 45 22 34 13 31 0 0.00 0.0 0 9.4 26 360 M M 7 38 360
25 48 15 32 11 33 0 0.00 0.0 0 13.3 28 220 M M 0 36 220
26 55 30 43 21 22 0 0.00 0.0 0 13.0 24 170 M M 2 32 180
27 38 18 28 6 37 0 0.00 0.0 0 11.2 22 30 M M 6 128 29 30
28 39 11 25 2 40 0 0.00 0.0 0 12.5 22 360 M M 3 29 360
================================================================================
SM 619 16 1494 0 0.07 0.6 272.9 M 111
================================================================================
AV 22.1 0.6 9.7 FASTST M M 4 MAX(MPH)
MISC ----> 31 300 45 310
================================================================================
NOTES:
# LAST OF SEVERAL OCCURRENCES
COLUMN 17 PEAK WIND IN M.P.H.
PRELIMINARY LOCAL CLIMATOLOGICAL DATA (WS FORM: F-6) , PAGE 2
STATION: ABERDEEN SD
MONTH: FEBRUARY
YEAR: 2021
LATITUDE: 45 27 N
LONGITUDE: 98 26 W
[TEMPERATURE DATA] [PRECIPITATION DATA] SYMBOLS USED IN COLUMN 16
AVERAGE MONTHLY: 11.3 TOTAL FOR MONTH: 0.07 1 = FOG OR MIST
DPTR FM NORMAL: -6.3 DPTR FM NORMAL: -0.48 2 = FOG REDUCING VISIBILITY
HIGHEST: 60 ON 22 GRTST 24HR 0.04 ON 7- 7 TO 1/4 MILE OR LESS
LOWEST: -25 ON 15 3 = THUNDER
SNOW, ICE PELLETS, HAIL 4 = ICE PELLETS
TOTAL MONTH: 0.6 INCH 5 = HAIL
GRTST 24HR 0.3 ON 7- 7 6 = FREEZING RAIN OR DRIZZLE
GRTST DEPTH: 1 ON 21,20 7 = DUSTSTORM OR SANDSTORM:
VSBY 1/2 MILE OR LESS
8 = SMOKE OR HAZE
[NO. OF DAYS WITH] [WEATHER - DAYS WITH] 9 = BLOWING SNOW
X = TORNADO
MAX 32 OR BELOW: 19 0.01 INCH OR MORE: 3
MAX 90 OR ABOVE: 0 0.10 INCH OR MORE: 0
MIN 32 OR BELOW: 28 0.50 INCH OR MORE: 0
MIN 0 OR BELOW: 15 1.00 INCH OR MORE: 0
[HDD (BASE 65) ]
TOTAL THIS MO. 1494 CLEAR (SCALE 0-3) 16
DPTR FM NORMAL 165 PTCLDY (SCALE 4-7) 8
TOTAL FM JUL 1 5690 CLOUDY (SCALE 8-10) 4
DPTR FM NORMAL -773
[CDD (BASE 65) ]
TOTAL THIS MO. 0
DPTR FM NORMAL 0 [PRESSURE DATA]
TOTAL FM JAN 1 0 HIGHEST SLP 30.89 ON 14
DPTR FM NORMAL 0 LOWEST SLP 29.52 ON 22
[REMARKS]
#FINAL-02-21#