000
CXUS53 KABR 191100
CF6ABR
PRELIMINARY LOCAL CLIMATOLOGICAL DATA (WS FORM: F-6)
STATION: ABERDEEN SD
MONTH: APRIL
YEAR: 2024
LATITUDE: 45 27 N
LONGITUDE: 98 26 W
TEMPERATURE IN F: :PCPN: SNOW: WIND :SUNSHINE: SKY :PK WND
================================================================================
1 2 3 4 5 6A 6B 7 8 9 10 11 12 13 14 15 16 17 18
12Z AVG MX 2MIN
DY MAX MIN AVG DEP HDD CDD WTR SNW DPTH SPD SPD DIR MIN PSBL S-S WX SPD DR
================================================================================
1 44 30 37 -1 28 0 0.01 T 0 7.3 14 30 M M 8 1 19 60
2 56 23 40 1 25 0 0.00 0.0 0 14.6 35 330 M M 3 43 350
3 54 27 41 2 24 0 0.00 0.0 0 12.8 23 10 M M 0 33 330
4 57 23 40 0 25 0 0.00 0.0 0 6.4 13 70 M M 0 19 10
5 64 23 44 4 21 0 0.00 0.0 0 11.2 25 150 M M 0 35 150
6 67 42 55 15 10 0 0.00 0.0 0 21.7 39 100 M M 1 52 110
7 48 34 41 0 24 0 0.21 0.4 0 15.7 36 100 M M 10 1 52 110
8 44 34 39 -2 26 0 0.28 0.2 T 6.6 16 340 M M 10 1 21 340
9 68 35 52 10 13 0 0.00 0.0 0 8.6 20 290 M M 6 28 310
10 71 35 53 11 12 0 0.05 0.0 0 11.3 32 320 M M 4 13 42 320
11 60 34 47 4 18 0 0.11 0.0 0 17.2 28 350 M M 6 1 39 350
12 66 24 45 2 20 0 0.00 0.0 0 6.2 15 160 M M 0 19 170
13 89 43 66 22 0 1 0.00 0.0 0 11.0 21 10 M M 0 31 20
14 74 43 59 15 6 0 0.00 0.0 0 8.6 17 350 M M 0 24 350
15 78 45 62 18 3 0 T 0.0 0 19.5 32 110 M M 1 3 46 110
16 63 45 54 9 11 0 1.18 0.0 0 17.1 40 140 M M 9 1 60 140
17 61 40 51 6 14 0 0.29 0.0 0 16.1 28 330 M M 6 1 38 320
18 47 26 37 -9 28 0 0.00 0.0 0 15.4 30 310 M M 5 40 300
================================================================================
SM 1111 606 308 1 2.13 0.6 227.3 M 69
================================================================================
AV 61.7 33.7 12.6 FASTST M M 4 MAX(MPH)
MISC ----> 40 140 60 140
================================================================================
NOTES:
# LAST OF SEVERAL OCCURRENCES
COLUMN 17 PEAK WIND IN M.P.H.
PRELIMINARY LOCAL CLIMATOLOGICAL DATA (WS FORM: F-6) , PAGE 2
STATION: ABERDEEN SD
MONTH: APRIL
YEAR: 2024
LATITUDE: 45 27 N
LONGITUDE: 98 26 W
[TEMPERATURE DATA] [PRECIPITATION DATA] SYMBOLS USED IN COLUMN 16
AVERAGE MONTHLY: 47.7 TOTAL FOR MONTH: 2.13 1 = FOG OR MIST
DPTR FM NORMAL: 5.7 DPTR FM NORMAL: 1.22 2 = FOG REDUCING VISIBILITY
HIGHEST: 89 ON 13 GRTST 24HR 1.47 ON 16-17 TO 1/4 MILE OR LESS
LOWEST: 23 ON 5, 4 3 = THUNDER
SNOW, ICE PELLETS, HAIL 4 = ICE PELLETS
TOTAL MONTH: 0.6 INCH 5 = HAIL
GRTST 24HR 0.4 ON 7- 7 6 = FREEZING RAIN OR DRIZZLE
GRTST DEPTH: T 7 = DUSTSTORM OR SANDSTORM:
VSBY 1/2 MILE OR LESS
8 = SMOKE OR HAZE
[NO. OF DAYS WITH] [WEATHER - DAYS WITH] 9 = BLOWING SNOW
X = TORNADO
MAX 32 OR BELOW: 0 0.01 INCH OR MORE: 7
MAX 90 OR ABOVE: 0 0.10 INCH OR MORE: 5
MIN 32 OR BELOW: 7 0.50 INCH OR MORE: 1
MIN 0 OR BELOW: 0 1.00 INCH OR MORE: 1
[HDD (BASE 65) ]
TOTAL THIS MO. 308 CLEAR (SCALE 0-3) 9
DPTR FM NORMAL -107 PTCLDY (SCALE 4-7) 5
TOTAL FM JUL 1 6400 CLOUDY (SCALE 8-10) 4
DPTR FM NORMAL -1301
[CDD (BASE 65) ]
TOTAL THIS MO. 1
DPTR FM NORMAL 1 [PRESSURE DATA]
TOTAL FM JAN 1 1 HIGHEST SLP M ON M
DPTR FM NORMAL 1 LOWEST SLP 29.42 ON 16
[REMARKS]