000
CXUS54 KFWD 072138
CF6ACT
PRELIMINARY LOCAL CLIMATOLOGICAL DATA (WS FORM: F-6)
STATION: WACO
MONTH: APRIL
YEAR: 2022
LATITUDE: 31 37 N
LONGITUDE: 97 13 W
TEMPERATURE IN F: :PCPN: SNOW: WIND :SUNSHINE: SKY :PK WND
================================================================================
1 2 3 4 5 6A 6B 7 8 9 10 11 12 13 14 15 16 17 18
12Z AVG MX 2MIN
DY MAX MIN AVG DEP HDD CDD WTR SNW DPTH SPD SPD DIR MIN PSBL S-S WX SPD DR
================================================================================
1 79 40 60 -3 5 0 0.00 0.0 0 10.1 25 160 M M 0 34 160
2 81 52 67 4 0 2 0.00 0.0 0 8.2 21 340 M M 0 27 340
3 85 47 66 2 0 1 0.00 0.0 0 11.1 23 170 M M 0 30 150
4 80 58 69 5 0 4 0.00 0.0 0 10.4 18 170 M M 8 23 170
5 97 57 77 13 0 12 0.00 0.0 0 10.5 24 180 M M 3 138 36 230
6 76 51 64 0 1 0 0.00 0.0 0 17.6 33 360 M M 0 47 340
7 75 47 61 -3 4 0 0.00 0.0 0 13.3 31 340 M M 2 8 43 350
8 74 39 57 -8 8 0 0.00 0.0 0 11.5 28 340 M M 2 35 330
9 88 36 62 -3 3 0 0.00 0.0 0 12.8 26 170 M M 0 36 170
10 85 62 74 9 0 9 T 0.0 0 22.2 33 190 M M 3 3 45 180
11 86 69 78 13 0 13 0.00 0.0 0 17.5 26 200 M M 6 34 190
12 88 63 76 10 0 11 0.52 0.0 0 16.3 33 320 M M 6 13 48 320
13 88 55 72 6 0 7 T 0.0 0 15.5 26 330 M M 4 37 320
14 79 45 62 -4 3 0 0.00 0.0 0 8.1 18 150 M M 0 26 160
15 83 53 68 2 0 3 0.00 0.0 0 13.0 23 170 M M 5 29 170
16 84 64 74 8 0 9 0.00 0.0 0 10.6 21 180 M M 10 1 26 180
17 84 56 70 4 0 5 0.00 0.0 0 5.8 14 10 M M 6 18 10
18 76 54 65 -2 0 0 0.00 0.0 0 10.0 21 40 M M 2 27 10
19 78 52 65 -2 0 0 0.00 0.0 0 15.5 26 160 M M 4 35 170
20 87 68 78 11 0 13 T 0.0 0 19.8 30 190 M M 8 18 42 190
21 86 72 79 12 0 14 0.00 0.0 0 15.0 24 150 M M 9 33 150
22 89 71 80 12 0 15 0.00 0.0 0 18.9 29 160 M M 7 39 150
23 88 70 79 11 0 14 0.00 0.0 0 20.7 29 170 M M 8 40 160
24 87 70 79 11 0 14 T 0.0 0 14.8 23 160 M M 8 33 160
25 70 59 65 -3 0 0 1.29 0.0 0 10.3 21 50 M M 10 13 29 40
26 76 54 65 -4 0 0 0.00 0.0 0 7.9 16 20 M M 3 22 10
27 81 53 67 -2 0 2 0.00 0.0 0 7.8 16 150 M M 5 21 150
28 86 66 76 7 0 11 0.00 0.0 0 15.6 24 170 M M 6 32 170
29 85 70 78 9 0 13 0.00 0.0 0 17.6 25 180 M M 7 34 170
30 87 64 76 6 0 11 T 0.0 0 10.1 25 180 M M 5 31 200
================================================================================
SM 2488 1717 24 183 1.81 0.0 398.5 M 137
================================================================================
AV 82.9 57.2 13.3 FASTST M M 5 MAX(MPH)
MISC ----> # 33 320 48 320
================================================================================
NOTES:
# LAST OF SEVERAL OCCURRENCES
COLUMN 17 PEAK WIND IN M.P.H.
PRELIMINARY LOCAL CLIMATOLOGICAL DATA (WS FORM: F-6) , PAGE 2
STATION: WACO
MONTH: APRIL
YEAR: 2022
LATITUDE: 31 37 N
LONGITUDE: 97 13 W
[TEMPERATURE DATA] [PRECIPITATION DATA] SYMBOLS USED IN COLUMN 16
AVERAGE MONTHLY: 70.1 TOTAL FOR MONTH: 1.81 1 = FOG OR MIST
DPTR FM NORMAL: 3.9 DPTR FM NORMAL: -1.49 2 = FOG REDUCING VISIBILITY
HIGHEST: 97 ON 5 GRTST 24HR 1.29 ON 24-25 TO 1/4 MILE OR LESS
LOWEST: 36 ON 9 3 = THUNDER
SNOW, ICE PELLETS, HAIL 4 = ICE PELLETS
TOTAL MONTH: 0.0 INCH 5 = HAIL
GRTST 24HR 0.0 6 = FREEZING RAIN OR DRIZZLE
GRTST DEPTH: 0 7 = DUSTSTORM OR SANDSTORM:
VSBY 1/2 MILE OR LESS
8 = SMOKE OR HAZE
[NO. OF DAYS WITH] [WEATHER - DAYS WITH] 9 = BLOWING SNOW
X = TORNADO
MAX 32 OR BELOW: 0 0.01 INCH OR MORE: 2
MAX 90 OR ABOVE: 1 0.10 INCH OR MORE: 2
MIN 32 OR BELOW: 0 0.50 INCH OR MORE: 2
MIN 0 OR BELOW: 0 1.00 INCH OR MORE: 1
[HDD (BASE 65) ]
TOTAL THIS MO. 24 CLEAR (SCALE 0-3) 10
DPTR FM NORMAL -52 PTCLDY (SCALE 4-7) 17
TOTAL FM JUL 1 1815 CLOUDY (SCALE 8-10) 3
DPTR FM NORMAL -256
[CDD (BASE 65) ]
TOTAL THIS MO. 183
DPTR FM NORMAL 69 [PRESSURE DATA]
TOTAL FM JAN 1 229 HIGHEST SLP 30.36 ON 26
DPTR FM NORMAL 64 LOWEST SLP 29.42 ON 5
[REMARKS]
#FINAL-04-22#