000
CXUS56 KEKA 022150
CF6ACV
PRELIMINARY LOCAL CLIMATOLOGICAL DATA (WS FORM: F-6)
STATION: ARCATA CA
MONTH: MARCH
YEAR: 2023
LATITUDE: 40 58 N
LONGITUDE: 124 6 W
TEMPERATURE IN F: :PCPN: SNOW: WIND :SUNSHINE: SKY :PK WND
================================================================================
1 2 3 4 5 6A 6B 7 8 9 10 11 12 13 14 15 16 17 18
12Z AVG MX 2MIN
DY MAX MIN AVG DEP HDD CDD WTR SNW DPTH SPD SPD DIR MIN PSBL S-S WX SPD DR
================================================================================
1 49 28 39 -10 26 0 0.00 M M 5.9 18 320 M M 1 18 24 310
2 48 30 39 -10 26 0 T M M 3.3 9 340 M M 6 18 14 330
3 48 30 39 -10 26 0 0.00 M M 4.9 16 320 M M 2 18 21 320
4 48 34 41 -8 24 0 0.89 M M 10.5 24 170 M M 9 1 40 190
5 48 38 43 -6 22 0 0.25 M M 9.6 23 290 M M 7 13 37 310
6 47 38 43 -6 22 0 0.30 M M 9.1 20 160 M M 8 1 27 120
7 47 36 42 -7 23 0 0.77 M M 7.7 20 180 M M 10 1 30 190
8 48 35 42 -7 23 0 0.19 M M 7.8 17 130 M M 7 1 27 150
9 54 43 49 0 16 0 1.17 M M 14.7 28 130 M M 10 1 50 130
10 51 37 44 -5 21 0 0.09 M M 8.1 20 230 M M 5 1 29 230
11 53 31 42 -7 23 0 0.11 M M 2.9 9 150 M M 6 1 14 180
12 63 49 56 7 9 0 1.14 M M 8.9 21 160 M M 10 1 30 150
13 56 45 51 2 14 0 1.83 M M 8.3 20 350 M M 10 1 29 340
14 48 43 46 -3 19 0 0.79 M M 7.3 21 330 M M 10 1 34 350
15 54 31 43 -6 22 0 0.00 M M 7.2 22 310 M M 0 1 27 310
16 53 33 43 -6 22 0 0.00 M M 4.0 10 210 M M 1 1 16 210
17 52 37 45 -4 20 0 0.00 M M 4.8 13 290 M M 3 1 16 290
18 59 36 48 -1 17 0 0.02 M M 2.6 12 270 M M 1 1 17 270
19 53 46 50 1 15 0 0.61 M M 5.7 17 290 M M 10 12 29 290
20 51 38 45 -4 20 0 0.03 M M 4.6 14 220 M M 5 19 240
21 56 36 46 -3 19 0 0.00 M M 2.8 9 320 M M 3 1 12 10
22 54 41 48 -1 17 0 0.01 M M 5.5 16 310 M M 9 18 20 320
23 50 38 44 -5 21 0 0.29 M M 5.4 20 310 M M 8 1 28 310
24 50 35 43 -6 22 0 0.12 M M 7.0 23 310 M M 6 1 33 310
25 48 33 41 -8 24 0 0.09 M M 5.7 16 300 M M 6 1 20 300
26 49 30 40 -9 25 0 0.03 M M 6.9 21 310 M M 2 1 25 320
27 52 33 43 -6 22 0 0.14 M M 12.1 36 150 M M 7 58 160
28 54 42 48 -2 17 0 0.65 M M 15.0 35 170 M M 9 18 46 180
29 56 38 47 -3 18 0 0.01 M M 10.2 23 330 M M 3 35 130
30 52 40 46 -4 19 0 0.00 M M 3.9 12 310 M M 10 16 270
31 57 45 51 1 14 0 T M M 10.3 20 200 M M 10 28 200
================================================================================
SM 1608 1149 628 0 9.53 M 222.7 M 194
================================================================================
AV 51.9 37.1 7.2 FASTST M M 6 MAX(MPH)
MISC ----> 36 150 58 160
================================================================================
NOTES:
# LAST OF SEVERAL OCCURRENCES
COLUMN 17 PEAK WIND IN M.P.H.
PRELIMINARY LOCAL CLIMATOLOGICAL DATA (WS FORM: F-6) , PAGE 2
STATION: ARCATA CA
MONTH: MARCH
YEAR: 2023
LATITUDE: 40 58 N
LONGITUDE: 124 6 W
[TEMPERATURE DATA] [PRECIPITATION DATA] SYMBOLS USED IN COLUMN 16
AVERAGE MONTHLY: 44.5 TOTAL FOR MONTH: 9.53 1 = FOG OR MIST
DPTR FM NORMAL: -4.5 DPTR FM NORMAL: 3.25 2 = FOG REDUCING VISIBILITY
HIGHEST: 63 ON 12 GRTST 24HR 2.42 ON 12-13 TO 1/4 MILE OR LESS
LOWEST: 28 ON 1 3 = THUNDER
SNOW, ICE PELLETS, HAIL 4 = ICE PELLETS
TOTAL MONTH: M 5 = HAIL
GRTST 24HR M ON M 6 = FREEZING RAIN OR DRIZZLE
GRTST DEPTH: M ON M 7 = DUSTSTORM OR SANDSTORM:
VSBY 1/2 MILE OR LESS
8 = SMOKE OR HAZE
[NO. OF DAYS WITH] [WEATHER - DAYS WITH] 9 = BLOWING SNOW
X = TORNADO
MAX 32 OR BELOW: 0 0.01 INCH OR MORE: 22
MAX 90 OR ABOVE: 0 0.10 INCH OR MORE: 15
MIN 32 OR BELOW: 6 0.50 INCH OR MORE: 8
MIN 0 OR BELOW: 0 1.00 INCH OR MORE: 3
[HDD (BASE 65) ]
TOTAL THIS MO. 628 CLEAR (SCALE 0-3) 6
DPTR FM NORMAL 134 PTCLDY (SCALE 4-7) 14
TOTAL FM JUL 1 3818 CLOUDY (SCALE 8-10) 11
DPTR FM NORMAL 348
[CDD (BASE 65) ]
TOTAL THIS MO. 0
DPTR FM NORMAL 0 [PRESSURE DATA]
TOTAL FM JAN 1 0 HIGHEST SLP 30.52 ON 24
DPTR FM NORMAL 0 LOWEST SLP 29.40 ON 21
[REMARKS]
#FINAL-03-23#