000
CXUS54 KLZK 011130
CF6ADF
PRELIMINARY LOCAL CLIMATOLOGICAL DATA (WS FORM: F-6)
STATION: Arkadelphia Airport
MONTH: OCTOBER
YEAR: 2020
LATITUDE: 34 9 N
LONGITUDE: 93 4 W
TEMPERATURE IN F: :PCPN: SNOW: WIND :SUNSHINE: SKY :PK WND
================================================================================
1 2 3 4 5 6A 6B 7 8 9 10 11 12 13 14 15 16 17 18
12Z AVG MX 2MIN
DY MAX MIN AVG DEP HDD CDD WTR SNW DPTH SPD SPD DIR MIN PSBL S-S WX SPD DR
================================================================================
1 74 52 63 -5 2 0 0.00 M M 2.6 8 20 M M 0 M M
2 69 45 57 -10 8 0 0.00 M M 1.5 7 20 M M 0 M M
3 72 45 59 -8 6 0 T M M 2.2 9 180 M M 1 M M
4 73 48 61 -6 4 0 0.00 M M 3.1 9 30 M M 2 M M
5 69 44 57 -9 8 0 0.00 M M 2.5 7 20 M M 0 8 M M
6 76 42 59 -7 6 0 0.00 M M 0.3 4 99 M M 1 128 M M
7 82 47 65 -1 0 0 0.00 M M 0.6 5 170 M M 0 8 M M
8 75 52 64 -1 1 0 0.00 M M 0.3 5 20 M M 4 18 M M
9 72 65 69 4 0 4 0.00 M M 3.5 10 30 M M 6 18 M M
10 81 64 73 9 0 8 T M M 8.5 15 340 M M 7 8 24 330
11 84 59 72 8 0 7 0.00 M M 0.5 5 340 M M 2 18 M M
12 81 48 65 1 0 0 0.00 M M 4.3 13 330 M M 4 128 20 330
13 77 43 60 -3 5 0 0.00 M M 0.8 5 99 M M 0 1 M M
14 79 42 61 -2 4 0 0.00 M M 2.3 10 180 M M 3 128 M M
15 64 52 58 -5 7 0 0.04 M M 3.2 9 30 M M 7 1 M M
16 67 41 54 -8 11 0 0.00 M M 2.9 10 20 M M 1 M M
17 69 37 53 -9 12 0 0.00 M M 3.0 10 160 M M 5 M M
18 82 58 70 8 0 5 T M M 2.7 12 200 M M 10 18 200
19 83 67 75 14 0 10 0.15 M M 4.7 12 200 M M 8 138 18 220
20 84 62 73 12 0 8 0.01 M M 2.4 9 190 M M 5 128 17 190
21 86 58 72 11 0 7 0.00 M M 1.6 8 160 M M 2 128 M M
22 85 58 72 12 0 7 0.00 M M 1.9 9 190 M M 3 128 17 190
23 80 53 67 7 0 2 0.08 M M 4.5 13 360 M M 7 138 M M
24 53 47 50 -10 15 0 T M M 5.6 13 10 M M 10 18 M M
25 56 48 52 -8 13 0 T M M 3.6 7 20 M M 10 8 M M
26 53 50 52 -7 13 0 0.04 M M 6.9 12 20 M M 9 18 18 20
27 51 46 49 -10 16 0 T M M 7.9 13 20 M M 10 18 18 20
28 55 49 52 -7 13 0 0.82 M M 4.7 10 20 M M 10 18 16 20
29 53 38 46 -12 19 0 T M M 8.5 16 240 M M 9 1 22 240
30 63 33 48 -10 17 0 0.00 M M 2.3 9 20 M M 1 128 M M
31 66 34 50 -8 15 0 0.00 M M 1.6 8 200 M M 1 18 M M
================================================================================
SM 2214 1527 195 58 1.14 M 101.0 M 138
================================================================================
AV 71.4 49.3 3.3 FASTST M M 4 MAX(MPH)
MISC ----> # 16 240 # 24 330
================================================================================
NOTES:
# LAST OF SEVERAL OCCURRENCES
COLUMN 17 PEAK WIND IN M.P.H.
PRELIMINARY LOCAL CLIMATOLOGICAL DATA (WS FORM: F-6) , PAGE 2
STATION: Arkadelphia Airport
MONTH: OCTOBER
YEAR: 2020
LATITUDE: 34 9 N
LONGITUDE: 93 4 W
[TEMPERATURE DATA] [PRECIPITATION DATA] SYMBOLS USED IN COLUMN 16
AVERAGE MONTHLY: 60.3 TOTAL FOR MONTH: 1.14 1 = FOG OR MIST
DPTR FM NORMAL: -2.2 DPTR FM NORMAL: -4.21 2 = FOG REDUCING VISIBILITY
HIGHEST: 86 ON 21 GRTST 24HR 0.82 ON 28-28 TO 1/4 MILE OR LESS
LOWEST: 33 ON 30 3 = THUNDER
SNOW, ICE PELLETS, HAIL 4 = ICE PELLETS
TOTAL MONTH: M 5 = HAIL
GRTST 24HR M ON M 6 = FREEZING RAIN OR DRIZZLE
GRTST DEPTH: M ON M 7 = DUSTSTORM OR SANDSTORM:
VSBY 1/2 MILE OR LESS
8 = SMOKE OR HAZE
[NO. OF DAYS WITH] [WEATHER - DAYS WITH] 9 = BLOWING SNOW
X = TORNADO
MAX 32 OR BELOW: 0 0.01 INCH OR MORE: 6
MAX 90 OR ABOVE: 0 0.10 INCH OR MORE: 2
MIN 32 OR BELOW: 0 0.50 INCH OR MORE: 1
MIN 0 OR BELOW: 0 1.00 INCH OR MORE: 0
[HDD (BASE 65) ]
TOTAL THIS MO. 195 CLEAR (SCALE 0-3) 15
DPTR FM NORMAL 54 PTCLDY (SCALE 4-7) 8
TOTAL FM JUL 1 199 CLOUDY (SCALE 8-10) 8
DPTR FM NORMAL 42
[CDD (BASE 65) ]
TOTAL THIS MO. 58
DPTR FM NORMAL -5 [PRESSURE DATA]
TOTAL FM JAN 1 1603 HIGHEST SLP M ON M
DPTR FM NORMAL -308 LOWEST SLP M ON M
[REMARKS]
#FINAL-10-20#