000
CXUS52 KCAE 011400
CF6AGS
PRELIMINARY LOCAL CLIMATOLOGICAL DATA (WS FORM: F-6)
STATION: AUGUSTA BUSH FIELD GA
MONTH: SEPTEMBER
YEAR: 2023
LATITUDE: 33 22 N
LONGITUDE: 81 58 W
TEMPERATURE IN F: :PCPN: SNOW: WIND :SUNSHINE: SKY :PK WND
================================================================================
1 2 3 4 5 6A 6B 7 8 9 10 11 12 13 14 15 16 17 18
12Z AVG MX 2MIN
DY MAX MIN AVG DEP HDD CDD WTR SNW DPTH SPD SPD DIR MIN PSBL S-S WX SPD DR
================================================================================
1 85 65 75 -5 0 10 0.00 0.0 0 4.8 15 60 M M 0 1 19 60
2 85 62 74 -6 0 9 0.00 0.0 0 2.1 12 50 M M 0 16 90
3 87 57 72 -8 0 7 0.00 0.0 0 0.7 8 330 M M 0 128 11 340
4 92 60 76 -3 0 11 0.00 0.0 0 1.6 9 140 M M 0 1 14 140
5 92 63 78 -1 0 13 0.00 0.0 0 2.2 13 240 M M 1 12 17 240
6 95 67 81 2 0 16 0.00 0.0 0 4.0 15 310 M M 0 12 19 290
7 93 69 81 2 0 16 0.02 0.0 0 4.0 24 270 M M 2 13 32 260
8 88 67 78 0 0 13 0.49 0.0 0 3.4 15 250 M M 2 13 20 240
9 87 64 76 -2 0 11 0.11 0.0 0 3.5 25 190 M M 1 123 32 180
10 89 67 78 0 0 13 0.09 0.0 0 2.4 17 10 M M 3 138 23 10
11 91 66 79 1 0 14 0.02 0.0 0 2.0 24 340 M M 2 1238 30 340
12 92 69 81 3 0 16 0.23 0.0 0 3.4 16 330 M M 4 13 19 320
13 87 68 78 1 0 13 2.08 0.0 0 3.0 21 350 M M 2 123 27 350
14 85 66 76 -1 0 11 0.47 0.0 0 2.1 15 130 M M 2 1 19 130
15 76 62 69 -8 0 4 T 0.0 0 2.3 9 210 M M 4 18 11 130
16 82 59 71 -5 0 6 0.00 0.0 0 2.0 10 150 M M 5 1 12 140
17 82 66 74 -2 0 9 1.07 0.0 0 3.6 14 280 M M 5 12 17 280
18 83 57 70 -6 0 5 0.00 0.0 0 3.9 14 300 M M 0 1 18 300
19 84 56 70 -6 0 5 0.00 0.0 0 1.2 8 110 M M 2 12 11 150
20 85 61 73 -2 0 8 0.00 0.0 0 2.1 12 70 M M 5 1 17 90
21 82 63 73 -2 0 8 0.00 0.0 0 5.5 16 60 M M 8 20 60
22 81 59 70 -5 0 5 0.00 0.0 0 8.1 20 40 M M 1 25 10
23 84 58 71 -3 0 6 0.00 0.0 0 5.3 16 310 M M 1 1 21 290
24 86 56 71 -3 0 6 0.00 0.0 0 2.7 12 260 M M 0 1 16 240
25 88 54 71 -3 0 6 0.00 0.0 0 2.3 12 240 M M 1 12 14 260
26 85 61 73 -1 0 8 0.59 0.0 0 2.1 20 190 M M 3 18 23 180
27 73 61 67 -6 0 2 0.07 0.0 0 6.6 15 40 M M 9 1 17 10
28 72 58 65 -8 0 0 0.00 0.0 0 5.2 13 360 M M 4 1 17 40
29 85 61 73 1 0 8 0.00 0.0 0 3.0 13 10 M M 2 1 16 20
30 85 58 72 0 0 7 0.00 0.0 0 2.3 9 60 M M 1 1 12 60
================================================================================
SM 2561 1860 0 266 5.24 0.0 97.4 M 70
================================================================================
AV 85.4 62.0 3.2 FASTST M M 2 MAX(MPH)
MISC ----> 25 190 # 32 260
================================================================================
NOTES:
# LAST OF SEVERAL OCCURRENCES
COLUMN 17 PEAK WIND IN M.P.H.
PRELIMINARY LOCAL CLIMATOLOGICAL DATA (WS FORM: F-6) , PAGE 2
STATION: AUGUSTA BUSH FIELD GA
MONTH: SEPTEMBER
YEAR: 2023
LATITUDE: 33 22 N
LONGITUDE: 81 58 W
[TEMPERATURE DATA] [PRECIPITATION DATA] SYMBOLS USED IN COLUMN 16
AVERAGE MONTHLY: 73.7 TOTAL FOR MONTH: 5.24 1 = FOG OR MIST
DPTR FM NORMAL: -2.7 DPTR FM NORMAL: 1.64 2 = FOG REDUCING VISIBILITY
HIGHEST: 95 ON 6 GRTST 24HR 2.54 ON 13-14 TO 1/4 MILE OR LESS
LOWEST: 54 ON 25 3 = THUNDER
SNOW, ICE PELLETS, HAIL 4 = ICE PELLETS
TOTAL MONTH: 0.0 INCH 5 = HAIL
GRTST 24HR 0.0 6 = FREEZING RAIN OR DRIZZLE
GRTST DEPTH: 0 7 = DUSTSTORM OR SANDSTORM:
VSBY 1/2 MILE OR LESS
8 = SMOKE OR HAZE
[NO. OF DAYS WITH] [WEATHER - DAYS WITH] 9 = BLOWING SNOW
X = TORNADO
MAX 32 OR BELOW: 0 0.01 INCH OR MORE: 11
MAX 90 OR ABOVE: 6 0.10 INCH OR MORE: 7
MIN 32 OR BELOW: 0 0.50 INCH OR MORE: 3
MIN 0 OR BELOW: 0 1.00 INCH OR MORE: 2
[HDD (BASE 65) ]
TOTAL THIS MO. 0 CLEAR (SCALE 0-3) 22
DPTR FM NORMAL -3 PTCLDY (SCALE 4-7) 7
TOTAL FM JUL 1 0 CLOUDY (SCALE 8-10) 1
DPTR FM NORMAL 0
[CDD (BASE 65) ]
TOTAL THIS MO. 266
DPTR FM NORMAL -79 [PRESSURE DATA]
TOTAL FM JAN 1 1841 HIGHEST SLP 30.23 ON 2
DPTR FM NORMAL -388 LOWEST SLP 29.79 ON 23
[REMARKS]
#FINAL-09-23#