857
CXUS52 KCAE 201536
CLAAGS
CLIMATE REPORT
NATIONAL WEATHER SERVICE COLUMBIA SC
1036 AM EST WED JAN 20 2021
...................................
...THE AUGUSTA BUSH FIELD GA CLIMATE SUMMARY FOR THE YEAR OF 2019...
CLIMATE NORMAL PERIOD: 1981 TO 2010
CLIMATE RECORD PERIOD: 1873 TO 2021
WEATHER OBSERVED NORMAL DEPART LAST YEAR`S
VALUE DATE(S) VALUE FROM VALUE DATE(S)
NORMAL
................................................................
TEMPERATURE (F)
RECORD
HIGH 108 08/10/2007
08/21/1983
LOW 01/21/1985
HIGHEST 101 08/14 MM MM 98 06/20
09/30
10/04
LOWEST 23 01/30 MM MM 14 01/07
01/26
AVG. MAXIMUM 79.9 76.9 3.0 77.7
AVG. MINIMUM 54.6 51.0 3.6 53.9
MEAN 67.2 63.9 3.3 65.8
DAYS MAX >= 90 123 82.0 41.0 108
DAYS MAX <= 32 0 0.3 -0.3 0
DAYS MIN <= 32 30 51.2 -21.2 46
DAYS MIN <= 0 0 0.0 0.0 0
PRECIPITATION (INCHES)
RECORD
MAXIMUM 73.82 1929
MINIMUM 28.05 1933
TOTALS 50.87 43.57 7.30 54.84
DAILY AVG. 0.14 0.12 0.02 0.15
DAYS >= .01 110 104.8 5.2 138
DAYS >= .10 74 67.9 6.1 84
DAYS >= .50 29 28.6 0.4 39
DAYS >= 1.00 15 12.4 2.6 18
GREATEST
24 HR. TOTAL 3.20 2.48 10/11 TO 10/11
STORM TOTAL MM MM
(MM/DD(HH)) MM
SNOWFALL (INCHES)
RECORDS
TOTAL 14.0 1973
24 HR TOTAL MM
SNOW DEPTH 14 02/10/1973
TOTALS 0.0 0.9 -0.9 T
LIQUID EQUIV 0.00 0.10 -0.10 MM
SINCE 7/1 0.0 0.1 -0.1 MM
LIQUID 7/1 0.00 0.00 0.00 MM
SNOWDEPTH AVG. 0 0
DAYS >= TRACE 0 0.4 -0.4 1
DAYS >= 1.0 0 0.3 -0.3 0
GREATEST
SNOW DEPTH 0 0 MM
24 HR TOTAL 0.0 T 01/17 TO 01/17
STORM TOTAL MM MM
(MM/DD(HH)) MM
DEGREE DAYS
HEATING TOTAL 1863 2470 -607 2181
SINCE 7/1 780 977 -197 852
COOLING TOTAL 2788 2088 700 2547
SINCE 1/1 2788 2089 699 2547
FREEZE DATES
RECORD
EARLIEST MM
LATEST MM
EARLIEST 11/03
LATEST 03/08
................................................................
WIND (MPH)
AVERAGE WIND SPEED 5.0
RESULTANT WIND SPEED/DIRECTION 0/270
HIGHEST WIND SPEED/DIRECTION 44/300 DATE 02/12
HIGHEST GUST SPEED/DIRECTION 56/290 DATE 02/12
SKY COVER
POSSIBLE SUNSHINE (PERCENT) MM
AVERAGE SKY COVER 0.33
NUMBER OF DAYS FAIR 209
NUMBER OF DAYS PC 103
NUMBER OF DAYS CLOUDY 53
AVERAGE RH (PERCENT) 68
WEATHER CONDITIONS. NUMBER OF DAYS WITH
THUNDERSTORM 58 MIXED PRECIP 0
HEAVY RAIN 54 RAIN 76
LIGHT RAIN 134 FREEZING RAIN 0
LT FREEZING RAIN 0 HAIL 0
HEAVY SNOW 0 SNOW 0
LIGHT SNOW 0 SLEET 0
FOG 256 FOG W/VIS <= 1/4 MILE 73
HAZE 81
- INDICATES NEGATIVE NUMBERS.
R INDICATES RECORD WAS SET OR TIED.
MM INDICATES DATA IS MISSING.
T INDICATES TRACE AMOUNT.
$$