000
CXUS52 KFFC 011010
CF6AHN
PRELIMINARY LOCAL CLIMATOLOGICAL DATA (WS FORM: F-6)
STATION: ATHENS
MONTH: JUNE
YEAR: 2023
LATITUDE: 33 57 N
LONGITUDE: 83 19 W
TEMPERATURE IN F: :PCPN: SNOW: WIND :SUNSHINE: SKY :PK WND
================================================================================
1 2 3 4 5 6A 6B 7 8 9 10 11 12 13 14 15 16 17 18
12Z AVG MX 2MIN
DY MAX MIN AVG DEP HDD CDD WTR SNW DPTH SPD SPD DIR MIN PSBL S-S WX SPD DR
================================================================================
1 82 61 72 -3 0 7 0.30 0.0 M 4.5 16 60 M M 2 22 50
2 85 62 74 -1 0 9 0.00 0.0 M 4.8 13 40 M M 1 1 17 40
3 88 60 74 -1 0 9 0.00 0.0 M 4.0 16 80 M M 0 22 80
4 84 63 74 -1 0 9 T 0.0 M 7.7 16 80 M M 3 22 80
5 83 59 71 -5 0 6 0.00 0.0 M 2.6 7 240 M M 5 1 13 200
6 90 66 78 2 0 13 T 0.0 M 4.3 15 310 M M 2 13 23 290
7 89 62 76 0 0 11 T 0.0 M 5.2 17 300 M M 1 3 24 310
8 84 63 74 -2 0 9 0.23 0.0 M 5.2 14 310 M M 4 13 20 320
9 82 60 71 -6 0 6 0.00 0.0 M 4.9 14 10 M M 1 20 20
10 84 55 70 -7 0 5 0.00 0.0 M 2.1 9 250 M M 1 15 250
11 80 65 73 -4 0 8 1.05 0.0 M 3.3 14 20 M M 6 13 21 10
12 82 64 73 -4 0 8 0.26 0.0 M 6.9 18 300 M M 5 13 28 310
13 79 60 70 -7 0 5 0.00 0.0 M 3.7 15 280 M M 1 25 300
14 79 65 72 -6 0 7 0.13 0.0 M 3.8 12 280 M M 6 13 20 180
15 82 66 74 -4 0 9 0.00 0.0 M 4.0 12 120 M M 8 3 18 220
16 86 63 75 -3 0 10 0.68 0.0 M 6.5 15 300 M M 3 13 24 300
17 89 65 77 -1 0 12 0.00 0.0 M 4.1 12 310 M M 0 19 330
18 88 61 75 -3 0 10 0.00 0.0 M 2.9 8 240 M M 0 1 16 260
19 81 68 75 -3 0 10 2.03 0.0 M 3.9 13 210 M M 8 1238 26 180
20 83 68 76 -3 0 11 T 0.0 M 4.0 13 330 M M 8 13 21 260
21 71 64 68 -11 0 3 1.88 0.0 M 10.2 21 60 M M 10 13 27 50
22 77 64 71 -8 0 6 1.07 0.0 M 6.2 14 80 M M 9 1 20 80
23 83 66 75 -4 0 10 0.03 0.0 M 2.9 14 310 M M 8 128 24 290
24 86 63 75 -4 0 10 T 0.0 M 3.7 16 330 M M 3 24 350
25 90 65 78 -1 0 13 0.29 0.0 M 3.7 24 330 M M 2 13 39 320
26 89 65 77 -3 0 12 0.00 0.0 M 4.7 10 240 M M 3 20 230
27 88 68 78 -2 0 13 0.00 0.0 M 5.9 21 300 M M 0 32 310
28 90 66 78 -2 0 13 0.00 0.0 M 2.8 8 320 M M 0 8 14 280
29 91 68 80 0 0 15 0.00 0.0 M 1.8 8 70 M M 2 13 180
30 82 71 77 -3 0 12 T 0.0 M 2.3 15 280 M M 2 18 23 300
================================================================================
SM 2527 1916 0 281 7.95 0.0 132.6 M 104
================================================================================
AV 84.2 63.9 4.4 FASTST M M 3 MAX(MPH)
MISC ----> 24 330 39 320
================================================================================
NOTES:
# LAST OF SEVERAL OCCURRENCES
COLUMN 17 PEAK WIND IN M.P.H.
PRELIMINARY LOCAL CLIMATOLOGICAL DATA (WS FORM: F-6) , PAGE 2
STATION: ATHENS
MONTH: JUNE
YEAR: 2023
LATITUDE: 33 57 N
LONGITUDE: 83 19 W
[TEMPERATURE DATA] [PRECIPITATION DATA] SYMBOLS USED IN COLUMN 16
AVERAGE MONTHLY: 74.0 TOTAL FOR MONTH: 7.95 1 = FOG OR MIST
DPTR FM NORMAL: -3.7 DPTR FM NORMAL: 3.07 2 = FOG REDUCING VISIBILITY
HIGHEST: 91 ON 29 GRTST 24HR 2.80 ON 21-22 TO 1/4 MILE OR LESS
LOWEST: 55 ON 10 3 = THUNDER
SNOW, ICE PELLETS, HAIL 4 = ICE PELLETS
TOTAL MONTH: 0.0 INCH 5 = HAIL
GRTST 24HR 0.0 6 = FREEZING RAIN OR DRIZZLE
GRTST DEPTH: M ON M 7 = DUSTSTORM OR SANDSTORM:
VSBY 1/2 MILE OR LESS
8 = SMOKE OR HAZE
[NO. OF DAYS WITH] [WEATHER - DAYS WITH] 9 = BLOWING SNOW
X = TORNADO
MAX 32 OR BELOW: 0 0.01 INCH OR MORE: 11
MAX 90 OR ABOVE: 4 0.10 INCH OR MORE: 10
MIN 32 OR BELOW: 0 0.50 INCH OR MORE: 5
MIN 0 OR BELOW: 0 1.00 INCH OR MORE: 4
[HDD (BASE 65) ]
TOTAL THIS MO. 0 CLEAR (SCALE 0-3) 18
DPTR FM NORMAL -1 PTCLDY (SCALE 4-7) 10
TOTAL FM JUL 1 2302 CLOUDY (SCALE 8-10) 2
DPTR FM NORMAL -367
[CDD (BASE 65) ]
TOTAL THIS MO. 281
DPTR FM NORMAL -101 [PRESSURE DATA]
TOTAL FM JAN 1 503 HIGHEST SLP 30.11 ON 30
DPTR FM NORMAL -142 LOWEST SLP 29.66 ON 7
[REMARKS]
#FINAL-06-23#