000
CXUS52 KFFC 011110
CF6AHN
PRELIMINARY LOCAL CLIMATOLOGICAL DATA (WS FORM: F-6)
STATION: ATHENS
MONTH: FEBRUARY
YEAR: 2020
LATITUDE: 33 57 N
LONGITUDE: 83 19 W
TEMPERATURE IN F: :PCPN: SNOW: WIND :SUNSHINE: SKY :PK WND
================================================================================
1 2 3 4 5 6A 6B 7 8 9 10 11 12 13 14 15 16 17 18
12Z AVG MX 2MIN
DY MAX MIN AVG DEP HDD CDD WTR SNW DPTH SPD SPD DIR MIN PSBL S-S WX SPD DR
================================================================================
1 55 40 48 3 17 0 0.00 0.0 0 5.0 15 280 M M 9 18 23 290
2 66 39 53 8 12 0 0.00 0.0 0 8.0 17 260 M M 0 27 280
3 79 39 59 14 6 0 0.00 0.0 0 5.6 13 270 M M 0 18 280
4 70 50 60 15 5 0 0.00 0.0 0 4.8 10 250 M M 4 17 270
5 66 60 63 18 2 0 0.50 0.0 0 6.2 16 130 M M 10 13 24 130
6 72 56 64 18 1 0 3.44 0.0 0 7.8 16 210 M M 10 138 27 220
7 56 33 45 -1 20 0 0.02 M 0 11.0 22 300 M M 6 34 250
8 37 27 32 -14 33 0 0.20 0.5 0 2.6 8 80 M M 7 12 9 90
9 49 31 40 -6 25 0 0.00 0.0 0 4.3 9 50 M M 7 128 11 40
10 53 34 44 -2 21 0 0.91 M 0 5.0 15 340 M M 7 1 21 330
11 75 52 64 18 1 0 0.16 0.0 0 7.0 17 240 M M 8 1 29 240
12 71 54 63 16 2 0 0.00 0.0 0 3.2 9 190 M M 8 1 14 200
13 70 46 58 11 7 0 0.72 M 0 10.4 22 300 M M 6 1 28 290
14 61 37 49 2 16 0 0.00 0.0 0 6.7 14 330 M M 0 20 310
15 56 34 45 -2 20 0 0.00 0.0 0 7.8 22 70 M M 0 26 80
16 45 36 41 -6 24 0 0.21 M 0 3.4 10 320 M M 9 1 13 320
17 56 43 50 2 15 0 0.00 0.0 0 2.9 8 80 M M 10 12 11 80
18 60 53 57 9 8 0 2.09 0.0 0 3.0 10 10 M M 10 1 14 360
19 59 49 54 6 11 0 0.20 0.0 0 6.5 16 90 M M 10 1 21 70
20 49 38 44 -4 21 0 1.08 0.0 0 8.9 18 60 M M 10 1 26 50
21 51 32 42 -7 23 0 0.00 0.0 0 6.1 16 60 M M 4 20 60
22 59 25 42 -7 23 0 0.00 0.0 0 1.4 8 270 M M 0 13 220
23 63 31 47 -2 18 0 0.00 0.0 0 2.7 8 240 M M 3 12 250
24 51 45 48 -1 17 0 1.44 0.0 0 5.6 13 100 M M 10 1 17 110
25 69 49 59 9 6 0 0.08 M 0 2.6 12 120 M M 6 1 16 120
26 60 40 50 0 15 0 0.00 0.0 0 7.0 24 300 M M 2 1 34 270
27 51 35 43 -7 22 0 0.00 0.0 0 9.5 21 300 M M 2 30 290
28 55 32 44 -6 21 0 0.00 0.0 0 7.3 20 280 M M 3 31 270
29 57 33 45 -5 20 0 0.00 0.0 0 8.4 21 270 M M 1 31 260
================================================================================
SM 1721 1173 432 0 11.05 0.5 170.7 M 162
================================================================================
AV 59.3 40.5 5.9 FASTST M M 6 MAX(MPH)
MISC ----> # 24 300 # 34 250
================================================================================
NOTES:
# LAST OF SEVERAL OCCURRENCES
COLUMN 17 PEAK WIND IN M.P.H.
PRELIMINARY LOCAL CLIMATOLOGICAL DATA (WS FORM: F-6) , PAGE 2
STATION: ATHENS
MONTH: FEBRUARY
YEAR: 2020
LATITUDE: 33 57 N
LONGITUDE: 83 19 W
[TEMPERATURE DATA] [PRECIPITATION DATA] SYMBOLS USED IN COLUMN 16
AVERAGE MONTHLY: 49.9 TOTAL FOR MONTH: 11.05 1 = FOG OR MIST
DPTR FM NORMAL: 2.7 DPTR FM NORMAL: 6.57 2 = FOG REDUCING VISIBILITY
HIGHEST: 79 ON 3 GRTST 24HR 3.44 ON 6- 6 TO 1/4 MILE OR LESS
LOWEST: 25 ON 22 3 = THUNDER
SNOW, ICE PELLETS, HAIL 4 = ICE PELLETS
TOTAL MONTH: 0.5 INCH 5 = HAIL
GRTST 24HR 0.5 ON 8- 8 6 = FREEZING RAIN OR DRIZZLE
GRTST DEPTH: 0 7 = DUSTSTORM OR SANDSTORM:
VSBY 1/2 MILE OR LESS
8 = SMOKE OR HAZE
[NO. OF DAYS WITH] [WEATHER - DAYS WITH] 9 = BLOWING SNOW
X = TORNADO
MAX 32 OR BELOW: 0 0.01 INCH OR MORE: 13
MAX 90 OR ABOVE: 0 0.10 INCH OR MORE: 11
MIN 32 OR BELOW: 6 0.50 INCH OR MORE: 7
MIN 0 OR BELOW: 0 1.00 INCH OR MORE: 4
[HDD (BASE 65) ]
TOTAL THIS MO. 432 CLEAR (SCALE 0-3) 10
DPTR FM NORMAL -66 PTCLDY (SCALE 4-7) 9
TOTAL FM JUL 1 1811 CLOUDY (SCALE 8-10) 10
DPTR FM NORMAL -459
[CDD (BASE 65) ]
TOTAL THIS MO. 0
DPTR FM NORMAL -1 [PRESSURE DATA]
TOTAL FM JAN 1 1 HIGHEST SLP 30.56 ON 9
DPTR FM NORMAL 0 LOWEST SLP 29.29 ON 6
[REMARKS]
#FINAL-02-20#