000
CXUS52 KFFC 011010
CF6AHN
PRELIMINARY LOCAL CLIMATOLOGICAL DATA (WS FORM: F-6)
STATION: ATHENS
MONTH: SEPTEMBER
YEAR: 2023
LATITUDE: 33 57 N
LONGITUDE: 83 19 W
TEMPERATURE IN F: :PCPN: SNOW: WIND :SUNSHINE: SKY :PK WND
================================================================================
1 2 3 4 5 6A 6B 7 8 9 10 11 12 13 14 15 16 17 18
12Z AVG MX 2MIN
DY MAX MIN AVG DEP HDD CDD WTR SNW DPTH SPD SPD DIR MIN PSBL S-S WX SPD DR
================================================================================
1 82 66 74 -4 0 9 0.00 0.0 M 7.6 16 60 M M 1 22 80
2 84 63 74 -3 0 9 0.00 0.0 M 4.2 15 60 M M 0 23 60
3 87 60 74 -3 0 9 0.00 0.0 M 1.2 8 50 M M 0 13 100
4 91 62 77 0 0 12 0.00 0.0 M 1.4 7 230 M M 0 1 11 290
5 88 64 76 -1 0 11 0.00 0.0 M 1.3 9 290 M M 0 1 15 280
6 94 65 80 3 0 15 0.00 0.0 M 3.5 14 290 M M 0 1 22 290
7 95 70 83 7 0 18 0.00 0.0 M 3.8 14 190 M M 2 3 26 200
8 89 65 77 1 0 12 0.00 0.0 M 2.9 8 140 M M 5 16 140
9 89 65 77 1 0 12 0.00 0.0 M 4.2 12 80 M M 6 16 80
10 87 63 75 -1 0 10 0.00 0.0 M 2.6 12 10 M M 4 1 15 340
11 93 64 79 4 0 14 0.00 0.0 M 1.9 8 80 M M 2 1 11 360
12 93 66 80 5 0 15 T 0.0 M 2.5 17 320 M M 2 13 30 320
13 91 66 79 4 0 14 0.01 0.0 M 2.9 13 60 M M 4 13 17 60
14 84 66 75 0 0 10 0.00 0.0 M 6.4 14 60 M M 5 19 30
15 81 65 73 -1 0 8 0.01 0.0 M 4.2 12 60 M M 9 17 60
16 77 61 69 -5 0 4 0.12 0.0 M 2.4 9 330 M M 8 1 14 160
17 84 61 73 -1 0 8 0.04 0.0 M 5.2 15 300 M M 6 1 24 290
18 82 57 70 -3 0 5 0.00 0.0 M 4.6 13 350 M M 1 20 280
19 85 55 70 -3 0 5 0.00 0.0 M 0.8 9 100 M M 1 1 14 110
20 84 57 71 -2 0 6 0.00 0.0 M 2.9 12 90 M M 2 1 16 80
21 83 59 71 -1 0 6 0.00 0.0 0 5.6 16 80 M M 3 1 22 60
22 82 59 71 -1 0 6 0.00 0.0 M 7.2 20 60 M M 2 8 28 50
23 85 56 71 -1 0 6 0.00 0.0 M 5.1 12 320 M M 0 19 300
24 88 57 73 1 0 8 0.00 0.0 M 2.7 10 310 M M 0 17 340
25 89 58 74 3 0 9 0.00 0.0 M 2.0 10 330 M M 0 17 330
26 84 66 75 4 0 10 0.00 0.0 M 7.1 13 60 M M 2 18 80
27 73 60 67 -3 0 2 T 0.0 M 8.9 15 60 M M 10 26 60
28 78 57 68 -2 0 3 0.00 0.0 M 5.4 17 60 M M 4 24 30
29 85 56 71 1 0 6 0.00 0.0 0 2.4 9 40 M M 0 14 110
30 88 58 73 3 0 8 0.00 0.0 M 2.4 10 90 M M 1 16 50
================================================================================
SM 2575 1847 0 270 0.18 0.0 115.3 M 80
================================================================================
AV 85.8 61.6 3.8 FASTST M M 3 MAX(MPH)
MISC ----> 20 60 30 320
================================================================================
NOTES:
# LAST OF SEVERAL OCCURRENCES
COLUMN 17 PEAK WIND IN M.P.H.
PRELIMINARY LOCAL CLIMATOLOGICAL DATA (WS FORM: F-6) , PAGE 2
STATION: ATHENS
MONTH: SEPTEMBER
YEAR: 2023
LATITUDE: 33 57 N
LONGITUDE: 83 19 W
[TEMPERATURE DATA] [PRECIPITATION DATA] SYMBOLS USED IN COLUMN 16
AVERAGE MONTHLY: 73.7 TOTAL FOR MONTH: 0.18 1 = FOG OR MIST
DPTR FM NORMAL: -0.2 DPTR FM NORMAL: -3.71 2 = FOG REDUCING VISIBILITY
HIGHEST: 95 ON 7 GRTST 24HR 0.16 ON 16-17 TO 1/4 MILE OR LESS
LOWEST: 55 ON 19 3 = THUNDER
SNOW, ICE PELLETS, HAIL 4 = ICE PELLETS
TOTAL MONTH: 0.0 INCH 5 = HAIL
GRTST 24HR 0.0 6 = FREEZING RAIN OR DRIZZLE
GRTST DEPTH: 0 7 = DUSTSTORM OR SANDSTORM:
VSBY 1/2 MILE OR LESS
8 = SMOKE OR HAZE
[NO. OF DAYS WITH] [WEATHER - DAYS WITH] 9 = BLOWING SNOW
X = TORNADO
MAX 32 OR BELOW: 0 0.01 INCH OR MORE: 4
MAX 90 OR ABOVE: 6 0.10 INCH OR MORE: 1
MIN 32 OR BELOW: 0 0.50 INCH OR MORE: 0
MIN 0 OR BELOW: 0 1.00 INCH OR MORE: 0
[HDD (BASE 65) ]
TOTAL THIS MO. 0 CLEAR (SCALE 0-3) 20
DPTR FM NORMAL -7 PTCLDY (SCALE 4-7) 8
TOTAL FM JUL 1 0 CLOUDY (SCALE 8-10) 2
DPTR FM NORMAL -4
[CDD (BASE 65) ]
TOTAL THIS MO. 270
DPTR FM NORMAL -5 [PRESSURE DATA]
TOTAL FM JAN 1 1730 HIGHEST SLP 30.26 ON 2
DPTR FM NORMAL -145 LOWEST SLP 29.79 ON 7
[REMARKS]
#FINAL-09-23#