000
CXUS55 KCYS 012010
CF6AIA
PRELIMINARY LOCAL CLIMATOLOGICAL DATA (WS FORM: F-6)
STATION: ALLIANCE NEBRASKA AIRPORT
MONTH: APRIL
YEAR: 2023
LATITUDE: 42 2 N
LONGITUDE: 102 48 W
TEMPERATURE IN F: :PCPN: SNOW: WIND :SUNSHINE: SKY :PK WND
================================================================================
1 2 3 4 5 6A 6B 7 8 9 10 11 12 13 14 15 16 17 18
12Z AVG MX 2MIN
DY MAX MIN AVG DEP HDD CDD WTR SNW DPTH SPD SPD DIR MIN PSBL S-S WX SPD DR
================================================================================
1 63 12 38 -3 27 0 0.00 M M 9.4 33 270 M M 3 1 44 270
2 60 25 43 2 22 0 0.00 M M 10.7 38 280 M M 4 47 280
3 41 28 35 -7 30 0 T M M 19.9 36 70 M M 10 45 60
4 28 18 23 -19 42 0 M M M 20.5 30 340 M M 9 16 40 340
5 34 15 25 -17 40 0 T M M 15.1 29 300 M M 2 18 37 300
6 48 18 33 -9 32 0 0.00 M M 12.1 31 250 M M 0 38 260
7 66 16 41 -1 24 0 0.00 M M 6.1 15 140 M M 0 22 190
8 72 21 47 5 18 0 0.00 M M 8.2 28 310 M M 3 43 310
9 67 23 45 3 20 0 0.00 M M 9.0 17 290 M M 0 24 300
10 76 22 49 7 16 0 0.00 M M 7.2 15 270 M M 0 21 270
11 89 36 63 20 2 0 0.00 M M 10.1 24 200 M M 0 35 230
12 90 31 61 18 4 0 0.00 M M 8.9 28 200 M M 0 37 220
13 82 42 62 19 3 0 0.02 M M 11.6 31 340 M M 2 38 340
14 45 33 39 -4 26 0 0.26 M M 12.8 24 340 M M 10 1 33 360
15 51 22 37 -6 28 0 T M M 12.9 26 330 M M 7 38 310
16 58 18 38 -5 27 0 0.00 M M 8.2 14 300 M M 0 20 300
17 75 27 51 7 14 0 0.00 M M 7.1 18 300 M M 0 26 300
18 73 36 55 11 10 0 T M M 14.4 38 310 M M 1 38 54 190
19 56 28 42 -2 23 0 0.01 M M 10.7 36 270 M M 5 1 47 270
20 50 25 38 -6 27 0 0.01 M M 15.7 37 300 M M 4 8 47 300
21 48 25 37 -7 28 0 0.00 M M 20.2 33 310 M M 2 53 340
22 44 17 31 -13 34 0 0.00 M M 10.2 20 330 M M 6 26 350
23 59 18 39 -6 26 0 0.00 M M 5.4 15 310 M M 3 25 320
24 69 21 45 0 20 0 0.00 M M 9.4 21 150 M M 1 27 140
25 58 32 45 0 20 0 0.00 M M 13.6 25 130 M M 7 1 32 150
26 65 36 51 5 14 0 T M M 9.7 18 180 M M 6 1 24 180
27 67 38 53 7 12 0 0.01 M M 13.4 40 330 M M 4 38 54 330
28 57 27 42 -4 23 0 T M M 14.5 26 330 M M 6 36 340
29 69 25 47 1 18 0 0.00 M M 15.5 33 320 M M 3 46 350
30 61 20 41 -6 24 0 0.00 M M 9.3 18 340 M M 1 26 360
================================================================================
SM 1821 755 654 0 0.31 M 351.8 M 99
================================================================================
AV 60.7 25.2 11.7 FASTST M M 3 MAX(MPH)
MISC ----> 40 330 # 54 190
================================================================================
NOTES:
# LAST OF SEVERAL OCCURRENCES
COLUMN 17 PEAK WIND IN M.P.H.
PRELIMINARY LOCAL CLIMATOLOGICAL DATA (WS FORM: F-6) , PAGE 2
STATION: ALLIANCE NEBRASKA AIRPORT
MONTH: APRIL
YEAR: 2023
LATITUDE: 42 2 N
LONGITUDE: 102 48 W
[TEMPERATURE DATA] [PRECIPITATION DATA] SYMBOLS USED IN COLUMN 16
AVERAGE MONTHLY: 42.9 TOTAL FOR MONTH: 0.31 1 = FOG OR MIST
DPTR FM NORMAL: -0.7 DPTR FM NORMAL: -1.41 2 = FOG REDUCING VISIBILITY
HIGHEST: 90 ON 12 GRTST 24HR 0.28 ON 13-14 TO 1/4 MILE OR LESS
LOWEST: 12 ON 1 3 = THUNDER
SNOW, ICE PELLETS, HAIL 4 = ICE PELLETS
TOTAL MONTH: M 5 = HAIL
GRTST 24HR M ON M 6 = FREEZING RAIN OR DRIZZLE
GRTST DEPTH: M ON M 7 = DUSTSTORM OR SANDSTORM:
VSBY 1/2 MILE OR LESS
8 = SMOKE OR HAZE
[NO. OF DAYS WITH] [WEATHER - DAYS WITH] 9 = BLOWING SNOW
X = TORNADO
MAX 32 OR BELOW: 1 0.01 INCH OR MORE: 5
MAX 90 OR ABOVE: 1 0.10 INCH OR MORE: 1
MIN 32 OR BELOW: 24 0.50 INCH OR MORE: 0
MIN 0 OR BELOW: 0 1.00 INCH OR MORE: 0
[HDD (BASE 65) ]
TOTAL THIS MO. 654 CLEAR (SCALE 0-3) 17
DPTR FM NORMAL 10 PTCLDY (SCALE 4-7) 10
TOTAL FM JUL 1 7087 CLOUDY (SCALE 8-10) 3
DPTR FM NORMAL 144
[CDD (BASE 65) ]
TOTAL THIS MO. 0
DPTR FM NORMAL 0 [PRESSURE DATA]
TOTAL FM JAN 1 0 HIGHEST SLP 30.34 ON 6
DPTR FM NORMAL 0 LOWEST SLP 29.28 ON 13
[REMARKS]
#FINAL-04-23#
APRIL 4...INVALIDATED ASOS PRECIPITATION SINCE OBSERVATION OF A TRACE DID NOT
ALIGN WITH VISIBILITY AND OTHER REPORTS FROM THE AREA.
APRIL 11...RECORD HIGH TEMPERATURE 89F (PREVIOUS: 86F IN 1996)
APRIL 12...RECORD HIGH TEMPERATURE 90F (PREVIOUS: 84F IN 1931)