000
CXUS53 KGRB 070021
CF6AIG
PRELIMINARY LOCAL CLIMATOLOGICAL DATA (WS FORM: F-6)
STATION: ANTIGO AWOS
MONTH: MAY
YEAR: 2023
LATITUDE: 45 9 N
LONGITUDE: 89 8 W
TEMPERATURE IN F: :PCPN: SNOW: WIND :SUNSHINE: SKY :PK WND
================================================================================
1 2 3 4 5 6A 6B 7 8 9 10 11 12 13 14 15 16 17 18
12Z AVG MX 2MIN
DY MAX MIN AVG DEP HDD CDD WTR SNW DPTH SPD SPD DIR MIN PSBL S-S WX SPD DR
================================================================================
1 39 32 36 -12 29 0 0.01 M M 22.4 29 330 M M 10 39 330
2 42 32 37 -11 28 0 M M M 19.8 30 340 M M 8 40 330
3 56 30 43 -6 22 0 M M M 7.3 14 340 M M 6 18 340
4 66 36 51 2 14 0 M M M 11.0 23 140 M M 6 26 140
5 55 41 48 -2 17 0 0.15 M M 9.0 16 100 M M 6 23 110
6 55 46 51 1 14 0 0.49 M M 10.8 17 110 M M 10 1 29 360
7 72 47 60 10 5 0 0.05 M M 5.3 15 100 M M 8 1 20 100
8 56 46 51 1 14 0 M M M 6.8 14 90 M M 8 1 20 90
9 71 40 56 5 9 0 M M M 2.1 10 250 M M 2 1 M M
10 75 51 63 12 2 0 M M M 3.1 10 230 M M 4 M M
11 79 46 63 12 2 0 M M M 3.9 12 240 M M 2 16 240
12 73 52 63 11 2 0 M M M 2.3 8 180 M M 5 M M
13 73 55 64 12 1 0 M M M 10.3 14 110 M M 7 22 80
14 63 43 53 1 12 0 M M M 7.0 12 90 M M 1 16 70
15 74 32 53 0 12 0 M M M 5.0 10 310 M M 0 18 280
16 73 45 59 6 6 0 M M M 9.0 16 360 M M 0 22 10
17 59 31 45 -8 20 0 M M M 5.5 12 90 M M 0 M M
18 68 36 52 -2 13 0 0.45 M M 8.8 16 190 M M 3 23 160
19 57 44 51 -3 14 0 M M M 10.6 20 340 M M 9 1 25 330
20 71 37 54 0 11 0 M M M 7.7 14 350 M M 1 23 280
21 73 41 57 3 8 0 M M M 3.1 13 120 M M 0 17 110
22 75 47 61 6 4 0 M M M 5.4 10 250 M M 0 18 210
23 78 46 62 7 3 0 M M M 5.6 14 50 M M 0 18 210
24 64 46 55 0 10 0 M M M 11.3 18 50 M M 3 22 50
25 66 38 52 -4 13 0 M M M 7.4 12 130 M M 0 M M
26 73 32 53 -3 12 0 M M M 2.5 7 170 M M 0 22 170
27 76 38 57 1 8 0 M M M 4.1 9 140 M M 0 M M
28 77 40 59 3 6 0 M M M 2.8 10 170 M M 0 17 160
29 80 45 63 6 2 0 M M M 3.5 12 120 M M 0 16 130
30 83 49 66 9 0 1 M M M 6.5 13 160 M M 0 8 23 170
31 86 57 72 15 0 7 M M M 6.8 14 150 M M 2 21 150
================================================================================
SM 2108 1301 313 8 1.15 M 226.7 M 101
================================================================================
AV 68.0 42.0 7.3 FASTST M M 3 MAX(MPH)
MISC ----> 30 340 40 330
================================================================================
NOTES:
# LAST OF SEVERAL OCCURRENCES
COLUMN 17 PEAK WIND IN M.P.H.
PRELIMINARY LOCAL CLIMATOLOGICAL DATA (WS FORM: F-6) , PAGE 2
STATION: ANTIGO AWOS
MONTH: MAY
YEAR: 2023
LATITUDE: 45 9 N
LONGITUDE: 89 8 W
[TEMPERATURE DATA] [PRECIPITATION DATA] SYMBOLS USED IN COLUMN 16
AVERAGE MONTHLY: 55.0 TOTAL FOR MONTH: 1.15 1 = FOG OR MIST
DPTR FM NORMAL: 2.1 DPTR FM NORMAL: -2.06 2 = FOG REDUCING VISIBILITY
HIGHEST: 86 ON 31 GRTST 24HR 0.49 ON 6- 6 TO 1/4 MILE OR LESS
LOWEST: 30 ON 3 3 = THUNDER
SNOW, ICE PELLETS, HAIL 4 = ICE PELLETS
TOTAL MONTH: M 5 = HAIL
GRTST 24HR M ON M 6 = FREEZING RAIN OR DRIZZLE
GRTST DEPTH: M ON M 7 = DUSTSTORM OR SANDSTORM:
VSBY 1/2 MILE OR LESS
8 = SMOKE OR HAZE
[NO. OF DAYS WITH] [WEATHER - DAYS WITH] 9 = BLOWING SNOW
X = TORNADO
MAX 32 OR BELOW: 0 0.01 INCH OR MORE: 5
MAX 90 OR ABOVE: 0 0.10 INCH OR MORE: 3
MIN 32 OR BELOW: 6 0.50 INCH OR MORE: 0
MIN 0 OR BELOW: 0 1.00 INCH OR MORE: 0
[HDD (BASE 65) ]
TOTAL THIS MO. 313 CLEAR (SCALE 0-3) 18
DPTR FM NORMAL -72 PTCLDY (SCALE 4-7) 10
TOTAL FM JUL 1 8263 CLOUDY (SCALE 8-10) 3
DPTR FM NORMAL -697
[CDD (BASE 65) ]
TOTAL THIS MO. 8
DPTR FM NORMAL 0 [PRESSURE DATA]
TOTAL FM JAN 1 9 HIGHEST SLP M ON M
DPTR FM NORMAL 0 LOWEST SLP M ON M
[REMARKS]
#FINAL-05-23#