000
CXUS53 KGRB 181401
CF6AIG
PRELIMINARY LOCAL CLIMATOLOGICAL DATA (WS FORM: F-6)
STATION: ANTIGO AWOS
MONTH: APRIL
YEAR: 2020
LATITUDE: 45 9 N
LONGITUDE: 89 8 W
TEMPERATURE IN F: :PCPN: SNOW: WIND :SUNSHINE: SKY :PK WND
================================================================================
1 2 3 4 5 6A 6B 7 8 9 10 11 12 13 14 15 16 17 18
12Z AVG MX 2MIN
DY MAX MIN AVG DEP HDD CDD WTR SNW DPTH SPD SPD DIR MIN PSBL S-S WX SPD DR
================================================================================
1 50 29 40 6 25 0 0.00 0.0 0 3.8 8 170 M M 4 M M
2 56 28 42 7 23 0 0.00 0.0 0 5.4 13 140 M M 2 M M
3 56 34 45 10 20 0 0.04 M 0 9.0 15 300 M M 9 23 300
4 45 25 35 -1 30 0 0.00 0.0 0 9.4 16 330 M M 3 24 330
5 52 24 38 2 27 0 0.00 0.0 0 5.5 9 210 M M 0 M M
6 54 32 43 6 22 0 0.00 0.0 0 5.7 13 150 M M 7 16 160
7 54 37 46 9 19 0 0.01 M 0 4.3 10 290 M M 9 12 M M
8 58 31 45 7 20 0 0.00 0.0 0 8.4 20 270 M M 6 12 31 300
9 40 29 35 -3 30 0 0.02 M 0 15.2 23 340 M M 6 31 340
10 43 29 36 -3 29 0 0.00 0.0 0 9.4 16 300 M M 7 20 310
11 56 24 40 1 25 0 0.00 0.0 0 4.6 12 240 M M 1 21 240
12 42 28 35 -5 30 0 0.20 M 0 13.3 20 10 M M 10 1 24 30
13 32 23 28 -12 37 0 0.00 0.0 0 16.7 23 310 M M 9 36 290
14 26 17 22 -19 43 0 0.00 0.0 0 11.0 17 270 M M 6 25 270
15 28 4 16 -25 49 0 0.00 0.0 0 5.4 12 300 M M 4 1 17 270
16 37 16 27 -15 38 0 0.00 0.0 0 10.3 17 300 M M 2 28 310
17 44 20 32 -10 33 0 0.00 0.0 0 5.9 15 250 M M 3 21 250
18 58 28 43 0 22 0 0.00 0.0 0 13.8 25 230 M M 3 33 230
19 47 31 39 -4 26 0 0.00 0.0 0 9.4 15 290 M M 4 21 330
20 51 26 39 -5 26 0 0.09 M 0 13.9 25 250 M M 5 33 340
21 38 23 31 -13 34 0 0.00 0.0 0 12.5 18 340 M M 3 27 330
22 42 25 34 -11 31 0 0.00 0.0 0 12.6 17 140 M M 7 23 120
23 39 28 34 -11 31 0 0.00 0.0 0 7.6 10 100 M M 10 16 80
24 59 30 45 0 20 0 0.00 0.0 0 2.8 12 150 M M 5 M M
25 61 30 46 0 19 0 0.00 0.0 0 2.5 9 160 M M 3 M M
26 61 31 46 0 19 0 0.00 0.0 0 4.7 12 140 M M 1 M M
27 51 40 46 -1 19 0 0.27 M 0 6.2 16 150 M M 8 12 M M
28 45 39 42 -5 23 0 0.23 M 0 10.1 21 40 M M 10 12 29 100
29 45 41 43 -4 22 0 0.27 M 0 21.3 32 40 M M 10 39 40
30 60 37 49 1 16 0 0.00 0.0 0 13.5 20 360 M M 0 33 10
================================================================================
SM 1430 839 808 0 1.13 0.0 274.2 M 157
================================================================================
AV 47.7 28.0 9.1 FASTST M M 5 MAX(MPH)
MISC ----> # 32 40 # 39 40
================================================================================
NOTES:
# LAST OF SEVERAL OCCURRENCES
COLUMN 17 PEAK WIND IN M.P.H.
PRELIMINARY LOCAL CLIMATOLOGICAL DATA (WS FORM: F-6) , PAGE 2
STATION: ANTIGO AWOS
MONTH: APRIL
YEAR: 2020
LATITUDE: 45 9 N
LONGITUDE: 89 8 W
[TEMPERATURE DATA] [PRECIPITATION DATA] SYMBOLS USED IN COLUMN 16
AVERAGE MONTHLY: 37.8 TOTAL FOR MONTH: 1.13 1 = FOG OR MIST
DPTR FM NORMAL: -3.6 DPTR FM NORMAL: -1.25 2 = FOG REDUCING VISIBILITY
HIGHEST: 61 ON 26,25 GRTST 24HR 0.27 ON 29-29 TO 1/4 MILE OR LESS
LOWEST: 4 ON 15 3 = THUNDER
SNOW, ICE PELLETS, HAIL 4 = ICE PELLETS
TOTAL MONTH: 0.0 INCH 5 = HAIL
GRTST 24HR 0.0 6 = FREEZING RAIN OR DRIZZLE
GRTST DEPTH: 0 7 = DUSTSTORM OR SANDSTORM:
VSBY 1/2 MILE OR LESS
8 = SMOKE OR HAZE
[NO. OF DAYS WITH] [WEATHER - DAYS WITH] 9 = BLOWING SNOW
X = TORNADO
MAX 32 OR BELOW: 3 0.01 INCH OR MORE: 8
MAX 90 OR ABOVE: 0 0.10 INCH OR MORE: 4
MIN 32 OR BELOW: 24 0.50 INCH OR MORE: 0
MIN 0 OR BELOW: 0 1.00 INCH OR MORE: 0
[HDD (BASE 65) ]
TOTAL THIS MO. 808 CLEAR (SCALE 0-3) 8
DPTR FM NORMAL 97 PTCLDY (SCALE 4-7) 14
TOTAL FM JUL 1 8267 CLOUDY (SCALE 8-10) 8
DPTR FM NORMAL -308
[CDD (BASE 65) ]
TOTAL THIS MO. 0
DPTR FM NORMAL -1 [PRESSURE DATA]
TOTAL FM JAN 1 0 HIGHEST SLP M ON M
DPTR FM NORMAL -1 LOWEST SLP M ON M
[REMARKS]
#FINAL-04-20#