000
CXUS56 KSGX 011045
CF6AJO
PRELIMINARY LOCAL CLIMATOLOGICAL DATA (WS FORM: F-6)
STATION: CORONA AIRPORT CA
MONTH: SEPTEMBER
YEAR: 2021
LATITUDE: 33 53 N
LONGITUDE: 117-36 E
TEMPERATURE IN F: :PCPN: SNOW: WIND :SUNSHINE: SKY :PK WND
================================================================================
1 2 3 4 5 6A 6B 7 8 9 10 11 12 13 14 15 16 17 18
12Z AVG MX 2MIN
DY MAX MIN AVG DEP HDD CDD WTR SNW DPTH SPD SPD DIR MIN PSBL S-S WX SPD DR
================================================================================
1 78 62 70 M 0 5 0.00 M M 7.4 14 250 M M 6 17 270
2 83 58 71 M 0 6 0.00 M M 4.5 15 280 M M 3 18 280
3 90 55 73 M 0 8 0.00 M M 4.9 15 290 M M 0 1 22 290
4 100 54 77 M 0 12 0.00 M M 3.9 14 270 M M 0 20 250
5 103 56 80 M 0 15 0.00 M M 5.8 16 280 M M 0 22 280
6 91 62 77 M 0 12 0.00 M M 7.2 18 270 M M 0 24 270
7 91 62 77 M 0 12 0.00 M M 6.3 14 280 M M 0 21 290
8 92 61 77 M 0 12 0.00 M M 6.6 13 280 M M 0 16 280
9 95 66 81 M 0 16 0.00 M M 6.2 16 290 M M 0 26 290
10 95 69 82 M 0 17 0.00 M M 6.0 16 300 M M 0 22 270
11 97 63 80 M 0 15 0.00 M M 4.7 14 270 M M 0 20 270
12 98 57 78 M 0 13 0.00 M M 5.3 16 280 M M 0 21 280
13 95 58 77 M 0 12 0.00 M M 5.3 14 280 M M 0 24 280
14 90 58 74 M 0 9 0.00 M M 6.5 15 290 M M 0 1 21 270
15 85 54 70 M 0 5 0.00 M M 5.8 15 280 M M 2 1 22 280
16 82 53 68 M 0 3 0.00 M M 3.6 16 280 M M 3 1 22 280
17 83 52 68 M 0 3 0.00 M M 4.3 14 270 M M 1 20 270
18 82 54 68 M 0 3 0.00 M M 3.9 12 290 M M 0 18 280
19 83 48 66 M 0 1 0.00 M M 3.9 14 290 M M 0 21 290
20 89 52 71 M 0 6 0.00 M M 4.8 14 290 M M 0 20 270
21 102 55 79 M 0 14 0.00 M M 3.0 12 260 M M 0 20 260
22 99 58 79 M 0 14 0.00 M M 4.4 15 260 M M 1 25 260
23 89 62 76 M 0 11 0.00 M M 4.2 13 280 M M 0 M M
24 84 57 71 M 0 6 0.01 M M 3.7 9 300 M M 1 16 99
25 85 60 73 M 0 8 0.00 M M 6.7 16 280 M M 0 22 290
26 76 59 68 M 0 3 0.00 M M 4.8 15 290 M M 4 23 290
27 71 62 67 M 0 2 0.00 M M 5.0 12 260 M M 8 M M
28 76 61 69 M 0 4 0.00 M M 6.5 15 280 M M 6 20 280
29 79 54 67 M 0 2 0.00 M M 4.7 15 280 M M 3 24 270
30 95 45 70 M 0 5 0.00 M M 5.9 18 30 M M 0 1 30 40
================================================================================
SM 2658 1727 0 254 0.01 M 155.6 M 38
================================================================================
AV 88.6 57.6 5.2 FASTST M M 1 MAX(MPH)
MISC ----> 18 270 30 40
================================================================================
NOTES:
# LAST OF SEVERAL OCCURRENCES
COLUMN 17 PEAK WIND IN M.P.H.
PRELIMINARY LOCAL CLIMATOLOGICAL DATA (WS FORM: F-6) , PAGE 2
STATION: CORONA AIRPORT CA
MONTH: SEPTEMBER
YEAR: 2021
LATITUDE: 33 53 N
LONGITUDE: 117-36 E
[TEMPERATURE DATA] [PRECIPITATION DATA] SYMBOLS USED IN COLUMN 16
AVERAGE MONTHLY: 73.1 TOTAL FOR MONTH: 0.01 1 = FOG OR MIST
DPTR FM NORMAL: 0.0 DPTR FM NORMAL: M 2 = FOG REDUCING VISIBILITY
HIGHEST: 103 ON 5 GRTST 24HR 0.01 ON 24-24 TO 1/4 MILE OR LESS
LOWEST: 45 ON 30 3 = THUNDER
SNOW, ICE PELLETS, HAIL 4 = ICE PELLETS
TOTAL MONTH: M 5 = HAIL
GRTST 24HR M ON M 6 = FREEZING RAIN OR DRIZZLE
GRTST DEPTH: M ON M 7 = DUSTSTORM OR SANDSTORM:
VSBY 1/2 MILE OR LESS
8 = SMOKE OR HAZE
[NO. OF DAYS WITH] [WEATHER - DAYS WITH] 9 = BLOWING SNOW
X = TORNADO
MAX 32 OR BELOW: 0 0.01 INCH OR MORE: 1
MAX 90 OR ABOVE: 15 0.10 INCH OR MORE: 0
MIN 32 OR BELOW: 0 0.50 INCH OR MORE: 0
MIN 0 OR BELOW: 0 1.00 INCH OR MORE: 0
[HDD (BASE 65) ]
TOTAL THIS MO. 0 CLEAR (SCALE 0-3) 25
DPTR FM NORMAL M PTCLDY (SCALE 4-7) 5
TOTAL FM JUL 1 0 CLOUDY (SCALE 8-10) 0
DPTR FM NORMAL M
[CDD (BASE 65) ]
TOTAL THIS MO. 254
DPTR FM NORMAL M [PRESSURE DATA]
TOTAL FM JAN 1 1289 HIGHEST SLP M ON M
DPTR FM NORMAL M LOWEST SLP M ON M
[REMARKS]
#FINAL-09-21#