000
CXAK56 PAFC 011029
CF6AKN
PRELIMINARY LOCAL CLIMATOLOGICAL DATA (WS FORM: F-6)
STATION: KING SALMON
MONTH: MARCH
YEAR: 2021
LATITUDE: 58 41 N
LONGITUDE: 156 39 W
TEMPERATURE IN F: :PCPN: SNOW: WIND :SUNSHINE: SKY :PK WND
================================================================================
1 2 3 4 5 6A 6B 7 8 9 10 11 12 13 14 15 16 17 18
12Z AVG MX 2MIN
DY MAX MIN AVG DEP HDD CDD WTR SNW DPTH SPD SPD DIR MIN PSBL S-S WX SPD DR
================================================================================
1 34 3 19 -2 46 0 0.32 M M 9.8 20 220 M M 9 128 29 220
2 34 23 29 8 36 0 0.22 M M 6.7 17 210 M M 9 1 25 210
3 26 0 13 -9 52 0 T M M 13.3 23 340 M M 6 18 30 350
4 30 -17 7 -15 58 0 0.13 M M 9.7 32 150 M M 3 18 39 150
5 30 1 16 -6 49 0 0.09 M M 5.0 26 180 M M 4 19 32 180
6 25 -9 8 -14 57 0 0.01 M M 3.0 8 100 M M 7 128 M M
7 38 24 31 9 34 0 0.00 M M 4.9 9 120 M M 7 1 M M
8 38 15 27 5 38 0 0.04 M M 20.5 33 160 M M 5 1 52 160
9 34 25 30 7 35 0 0.03 M M 6.9 12 330 M M 7 1 16 340
10 30 4 17 -6 48 0 0.00 M M 9.9 18 350 M M 2 24 330
11 26 -9 9 -14 56 0 0.05 M M 8.8 30 270 M M 4 189 38 270
12 10 -11 0 -23 65 0 0.00 M M 8.7 15 340 M M 0 22 360
13 24 -13 6 -17 59 0 0.09 M M 5.3 16 100 M M 2 1 21 110
14 33 8 21 -3 44 0 0.25 M M 6.3 20 250 M M 9 18 26 260
15 28 6 17 -7 48 0 0.06 M M 4.6 15 10 M M 6 12 17 360
16 25 -5 10 -14 55 0 T M M 3.9 10 340 M M 2 1 12 20
17 30 -3 14 -10 51 0 0.01 M M 11.4 26 250 M M 6 128 35 250
18 11 -14 -1 -25 66 0 0.00 M M 6.4 14 20 M M 0 17 360
19 26 -17 5 -20 60 0 0.04 M M 7.4 20 80 M M 4 18 27 80
20 32 25 29 4 36 0 0.26 M M 11.6 21 90 M M 10 1 28 90
21 34 26 30 5 35 0 0.04 M M 5.8 16 180 M M 9 1 19 240
22 34 19 27 2 38 0 0.00 M M 7.6 22 340 M M 8 1 28 340
23 23 5 14 -12 51 0 0.08 M M 10.3 22 350 M M 4 1 30 340
24 36 23 30 4 35 0 0.17 M M 14.5 23 180 M M 10 1 30 180
25 37 25 31 5 34 0 0.09 M M 11.1 18 210 M M 9 1 24 210
26 32 21 27 1 38 0 0.09 M M 7.5 21 260 M M 8 12 28 260
27 33 12 23 -4 42 0 0.00 M M 8.4 22 300 M M 2 27 300
28 40 13 27 0 38 0 0.03 M M 12.0 21 180 M M 7 1 30 180
29 39 32 36 9 29 0 T M M 14.0 21 210 M M 9 1 29 210
30 35 23 29 1 36 0 0.02 M M 10.7 20 270 M M 5 1 24 260
31 25 7 16 -12 49 0 0.05 M M 7.6 18 290 M M 4 18 25 270
================================================================================
SM 932 242 1418 0 2.17 M 273.6 M 177
================================================================================
AV 30.1 7.8 8.8 FASTST M M 6 MAX(MPH)
MISC ----> 33 160 52 160
================================================================================
NOTES:
# LAST OF SEVERAL OCCURRENCES
COLUMN 17 PEAK WIND IN M.P.H.
PRELIMINARY LOCAL CLIMATOLOGICAL DATA (WS FORM: F-6) , PAGE 2
STATION: KING SALMON
MONTH: MARCH
YEAR: 2021
LATITUDE: 58 41 N
LONGITUDE: 156 39 W
[TEMPERATURE DATA] [PRECIPITATION DATA] SYMBOLS USED IN COLUMN 16
AVERAGE MONTHLY: 18.9 TOTAL FOR MONTH: 2.17 1 = FOG OR MIST
DPTR FM NORMAL: -5.2 DPTR FM NORMAL: 1.47 2 = FOG REDUCING VISIBILITY
HIGHEST: 40 ON 28 GRTST 24HR 0.34 ON 13-14 TO 1/4 MILE OR LESS
LOWEST: -17 ON 19, 4 3 = THUNDER
SNOW, ICE PELLETS, HAIL 4 = ICE PELLETS
TOTAL MONTH: M 5 = HAIL
GRTST 24HR M ON M 6 = FREEZING RAIN OR DRIZZLE
GRTST DEPTH: M ON M 7 = DUSTSTORM OR SANDSTORM:
VSBY 1/2 MILE OR LESS
8 = SMOKE OR HAZE
[NO. OF DAYS WITH] [WEATHER - DAYS WITH] 9 = BLOWING SNOW
X = TORNADO
MAX 32 OR BELOW: 17 0.01 INCH OR MORE: 22
MAX 90 OR ABOVE: 0 0.10 INCH OR MORE: 6
MIN 32 OR BELOW: 31 0.50 INCH OR MORE: 0
MIN 0 OR BELOW: 10 1.00 INCH OR MORE: 0
[HDD (BASE 65) ]
TOTAL THIS MO. 1418 CLEAR (SCALE 0-3) 6
DPTR FM NORMAL 152 PTCLDY (SCALE 4-7) 16
TOTAL FM JUL 1 8302 CLOUDY (SCALE 8-10) 9
DPTR FM NORMAL -583
[CDD (BASE 65) ]
TOTAL THIS MO. 0
DPTR FM NORMAL 0 [PRESSURE DATA]
TOTAL FM JAN 1 0 HIGHEST SLP M ON M
DPTR FM NORMAL 0 LOWEST SLP 29.03 ON 2
[REMARKS]
#FINAL-03-21#