000
CXUS53 KDMX 010920
CF6ALO
PRELIMINARY LOCAL CLIMATOLOGICAL DATA (WS FORM: F-6)
STATION: WATERLOO IA
MONTH: SEPTEMBER
YEAR: 2020
LATITUDE: 42 32 N
LONGITUDE: 92 24 W
TEMPERATURE IN F: :PCPN: SNOW: WIND :SUNSHINE: SKY :PK WND
================================================================================
1 2 3 4 5 6A 6B 7 8 9 10 11 12 13 14 15 16 17 18
12Z AVG MX 2MIN
DY MAX MIN AVG DEP HDD CDD WTR SNW DPTH SPD SPD DIR MIN PSBL S-S WX SPD DR
================================================================================
1 76 45 61 -8 4 0 T 0.0 0 5.8 17 160 M M 6 22 110
2 89 59 74 6 0 9 0.00 0.0 0 7.6 20 310 M M 0 1 27 320
3 78 50 64 -4 1 0 0.00 0.0 0 13.9 25 310 M M 0 36 320
4 82 44 63 -5 2 0 0.00 0.0 0 5.7 20 270 M M 4 29 270
5 85 57 71 4 0 6 T 0.0 0 6.6 22 150 M M 1 3 30 160
6 91 62 77 10 0 12 1.28 0.0 0 16.3 33 140 M M 4 13 46 130
7 69 53 61 -6 4 0 T 0.0 0 11.7 22 20 M M 3 31 30
8 54 47 51 -15 14 0 0.86 0.0 0 14.7 24 30 M M 10 138 33 30
9 51 47 49 -17 16 0 0.92 0.0 0 11.7 18 30 M M 10 13 25 40
10 53 47 50 -16 15 0 0.70 0.0 0 9.0 15 30 M M 10 1 20 50
11 61 52 57 -8 8 0 1.28 0.0 0 8.3 18 100 M M 10 1 23 100
12 67 55 61 -4 4 0 0.08 0.0 0 5.5 13 250 M M 8 18 17 280
13 77 48 63 -1 2 0 0.00 0.0 0 4.3 10 250 M M 0 12 17 300
14 78 50 64 0 1 0 0.00 0.0 0 5.4 15 170 M M 0 20 150
15 83 56 70 6 0 5 0.00 0.0 0 9.6 21 210 M M 0 28 200
16 76 50 63 0 2 0 0.00 0.0 0 9.9 18 330 M M 0 25 340
17 70 47 59 -4 6 0 0.00 0.0 0 7.3 14 30 M M 2 23 20
18 67 41 54 -8 11 0 0.00 0.0 0 5.6 13 70 M M 3 18 20
19 69 43 56 -6 9 0 0.00 0.0 0 10.2 17 160 M M 0 25 170
20 73 50 62 1 3 0 0.00 0.0 0 12.3 23 160 M M 0 33 160
21 79 48 64 3 1 0 0.00 0.0 0 10.0 20 190 M M 0 28 170
22 81 51 66 6 0 1 0.00 0.0 0 4.6 14 180 M M 0 19 190
23 80 48 64 4 1 0 0.00 0.0 0 5.3 16 210 M M 0 1 21 180
24 80 58 69 10 0 4 0.00 0.0 0 7.8 18 220 M M 6 24 220
25 85 61 73 14 0 8 0.00 0.0 0 12.8 25 160 M M 2 33 170
26 83 65 74 16 0 9 0.00 0.0 0 13.6 25 190 M M 0 34 210
27 70 52 61 3 4 0 0.01 0.0 0 9.5 17 210 M M 3 24 210
28 61 47 54 -4 11 0 0.01 0.0 0 10.1 33 320 M M 7 46 320
29 65 45 55 -2 10 0 0.00 0.0 0 7.8 16 260 M M 5 23 260
30 68 48 58 1 7 0 0.03 0.0 0 14.2 33 320 M M 6 48 320
================================================================================
SM 2201 1526 136 54 5.17 0.0 277.1 M 100
================================================================================
AV 73.4 50.9 9.2 FASTST M M 3 MAX(MPH)
MISC ----> # 33 140 # 48 320
================================================================================
NOTES:
# LAST OF SEVERAL OCCURRENCES
COLUMN 17 PEAK WIND IN M.P.H.
PRELIMINARY LOCAL CLIMATOLOGICAL DATA (WS FORM: F-6) , PAGE 2
STATION: WATERLOO IA
MONTH: SEPTEMBER
YEAR: 2020
LATITUDE: 42 32 N
LONGITUDE: 92 24 W
[TEMPERATURE DATA] [PRECIPITATION DATA] SYMBOLS USED IN COLUMN 16
AVERAGE MONTHLY: 62.1 TOTAL FOR MONTH: 5.17 1 = FOG OR MIST
DPTR FM NORMAL: -0.9 DPTR FM NORMAL: 2.54 2 = FOG REDUCING VISIBILITY
HIGHEST: 91 ON 6 GRTST 24HR 1.28 ON 11-11 TO 1/4 MILE OR LESS
LOWEST: 41 ON 18 3 = THUNDER
SNOW, ICE PELLETS, HAIL 4 = ICE PELLETS
TOTAL MONTH: 0.0 INCH 5 = HAIL
GRTST 24HR 0.0 6 = FREEZING RAIN OR DRIZZLE
GRTST DEPTH: 0 7 = DUSTSTORM OR SANDSTORM:
VSBY 1/2 MILE OR LESS
8 = SMOKE OR HAZE
[NO. OF DAYS WITH] [WEATHER - DAYS WITH] 9 = BLOWING SNOW
X = TORNADO
MAX 32 OR BELOW: 0 0.01 INCH OR MORE: 9
MAX 90 OR ABOVE: 1 0.10 INCH OR MORE: 5
MIN 32 OR BELOW: 0 0.50 INCH OR MORE: 5
MIN 0 OR BELOW: 0 1.00 INCH OR MORE: 2
[HDD (BASE 65) ]
TOTAL THIS MO. 136 CLEAR (SCALE 0-3) 17
DPTR FM NORMAL -2 PTCLDY (SCALE 4-7) 8
TOTAL FM JUL 1 137 CLOUDY (SCALE 8-10) 5
DPTR FM NORMAL -21
[CDD (BASE 65) ]
TOTAL THIS MO. 54
DPTR FM NORMAL -24 [PRESSURE DATA]
TOTAL FM JAN 1 1031 HIGHEST SLP 30.42 ON 10
DPTR FM NORMAL 241 LOWEST SLP 29.46 ON 26
[REMARKS]
#FINAL-09-20#