000
CXUS53 KDMX 010910
CF6ALO
PRELIMINARY LOCAL CLIMATOLOGICAL DATA (WS FORM: F-6)
STATION: WATERLOO IA
MONTH: DECEMBER
YEAR: 2023
LATITUDE: 42 32 N
LONGITUDE: 92 24 W
TEMPERATURE IN F: :PCPN: SNOW: WIND :SUNSHINE: SKY :PK WND
================================================================================
1 2 3 4 5 6A 6B 7 8 9 10 11 12 13 14 15 16 17 18
12Z AVG MX 2MIN
DY MAX MIN AVG DEP HDD CDD WTR SNW DPTH SPD SPD DIR MIN PSBL S-S WX SPD DR
================================================================================
1 39 28 34 4 31 0 0.00 0.0 0 11.0 20 40 M M 5 25 40
2 38 29 34 4 31 0 0.01 T 0 3.6 9 120 M M 10 18 12 120
3 42 22 32 2 33 0 0.00 0.0 0 2.9 10 320 M M 6 12 14 230
4 37 24 31 2 34 0 T 0.0 0 6.1 15 190 M M 10 1 19 210
5 37 21 29 0 36 0 0.00 0.0 0 9.3 22 330 M M 9 18 28 330
6 47 20 34 5 31 0 0.00 0.0 0 8.6 22 200 M M 1 1 30 200
7 57 27 42 14 23 0 0.00 0.0 0 7.8 17 140 M M 1 23 170
8 57 42 50 22 15 0 0.00 0.0 0 9.2 17 270 M M 1 22 260
9 44 27 36 9 29 0 T T 0 15.9 28 300 M M 8 8 38 300
10 31 13 22 -5 43 0 0.00 0.0 0 8.5 23 320 M M 7 33 320
11 39 11 25 -2 40 0 0.00 0.0 0 5.5 12 240 M M 3 1 16 240
12 37 17 27 1 38 0 0.00 0.0 0 8.7 16 300 M M 0 23 300
13 48 16 32 6 33 0 0.00 0.0 0 3.8 14 220 M M 3 18 20
14 56 19 38 12 27 0 0.00 0.0 0 5.4 15 210 M M 0 19 200
15 50 26 38 13 27 0 0.00 0.0 0 4.8 10 200 M M 3 13 180
16 44 38 41 16 24 0 0.11 0.0 0 5.3 15 300 M M 10 1 18 300
17 38 34 36 11 29 0 0.00 0.0 0 11.1 28 320 M M 9 1 39 320
18 35 11 23 -1 42 0 0.00 0.0 0 15.9 33 320 M M 1 46 320
19 38 10 24 0 41 0 0.00 0.0 0 10.7 22 170 M M 0 29 170
20 46 19 33 9 32 0 0.00 0.0 0 7.0 14 100 M M 0 16 100
21 41 34 38 14 27 0 0.00 0.0 0 7.6 13 120 M M 9 18 17 120
22 52 39 46 23 19 0 0.00 0.0 0 5.2 10 100 M M 10 1 13 100
23 52 43 48 25 17 0 0.00 0.0 0 6.7 15 160 M M 10 12 19 180
24 57 45 51 28 14 0 0.16 0.0 0 14.1 22 140 M M 8 18 29 130
25 55 36 46 24 19 0 0.56 0.0 0 15.0 25 120 M M 10 1 39 120
26 37 31 34 12 31 0 T T 0 9.4 18 150 M M 10 1 23 160
27 39 30 35 13 30 0 T T 0 9.9 18 60 M M 9 23 60
28 35 27 31 9 34 0 T T 0 14.2 23 350 M M 8 1 31 330
29 42 24 33 11 32 0 0.00 0.0 0 8.2 21 340 M M 4 1 25 340
30 44 22 33 12 32 0 T T 0 9.9 22 310 M M 4 18 32 340
31 35 26 31 10 34 0 0.01 0.1 T 14.7 25 340 M M 10 18 32 350
================================================================================
SM 1349 811 928 0 0.85 0.1 276.0 M 179
================================================================================
AV 43.5 26.2 8.9 FASTST M M 6 MAX(MPH)
MISC ----> 33 320 46 320
================================================================================
NOTES:
# LAST OF SEVERAL OCCURRENCES
COLUMN 17 PEAK WIND IN M.P.H.
PRELIMINARY LOCAL CLIMATOLOGICAL DATA (WS FORM: F-6) , PAGE 2
STATION: WATERLOO IA
MONTH: DECEMBER
YEAR: 2023
LATITUDE: 42 32 N
LONGITUDE: 92 24 W
[TEMPERATURE DATA] [PRECIPITATION DATA] SYMBOLS USED IN COLUMN 16
AVERAGE MONTHLY: 34.8 TOTAL FOR MONTH: 0.85 1 = FOG OR MIST
DPTR FM NORMAL: 9.5 DPTR FM NORMAL: -0.59 2 = FOG REDUCING VISIBILITY
HIGHEST: 57 ON 24, 8 GRTST 24HR 0.64 ON 24-25 TO 1/4 MILE OR LESS
LOWEST: 10 ON 19 3 = THUNDER
SNOW, ICE PELLETS, HAIL 4 = ICE PELLETS
TOTAL MONTH: 0.1 INCH 5 = HAIL
GRTST 24HR 0.1 ON 31-31 6 = FREEZING RAIN OR DRIZZLE
GRTST DEPTH: T 7 = DUSTSTORM OR SANDSTORM:
VSBY 1/2 MILE OR LESS
8 = SMOKE OR HAZE
[NO. OF DAYS WITH] [WEATHER - DAYS WITH] 9 = BLOWING SNOW
X = TORNADO
MAX 32 OR BELOW: 1 0.01 INCH OR MORE: 5
MAX 90 OR ABOVE: 0 0.10 INCH OR MORE: 3
MIN 32 OR BELOW: 23 0.50 INCH OR MORE: 1
MIN 0 OR BELOW: 0 1.00 INCH OR MORE: 0
[HDD (BASE 65) ]
TOTAL THIS MO. 928 CLEAR (SCALE 0-3) 10
DPTR FM NORMAL -301 PTCLDY (SCALE 4-7) 8
TOTAL FM JUL 1 2079 CLOUDY (SCALE 8-10) 13
DPTR FM NORMAL -527
[CDD (BASE 65) ]
TOTAL THIS MO. 0
DPTR FM NORMAL 0 [PRESSURE DATA]
TOTAL FM JAN 1 1115 HIGHEST SLP 30.70 ON 13
DPTR FM NORMAL 199 LOWEST SLP 29.47 ON 8
[REMARKS]
#FINAL-12-23#