000
CXUS56 KPDT 011810
CF6ALW
PRELIMINARY LOCAL CLIMATOLOGICAL DATA (WS FORM: F-6)
STATION: WALLA WALLA WA
MONTH: JULY
YEAR: 2023
LATITUDE: 46 5 N
LONGITUDE: 118 17 W
TEMPERATURE IN F: :PCPN: SNOW: WIND :SUNSHINE: SKY :PK WND
================================================================================
1 2 3 4 5 6A 6B 7 8 9 10 11 12 13 14 15 16 17 18
12Z AVG MX 2MIN
DY MAX MIN AVG DEP HDD CDD WTR SNW DPTH SPD SPD DIR MIN PSBL S-S WX SPD DR
================================================================================
1 90 66 78 6 0 13 0.00 M M 9.5 17 250 M M 0 25 260
2 86 59 73 1 0 8 0.00 M M 7.9 13 300 M M 0 19 240
3 90 53 72 -1 0 7 0.00 M M 6.8 17 10 M M 1 28 10
4 90 54 72 -1 0 7 0.00 M M 6.9 17 310 M M 0 23 310
5 96 59 78 5 0 13 0.00 M M 5.7 13 310 M M 0 8 17 300
6 97 63 80 6 0 15 0.00 M M 6.4 17 50 M M 0 8 23 360
7 98 66 82 8 0 17 0.00 M M 6.3 15 180 M M 0 18 180
8 97 70 84 10 0 19 0.00 M M 7.7 15 200 M M 0 19 190
9 97 70 84 9 0 19 0.00 M M 7.8 22 190 M M 0 30 190
10 86 65 76 1 0 11 0.02 M M 10.6 20 240 M M 2 3 26 230
11 87 60 74 -2 0 9 0.00 M M 8.7 17 200 M M 0 22 260
12 90 63 77 1 0 12 0.00 M M 8.7 18 260 M M 0 26 260
13 88 66 77 1 0 12 0.00 M M 10.4 17 260 M M 0 25 280
14 94 63 79 3 0 14 0.00 M M 6.5 14 220 M M 0 8 20 220
15 99 63 81 4 0 16 0.00 M M 5.6 12 110 M M 0 8 16 290
16 97 69 83 6 0 18 0.00 M M 7.6 15 190 M M 0 22 210
17 84 64 74 -3 0 9 0.00 M M 13.3 26 240 M M 0 78 34 240
18 86 55 71 -6 0 6 0.00 M M 5.8 12 310 M M 0 17 280
19 98 57 78 0 0 13 0.00 M M 5.4 15 10 M M 0 20 10
20 102 65 84 6 0 19 0.00 M M 5.9 15 310 M M 0 20 310
21 96 69 83 5 0 18 0.00 M M 9.3 18 200 M M 1 8 23 230
22 94 68 81 3 0 16 0.00 M M 9.3 20 210 M M 0 27 210
23 95 67 81 3 0 16 0.00 M M 6.6 18 200 M M 0 24 200
24 90 70 80 2 0 15 T M M 12.6 23 300 M M 0 8 39 270
25 84 64 74 -4 0 9 0.00 M M 10.4 20 260 M M 1 26 250
26 84 52 68 -10 0 3 0.00 M M 5.6 12 90 M M 0 16 310
27 88 58 73 -5 0 8 0.00 M M 6.0 12 230 M M 0 16 240
28 91 63 77 -1 0 12 0.00 M M 7.1 13 310 M M 0 18 220
29 91 66 79 1 0 14 0.00 M M 8.7 20 190 M M 0 28 180
30 87 65 76 -2 0 11 0.00 M M 10.5 18 220 M M 0 24 210
31 87 62 75 -3 0 10 0.00 M M 6.7 13 200 M M 0 17 260
================================================================================
SM 2839 1954 0 389 0.02 M 246.3 M 5
================================================================================
AV 91.6 63.0 7.9 FASTST M M 0 MAX(MPH)
MISC ----> 26 240 39 270
================================================================================
NOTES:
# LAST OF SEVERAL OCCURRENCES
COLUMN 17 PEAK WIND IN M.P.H.
PRELIMINARY LOCAL CLIMATOLOGICAL DATA (WS FORM: F-6) , PAGE 2
STATION: WALLA WALLA WA
MONTH: JULY
YEAR: 2023
LATITUDE: 46 5 N
LONGITUDE: 118 17 W
[TEMPERATURE DATA] [PRECIPITATION DATA] SYMBOLS USED IN COLUMN 16
AVERAGE MONTHLY: 77.3 TOTAL FOR MONTH: 0.02 1 = FOG OR MIST
DPTR FM NORMAL: 1.0 DPTR FM NORMAL: -0.45 2 = FOG REDUCING VISIBILITY
HIGHEST: 102 ON 20 GRTST 24HR 0.02 ON 10-10 TO 1/4 MILE OR LESS
LOWEST: 52 ON 26 3 = THUNDER
SNOW, ICE PELLETS, HAIL 4 = ICE PELLETS
TOTAL MONTH: M 5 = HAIL
GRTST 24HR M ON M 6 = FREEZING RAIN OR DRIZZLE
GRTST DEPTH: M ON M 7 = DUSTSTORM OR SANDSTORM:
VSBY 1/2 MILE OR LESS
8 = SMOKE OR HAZE
[NO. OF DAYS WITH] [WEATHER - DAYS WITH] 9 = BLOWING SNOW
X = TORNADO
MAX 32 OR BELOW: 0 0.01 INCH OR MORE: 1
MAX 90 OR ABOVE: 20 0.10 INCH OR MORE: 0
MIN 32 OR BELOW: 0 0.50 INCH OR MORE: 0
MIN 0 OR BELOW: 0 1.00 INCH OR MORE: 0
[HDD (BASE 65) ]
TOTAL THIS MO. 0 CLEAR (SCALE 0-3) 31
DPTR FM NORMAL -3 PTCLDY (SCALE 4-7) 0
TOTAL FM JUL 1 0 CLOUDY (SCALE 8-10) 0
DPTR FM NORMAL 0
[CDD (BASE 65) ]
TOTAL THIS MO. 389
DPTR FM NORMAL 37 [PRESSURE DATA]
TOTAL FM JAN 1 636 HIGHEST SLP 30.11 ON 26
DPTR FM NORMAL 129 LOWEST SLP 29.63 ON 9
[REMARKS]
#FINAL-07-23#