000
CXUS56 KPDT 011810
CF6ALW
PRELIMINARY LOCAL CLIMATOLOGICAL DATA (WS FORM: F-6)
STATION: WALLA WALLA WA
MONTH: OCTOBER
YEAR: 2021
LATITUDE: 46 5 N
LONGITUDE: 118 17 W
TEMPERATURE IN F: :PCPN: SNOW: WIND :SUNSHINE: SKY :PK WND
================================================================================
1 2 3 4 5 6A 6B 7 8 9 10 11 12 13 14 15 16 17 18
12Z AVG MX 2MIN
DY MAX MIN AVG DEP HDD CDD WTR SNW DPTH SPD SPD DIR MIN PSBL S-S WX SPD DR
================================================================================
1 68 49 59 -1 6 0 0.00 M M 5.6 13 330 M M 4 15 340
2 71 44 58 -2 7 0 0.00 M M 3.3 8 100 M M 0 10 240
3 75 47 61 1 4 0 0.00 M M 6.0 12 190 M M 0 16 230
4 74 48 61 2 4 0 0.00 M M 3.1 9 130 M M 0 11 280
5 75 50 63 5 2 0 0.00 M M 7.9 17 270 M M 1 22 200
6 61 44 53 -5 12 0 T M M 10.5 20 200 M M 5 25 200
7 64 37 51 -7 14 0 0.00 M M 5.2 10 30 M M 2 8 20 80
8 58 43 51 -6 14 0 T M M 5.9 13 240 M M 5 18 240
9 64 41 53 -4 12 0 0.00 M M 11.3 22 200 M M 0 31 210
10 63 43 53 -3 12 0 0.01 M M 15.0 32 250 M M 8 41 260
11 55 38 47 -9 18 0 0.00 M M 8.9 15 170 M M 2 18 180
12 54 32 43 -12 22 0 0.00 M M 5.4 14 210 M M 2 20 30
13 53 41 47 -8 18 0 0.06 M M 9.1 17 220 M M 8 24 210
14 58 41 50 -4 15 0 0.05 M M 9.8 15 200 M M 7 19 200
15 69 42 56 2 9 0 0.00 M M 5.3 12 90 M M 2 17 220
16 73 41 57 3 8 0 0.00 M M 5.4 14 340 M M 0 16 330
17 71 43 57 4 8 0 0.00 M M 5.8 16 180 M M 0 20 180
18 63 46 55 2 10 0 0.00 M M 8.4 16 200 M M 0 21 200
19 66 40 53 1 12 0 0.00 M M 4.3 9 360 M M 0 12 350
20 68 51 60 8 5 0 0.13 M M 10.4 33 230 M M 6 48 230
21 77 45 61 10 4 0 T M M 6.6 32 160 M M 1 8 42 160
22 76 50 63 12 2 0 0.40 M M 9.6 32 260 M M 9 1 40 270
23 62 46 54 4 11 0 T M M 5.3 17 230 M M 8 21 210
24 64 47 56 6 9 0 0.32 M M 18.4 41 150 M M 6 13 59 130
25 60 46 53 3 12 0 0.12 M M 6.4 13 210 M M 6 19 180
26 58 46 52 3 13 0 0.07 M M 11.9 22 180 M M 8 29 190
27 56 48 52 3 13 0 T M M 10.1 23 240 M M 8 32 230
28 73 50 62 14 3 0 T M M 7.7 26 220 M M 7 36 210
29 66 41 54 6 11 0 0.73 M M 7.1 15 260 M M 7 1 19 250
30 44 33 39 -9 26 0 0.00 M M 5.4 12 180 M M 5 16 160
31 42 36 39 -8 26 0 0.00 M M 3.1 7 100 M M 9 8 200
================================================================================
SM 1981 1349 342 0 1.89 M 238.2 M 126
================================================================================
AV 63.9 43.5 7.7 FASTST M M 4 MAX(MPH)
MISC ----> 41 150 59 130
================================================================================
NOTES:
# LAST OF SEVERAL OCCURRENCES
COLUMN 17 PEAK WIND IN M.P.H.
PRELIMINARY LOCAL CLIMATOLOGICAL DATA (WS FORM: F-6) , PAGE 2
STATION: WALLA WALLA WA
MONTH: OCTOBER
YEAR: 2021
LATITUDE: 46 5 N
LONGITUDE: 118 17 W
[TEMPERATURE DATA] [PRECIPITATION DATA] SYMBOLS USED IN COLUMN 16
AVERAGE MONTHLY: 53.7 TOTAL FOR MONTH: 1.89 1 = FOG OR MIST
DPTR FM NORMAL: 0.0 DPTR FM NORMAL: 0.23 2 = FOG REDUCING VISIBILITY
HIGHEST: 77 ON 21 GRTST 24HR 0.73 ON 29-29 TO 1/4 MILE OR LESS
LOWEST: 32 ON 12 3 = THUNDER
SNOW, ICE PELLETS, HAIL 4 = ICE PELLETS
TOTAL MONTH: M 5 = HAIL
GRTST 24HR M ON M 6 = FREEZING RAIN OR DRIZZLE
GRTST DEPTH: M ON M 7 = DUSTSTORM OR SANDSTORM:
VSBY 1/2 MILE OR LESS
8 = SMOKE OR HAZE
[NO. OF DAYS WITH] [WEATHER - DAYS WITH] 9 = BLOWING SNOW
X = TORNADO
MAX 32 OR BELOW: 0 0.01 INCH OR MORE: 9
MAX 90 OR ABOVE: 0 0.10 INCH OR MORE: 5
MIN 32 OR BELOW: 1 0.50 INCH OR MORE: 1
MIN 0 OR BELOW: 0 1.00 INCH OR MORE: 0
[HDD (BASE 65) ]
TOTAL THIS MO. 342 CLEAR (SCALE 0-3) 14
DPTR FM NORMAL -16 PTCLDY (SCALE 4-7) 14
TOTAL FM JUL 1 397 CLOUDY (SCALE 8-10) 3
DPTR FM NORMAL -37
[CDD (BASE 65) ]
TOTAL THIS MO. 0
DPTR FM NORMAL -6 [PRESSURE DATA]
TOTAL FM JAN 1 1209 HIGHEST SLP 30.30 ON 27
DPTR FM NORMAL 272 LOWEST SLP 29.16 ON 24
[REMARKS]
#FINAL-10-21#