000
CXUS54 KAMA 011547
CLMAMA
CLIMATE REPORT
NATIONAL WEATHER SERVICE AMARILLO
947 AM CST FRI DEC 01 2023
...................................
...THE AMARILLO CLIMATE SUMMARY FOR THE MONTH OF NOVEMBER 2023...
CLIMATE NORMAL PERIOD: 1991 TO 2020
CLIMATE RECORD PERIOD: 1892 TO 2023
WEATHER OBSERVED NORMAL DEPART LAST YEAR`S
VALUE DATE(S) VALUE FROM VALUE DATE(S)
NORMAL
................................................................
TEMPERATURE (F)
RECORD
HIGH 88 11/07/2023
LOW 0 11/28/1976
HIGHEST 88R 11/07 77 11/03
LOWEST 20 11/28 14 11/30
AVG. MAXIMUM 64.4 61.3 3.1 56.1
AVG. MINIMUM 35.4 33.5 1.9 31.1
MEAN 49.9 47.4 2.5 43.6
DAYS MAX >= 90 0 0.0 0.0 0
DAYS MAX <= 32 1 0.8 0.2 1
DAYS MIN <= 32 10 14.7 -4.7 20
DAYS MIN <= 0 0 0.0 0.0 0
PRECIPITATION (INCHES)
RECORD
MAXIMUM 5.09 1905
MINIMUM 0.00 2021
TOTALS 0.35 0.75 -0.40 0.33
DAILY AVG. 0.01 0.02 -0.01 0.01
DAYS >= .01 5 3.8 1.2 4
DAYS >= .10 1 1.9 -0.9 2
DAYS >= .50 0 0.4 -0.4 0
DAYS >= 1.00 0 0.1 -0.1 0
GREATEST
24 HR. TOTAL 0.21 11/30 TO 11/30
SNOWFALL (INCHES)
RECORDS
TOTAL 14.8 1906
TOTALS T 2.6 -2.6 T
SINCE 7/1 T 3.3 -3.3 MM
DAYS >= TRACE 2 1.1 0.9 4
DAYS >= 1.0 0 0.7 -0.7 0
GREATEST
SNOW DEPTH MM
24 HR TOTAL MM
DEGREE DAYS
HEATING TOTAL 448 530 -82 636
SINCE 7/1 649 781 -132 MM
COOLING TOTAL 5 2 3 4
SINCE 1/1 1833 1607 226 MM
................................................................
WIND (MPH)
AVERAGE WIND SPEED 11.5
HIGHEST WIND SPEED/DIRECTION 36/350 DATE 11/20
HIGHEST GUST SPEED/DIRECTION 52/360 DATE 11/20
SKY COVER
POSSIBLE SUNSHINE (PERCENT) MM
NUMBER OF DAYS FAIR 22
NUMBER OF DAYS PC 6
NUMBER OF DAYS CLOUDY 2
AVERAGE RH (PERCENT) 55
WEATHER CONDITIONS. NUMBER OF DAYS WITH
THUNDERSTORM 1 MIXED PRECIP 0
HEAVY RAIN 0 RAIN 1
LIGHT RAIN 6 FREEZING RAIN 0
LT FREEZING RAIN 1 HAIL 0
HEAVY SNOW 0 SNOW 0
LIGHT SNOW 0 SLEET 1
FOG 9 FOG W/VIS <= 1/4 MILE 2
HAZE 2
- INDICATES NEGATIVE NUMBERS.
R INDICATES RECORD WAS SET OR TIED.
MM INDICATES DATA IS MISSING.
T INDICATES TRACE AMOUNT.
$$