132
CXAK56 PAFC 042252 COR
CF6ANC
PRELIMINARY LOCAL CLIMATOLOGICAL DATA (WS FORM: F-6)
STATION: ANCHORAGE AK
MONTH: JUNE
YEAR: 2020
LATITUDE: 61 10 N
LONGITUDE: 150 2 W
TEMPERATURE IN F: :PCPN: SNOW: WIND :SUNSHINE: SKY :PK WND
================================================================================
1 2 3 4 5 6A 6B 7 8 9 10 11 12 13 14 15 16 17 18
12Z AVG MX 2MIN
DY MAX MIN AVG DEP HDD CDD WTR SNW DPTH SPD SPD DIR MIN PSBL S-S WX SPD DR
================================================================================
1 61 44 53 1 12 0 T 0.0 0 10.5 25 150 M M 7 33 160
2 61 49 55 2 10 0 T 0.0 0 13.0 23 150 M M 7 36 160
3 64 49 57 4 8 0 T 0.0 0 11.3 20 160 M M 6 35 150
4 61 47 54 1 11 0 T 0.0 0 6.8 13 180 M M 6 27 170
5 67 47 57 4 8 0 T 0.0 0 5.4 15 220 M M 6 3 19 210
6 63 45 54 0 11 0 T 0.0 0 4.5 18 240 M M 5 3 22 240
7 66 43 55 1 10 0 0.04 0.0 0 5.7 17 200 M M 4 3 31 190
8 54 48 51 -3 14 0 0.15 0.0 0 8.0 16 160 M M 9 1 29 170
9 56 47 52 -2 13 0 0.10 0.0 0 5.1 12 160 M M 9 1 19 170
10 68 42 55 1 10 0 0.00 0.0 0 6.3 18 190 M M 5 1 29 170
11 64 46 55 1 10 0 0.00 0.0 0 5.9 13 240 M M 4 19 210
12 64 44 54 -1 11 0 0.00 0.0 0 5.7 13 250 M M 6 19 340
13 67 43 55 0 10 0 0.00 0.0 0 5.8 12 230 M M 5 16 180
14 65 45 55 0 10 0 0.00 0.0 0 7.6 15 250 M M 3 26 230
15 65 50 58 3 7 0 0.00 0.0 0 6.8 14 240 M M 6 18 200
16 67 52 60 4 5 0 0.00 0.0 0 11.8 26 150 M M 7 40 150
17 64 53 59 3 6 0 T 0.0 0 11.7 21 160 M M 8 35 140
18 68 52 60 4 5 0 T 0.0 0 8.2 18 150 M M 8 28 200
19 56 47 52 -4 13 0 0.15 0.0 0 5.3 14 210 M M 9 1 24 210
20 62 48 55 -1 10 0 0.04 0.0 0 6.0 20 150 M M 8 28 150
21 65 53 59 3 6 0 0.00 0.0 0 12.4 16 150 M M 6 33 150
22 62 52 57 1 8 0 0.04 0.0 0 9.3 17 150 M M 8 24 140
23 62 51 57 0 8 0 T 0.0 0 11.9 24 160 M M 7 36 170
24 61 50 56 -1 9 0 0.01 0.0 0 14.7 26 150 M M 7 38 150
25 63 50 57 0 8 0 T 0.0 0 11.3 23 150 M M 5 34 140
26 64 51 58 1 7 0 T 0.0 0 6.1 15 150 M M 9 23 160
27 66 47 57 0 8 0 0.00 0.0 0 6.4 14 240 M M 6 19 170
28 57 49 53 -4 12 0 0.14 0.0 0 10.5 22 130 M M 9 34 130
29 61 50 56 -2 9 0 T 0.0 0 5.1 15 150 M M 8 22 160
30 66 48 57 -1 8 0 0.00 0.0 0 5.1 13 260 M M 6 20 190
================================================================================
SM 1890 1442 277 0 0.67 0.0 244.2 M 199
================================================================================
AV 63.0 48.1 8.1 FASTST M M 7 MAX(MPH)
MISC ----> # 26 150 # 40 150
================================================================================
NOTES:
# LAST OF SEVERAL OCCURRENCES
COLUMN 17 PEAK WIND IN M.P.H.
PRELIMINARY LOCAL CLIMATOLOGICAL DATA (WS FORM: F-6) , PAGE 2
STATION: ANCHORAGE AK
MONTH: JUNE
YEAR: 2020
LATITUDE: 61 10 N
LONGITUDE: 150 2 W
[TEMPERATURE DATA] [PRECIPITATION DATA] SYMBOLS USED IN COLUMN 16
AVERAGE MONTHLY: 55.5 TOTAL FOR MONTH: 0.67 1 = FOG OR MIST
DPTR FM NORMAL: 0.3 DPTR FM NORMAL: -0.30 2 = FOG REDUCING VISIBILITY
HIGHEST: 68 ON 18,10 GRTST 24HR 0.15 ON 19-19 TO 1/4 MILE OR LESS
LOWEST: 42 ON 10 3 = THUNDER
SNOW, ICE PELLETS, HAIL 4 = ICE PELLETS
TOTAL MONTH: 0.0 INCH 5 = HAIL
GRTST 24HR 0.0 6 = FREEZING RAIN OR DRIZZLE
GRTST DEPTH: 0 7 = DUSTSTORM OR SANDSTORM:
VSBY 1/2 MILE OR LESS
8 = SMOKE OR HAZE
[NO. OF DAYS WITH] [WEATHER - DAYS WITH] 9 = BLOWING SNOW
X = TORNADO
MAX 32 OR BELOW: 0 0.01 INCH OR MORE: 8
MAX 90 OR ABOVE: 0 0.10 INCH OR MORE: 4
MIN 32 OR BELOW: 0 0.50 INCH OR MORE: 0
MIN 0 OR BELOW: 0 1.00 INCH OR MORE: 0
[HDD (BASE 65) ]
TOTAL THIS MO. 277 CLEAR (SCALE 0-3) 0
DPTR FM NORMAL -16 PTCLDY (SCALE 4-7) 23
TOTAL FM JUL 1 9382 CLOUDY (SCALE 8-10) 7
DPTR FM NORMAL -811
[CDD (BASE 65) ]
TOTAL THIS MO. 0
DPTR FM NORMAL 0 [PRESSURE DATA]
TOTAL FM JAN 1 0 HIGHEST SLP M ON M
DPTR FM NORMAL 0 LOWEST SLP 29.55 ON 1
[REMARKS]
#FINAL-06-20#