000
CXUS53 KAPX 010730
CF6ANJ
PRELIMINARY LOCAL CLIMATOLOGICAL DATA (WS FORM: F-6)
STATION: SAULT STE MARIE MI
MONTH: SEPTEMBER
YEAR: 2021
LATITUDE: 46 28 N
LONGITUDE: 84 21 W
TEMPERATURE IN F: :PCPN: SNOW: WIND :SUNSHINE: SKY :PK WND
================================================================================
1 2 3 4 5 6A 6B 7 8 9 10 11 12 13 14 15 16 17 18
12Z AVG MX 2MIN
DY MAX MIN AVG DEP HDD CDD WTR SNW DPTH SPD SPD DIR MIN PSBL S-S WX SPD DR
================================================================================
1 73 49 61 -2 4 0 0.00 0.0 0 5.4 14 310 M M 0 20 310
2 72 46 59 -4 6 0 0.00 0.0 0 4.4 14 320 M M 0 23 280
3 72 55 64 1 1 0 0.00 0.0 0 3.5 10 140 M M 0 15 150
4 65 56 61 -1 4 0 0.20 0.0 0 5.0 17 310 M M 9 18 27 320
5 70 57 64 2 1 0 0.07 0.0 0 9.5 21 290 M M 5 1 32 290
6 68 53 61 -1 4 0 0.15 0.0 0 7.4 20 310 M M 5 1 31 310
7 67 53 60 -1 5 0 0.38 0.0 0 5.2 20 140 M M 6 123 32 150
8 65 54 60 -1 5 0 0.34 0.0 0 10.2 21 290 M M 8 18 35 290
9 68 54 61 0 4 0 0.00 0.0 0 6.8 17 310 M M 2 26 300
10 73 49 61 1 4 0 0.00 0.0 0 3.6 12 210 M M 3 1 17 220
11 74 57 66 6 0 1 0.04 0.0 0 7.4 22 200 M M 6 3 32 220
12 68 51 60 0 5 0 T 0.0 0 6.0 15 310 M M 1 23 320
13 68 47 58 -2 7 0 0.00 0.0 0 2.1 6 290 M M 2 M M
14 74 52 63 4 2 0 0.42 0.0 0 10.9 25 280 M M 7 13 42 290
15 69 52 61 2 4 0 0.01 0.0 0 6.8 15 320 M M 2 24 330
16 75 50 63 5 2 0 0.00 0.0 0 7.5 16 200 M M 0 8 24 190
17 79 55 67 9 0 2 T 0.0 0 8.1 20 150 M M 2 32 310
18 70 48 59 1 6 0 0.00 0.0 0 1.7 7 150 M M 0 13 210
19 73 49 61 4 4 0 0.00 0.0 0 6.5 17 150 M M 0 25 160
20 74 58 66 9 0 1 0.07 0.0 0 8.0 15 120 M M 4 1 31 130
21 71 53 62 6 3 0 0.41 0.0 0 11.4 18 310 M M 7 1 32 310
22 63 48 56 0 9 0 0.00 0.0 0 7.0 10 10 M M 0 23 350
23 53 44 49 -7 16 0 0.42 0.0 0 6.3 14 10 M M 6 18 21 340
24 68 48 58 3 7 0 0.20 0.0 0 5.4 14 280 M M 6 18 22 300
25 62 50 56 1 9 0 0.40 0.0 0 9.2 20 290 M M 8 13 31 310
26 69 47 58 4 7 0 0.01 0.0 0 5.4 10 250 M M 7 21 250
27 66 49 58 4 7 0 0.00 0.0 0 4.4 16 310 M M 3 1 23 310
28 66 41 54 0 11 0 0.01 0.0 0 1.6 9 300 M M 3 1 12 260
29 72 45 59 6 6 0 0.00 0.0 0 2.2 6 310 M M 0 M M
30 68 46 57 4 8 0 0.00 0.0 0 3.8 8 150 M M 2 12 140
================================================================================
SM 2075 1516 151 4 3.13 0.0 182.7 M 104
================================================================================
AV 69.2 50.5 6.1 FASTST M M 3 MAX(MPH)
MISC ----> 25 280 42 290
================================================================================
NOTES:
# LAST OF SEVERAL OCCURRENCES
COLUMN 17 PEAK WIND IN M.P.H.
PRELIMINARY LOCAL CLIMATOLOGICAL DATA (WS FORM: F-6) , PAGE 2
STATION: SAULT STE MARIE MI
MONTH: SEPTEMBER
YEAR: 2021
LATITUDE: 46 28 N
LONGITUDE: 84 21 W
[TEMPERATURE DATA] [PRECIPITATION DATA] SYMBOLS USED IN COLUMN 16
AVERAGE MONTHLY: 59.9 TOTAL FOR MONTH: 3.13 1 = FOG OR MIST
DPTR FM NORMAL: 1.4 DPTR FM NORMAL: -0.80 2 = FOG REDUCING VISIBILITY
HIGHEST: 79 ON 17 GRTST 24HR 0.61 ON 23-24 TO 1/4 MILE OR LESS
LOWEST: 41 ON 28 3 = THUNDER
SNOW, ICE PELLETS, HAIL 4 = ICE PELLETS
TOTAL MONTH: 0.0 INCH 5 = HAIL
GRTST 24HR 0.0 6 = FREEZING RAIN OR DRIZZLE
GRTST DEPTH: 0 7 = DUSTSTORM OR SANDSTORM:
VSBY 1/2 MILE OR LESS
8 = SMOKE OR HAZE
[NO. OF DAYS WITH] [WEATHER - DAYS WITH] 9 = BLOWING SNOW
X = TORNADO
MAX 32 OR BELOW: 0 0.01 INCH OR MORE: 15
MAX 90 OR ABOVE: 0 0.10 INCH OR MORE: 9
MIN 32 OR BELOW: 0 0.50 INCH OR MORE: 0
MIN 0 OR BELOW: 0 1.00 INCH OR MORE: 0
[HDD (BASE 65) ]
TOTAL THIS MO. 151 CLEAR (SCALE 0-3) 17
DPTR FM NORMAL -74 PTCLDY (SCALE 4-7) 12
TOTAL FM JUL 1 174 CLOUDY (SCALE 8-10) 1
DPTR FM NORMAL -170
[CDD (BASE 65) ]
TOTAL THIS MO. 4
DPTR FM NORMAL -21 [PRESSURE DATA]
TOTAL FM JAN 1 425 HIGHEST SLP 30.29 ON 18
DPTR FM NORMAL 190 LOWEST SLP 29.47 ON 8
[REMARKS]
#FINAL-09-21#