000
CXUS52 KMFL 011137
CLMAPF
CLIMATE REPORT
NATIONAL WEATHER SERVICE MIAMI, FL
737 AM EDT THU JUN 01 2023
...................................
...THE NAPLES CLIMATE SUMMARY FOR THE MONTH OF MAY 2023...
CLIMATE NORMAL PERIOD: 1991 TO 2020
CLIMATE RECORD PERIOD: 1942 TO 2023
WEATHER OBSERVED NORMAL DEPART LAST YEAR`S
VALUE DATE(S) VALUE FROM VALUE DATE(S)
NORMAL
................................................................
TEMPERATURE (F)
RECORD
HIGH 96 05/31/2011
05/29/2011
LOW 51 05/05/2001
HIGHEST 94 05/12 95 05/09
05/22
LOWEST 67 05/04 65 05/12
05/05
AVG. MAXIMUM 88.6 87.5 1.1 88.7
AVG. MINIMUM 72.1 70.2 1.9 71.8
MEAN 80.4 78.8 1.6 80.3
DAYS MAX >= 90 13 8
DAYS MAX <= 32 0 0
DAYS MIN <= 32 0 0
DAYS MIN <= 0 0 0
PRECIPITATION (INCHES)
RECORD
MAXIMUM 11.49 1946
MINIMUM 0.10 2001
TOTALS 1.17 2.76 -1.59 6.41
DAILY AVG. 0.04 0.09 -0.05 0.21
DAYS >= .01 7 8
DAYS >= .10 3 6
DAYS >= .50 1 3
DAYS >= 1.00 0 2
GREATEST
24 HR. TOTAL 0.50 05/30 TO 05/30 2.32
DEGREE DAYS
HEATING TOTAL 0 0 0 0
SINCE 7/1 93 222 -129 MM
COOLING TOTAL 484 429 55 483
SINCE 1/1 1610 1122 488 MM
................................................................
WIND (MPH)
AVERAGE WIND SPEED 7.5
HIGHEST WIND SPEED/DIRECTION 25/130 DATE 05/31
HIGHEST GUST SPEED/DIRECTION 30/130 DATE 05/31
SKY COVER
POSSIBLE SUNSHINE (PERCENT) MM
AVERAGE SKY COVER 0.16
NUMBER OF DAYS FAIR 30
NUMBER OF DAYS PC 1
NUMBER OF DAYS CLOUDY 0
AVERAGE RH (PERCENT) 68
WEATHER CONDITIONS. NUMBER OF DAYS WITH
THUNDERSTORM 7 MIXED PRECIP 0
HEAVY RAIN 0 RAIN 1
LIGHT RAIN 0 FREEZING RAIN 0
LT FREEZING RAIN 0 HAIL 0
HEAVY SNOW 0 SNOW 0
LIGHT SNOW 0 SLEET 0
FOG 4 FOG W/VIS <= 1/4 MILE 0
HAZE 6
- INDICATES NEGATIVE NUMBERS.
R INDICATES RECORD WAS SET OR TIED.
MM INDICATES DATA IS MISSING.
T INDICATES TRACE AMOUNT.
$$