000
CXUS52 KMFL 011353
CLMAPF
CLIMATE REPORT
NATIONAL WEATHER SERVICE MIAMI, FL
853 AM EST MON JAN 01 2024
...................................
...THE NAPLES CLIMATE SUMMARY FOR THE MONTH OF DECEMBER 2023...
CLIMATE NORMAL PERIOD: 1991 TO 2020
CLIMATE RECORD PERIOD: 1942 TO 2023
WEATHER OBSERVED NORMAL DEPART LAST YEAR`S
VALUE DATE(S) VALUE FROM VALUE DATE(S)
NORMAL
................................................................
TEMPERATURE (F)
RECORD
HIGH 89 12/25/2015
12/01/1995
12/07/1978
LOW 27 12/26/1983
12/13/1962
HIGHEST 84 12/01 85 12/06
12/09
12/07
12/30
LOWEST 50 12/31 42 12/25
AVG. MAXIMUM 75.1 77.3 -2.2 78.6
AVG. MINIMUM 60.5 59.0 1.5 60.7
MEAN 67.8 68.2 -0.4 69.6
DAYS MAX >= 90 0 MM
DAYS MAX <= 32 0 MM
DAYS MIN <= 32 0 MM
DAYS MIN <= 0 0 MM
PRECIPITATION (INCHES)
RECORD
MAXIMUM 6.28 1997
MINIMUM T 1975
TOTALS 2.89 1.32 1.57 1.53
DAILY AVG. 0.09 0.04 0.05 0.05
DAYS >= .01 7 MM
DAYS >= .10 5 MM
DAYS >= .50 5 MM
DAYS >= 1.00 0 MM
GREATEST
24 HR. TOTAL 1.01 12/16 TO 12/17 0.27
DEGREE DAYS
HEATING TOTAL 24 53 -29 52
SINCE 7/1 32 68 -36 MM
COOLING TOTAL 119 150 -31 202
SINCE 1/1 4996 4088 908 MM
................................................................
WIND (MPH)
AVERAGE WIND SPEED 8.7
HIGHEST WIND SPEED/DIRECTION 30/060 DATE 12/14
HIGHEST GUST SPEED/DIRECTION 39/050 DATE 12/14
SKY COVER
POSSIBLE SUNSHINE (PERCENT) MM
AVERAGE SKY COVER 0.31
NUMBER OF DAYS FAIR 20
NUMBER OF DAYS PC 10
NUMBER OF DAYS CLOUDY 1
AVERAGE RH (PERCENT) 78
WEATHER CONDITIONS. NUMBER OF DAYS WITH
THUNDERSTORM 0 MIXED PRECIP 0
HEAVY RAIN 3 RAIN 4
LIGHT RAIN 8 FREEZING RAIN 0
LT FREEZING RAIN 0 HAIL 0
HEAVY SNOW 0 SNOW 0
LIGHT SNOW 0 SLEET 0
FOG 11 FOG W/VIS <= 1/4 MILE 2
HAZE 8
- INDICATES NEGATIVE NUMBERS.
R INDICATES RECORD WAS SET OR TIED.
MM INDICATES DATA IS MISSING.
T INDICATES TRACE AMOUNT.
$$