000
CXUS54 KEWX 011010
CF6AQO
PRELIMINARY LOCAL CLIMATOLOGICAL DATA (WS FORM: F-6)
STATION: Llano Municipal Airport
MONTH: APRIL
YEAR: 2020
LATITUDE: 30 47 N
LONGITUDE: 98 40 W
TEMPERATURE IN F: :PCPN: SNOW: WIND :SUNSHINE: SKY :PK WND
================================================================================
1 2 3 4 5 6A 6B 7 8 9 10 11 12 13 14 15 16 17 18
12Z AVG MX 2MIN
DY MAX MIN AVG DEP HDD CDD WTR SNW DPTH SPD SPD DIR MIN PSBL S-S WX SPD DR
================================================================================
1 79 50 65 M 0 0 0.00 M M 4.7 13 140 M M 0 18 140
2 70 63 67 M 0 2 0.03 M M 3.9 8 120 M M 8 3 M M
3 73 45 59 M 6 0 0.30 M M 6.0 22 340 M M 10 3 29 350
4 52 45 49 M 16 0 0.07 M M 3.5 9 350 M M 10 3 M M
5 64 48 56 M 9 0 0.00 M M 2.5 7 100 M M 10 M M
6 72 57 65 M 0 0 0.00 M M 1.5 7 100 M M 8 M M
7 90 59 75 M 0 10 0.00 M M 3.0 13 190 M M 3 M M
8 91 66 79 M 0 14 0.00 M M 2.0 9 200 M M 1 M M
9 84 63 74 M 0 9 0.55 M M 2.0 15 350 M M 2 3 27 350
10 73 57 65 M 0 0 0.00 M M 5.6 14 90 M M 2 17 90
11 75 61 68 M 0 3 0.00 M M 4.9 8 130 M M 8 M M
12 81 54 68 M 0 3 0.87 M M 9.7 18 260 M M 2 3 28 260
13 63 41 52 M 13 0 0.00 M M 7.5 13 360 M M 0 23 10
14 63 43 53 M 12 0 0.00 M M 6.4 12 40 M M 2 M M
15 68 37 53 M 12 0 0.00 M M 2.4 7 120 M M 0 M M
16 75 45 60 M 5 0 0.00 M M 5.2 12 180 M M 0 28 170
17 66 52 59 M 6 0 0.00 M M 4.2 15 360 M M 8 17 340
18 64 52 58 M 7 0 0.00 M M 2.8 8 110 M M 10 M M
19 88 55 72 M 0 7 0.00 M M 4.7 20 310 M M 4 27 310
20 88 52 70 M 0 5 0.00 M M 2.5 7 100 M M 2 M M
21 86 59 73 M 0 8 0.00 M M 5.0 10 170 M M 2 18 170
22 86 55 71 M 0 6 0.00 M M 3.6 10 210 M M 4 3 M M
23 88 52 70 M 0 5 0.00 M M 2.2 8 360 M M 0 M M
24 97 52 75 M 0 10 0.00 M M 6.6 20 340 M M 0 28 360
25 79 52 66 M 0 1 0.00 M M 5.6 13 50 M M 1 18 10
26 84 45 65 M 0 0 0.00 M M 3.8 12 150 M M 0 17 150
27 88 63 76 M 0 11 0.00 M M 9.6 18 180 M M 1 28 180
28 93 63 78 M 0 13 0.00 M M 5.9 12 190 M M 1 3 21 190
29 82 54 68 M 0 3 0.04 M M 6.7 23 20 M M 2 3 39 20
30 90 45 68 M 0 3 0.00 M M 2.7 9 90 M M 0 M M
================================================================================
SM 2352 1585 86 113 1.86 M 136.7 M 101
================================================================================
AV 78.4 52.8 4.6 FASTST M M 3 MAX(MPH)
MISC ----> # 23 20 # 39 20
================================================================================
NOTES:
# LAST OF SEVERAL OCCURRENCES
COLUMN 17 PEAK WIND IN M.P.H.
PRELIMINARY LOCAL CLIMATOLOGICAL DATA (WS FORM: F-6) , PAGE 2
STATION: Llano Municipal Airport
MONTH: APRIL
YEAR: 2020
LATITUDE: 30 47 N
LONGITUDE: 98 40 W
[TEMPERATURE DATA] [PRECIPITATION DATA] SYMBOLS USED IN COLUMN 16
AVERAGE MONTHLY: 65.6 TOTAL FOR MONTH: 1.86 1 = FOG OR MIST
DPTR FM NORMAL: M DPTR FM NORMAL: M 2 = FOG REDUCING VISIBILITY
HIGHEST: 97 ON 24 GRTST 24HR 0.87 ON 12-12 TO 1/4 MILE OR LESS
LOWEST: 37 ON 15 3 = THUNDER
SNOW, ICE PELLETS, HAIL 4 = ICE PELLETS
TOTAL MONTH: M 5 = HAIL
GRTST 24HR M ON M 6 = FREEZING RAIN OR DRIZZLE
GRTST DEPTH: M ON M 7 = DUSTSTORM OR SANDSTORM:
VSBY 1/2 MILE OR LESS
8 = SMOKE OR HAZE
[NO. OF DAYS WITH] [WEATHER - DAYS WITH] 9 = BLOWING SNOW
X = TORNADO
MAX 32 OR BELOW: 0 0.01 INCH OR MORE: 6
MAX 90 OR ABOVE: 5 0.10 INCH OR MORE: 3
MIN 32 OR BELOW: 0 0.50 INCH OR MORE: 2
MIN 0 OR BELOW: 0 1.00 INCH OR MORE: 0
[HDD (BASE 65) ]
TOTAL THIS MO. 86 CLEAR (SCALE 0-3) 19
DPTR FM NORMAL M PTCLDY (SCALE 4-7) 6
TOTAL FM JUL 1 1717 CLOUDY (SCALE 8-10) 5
DPTR FM NORMAL M
[CDD (BASE 65) ]
TOTAL THIS MO. 113
DPTR FM NORMAL M [PRESSURE DATA]
TOTAL FM JAN 1 236 HIGHEST SLP M ON M
DPTR FM NORMAL M LOWEST SLP M ON M
[REMARKS]
#FINAL-04-20#