000
CXUS54 KEWX 011010
CF6AQO
PRELIMINARY LOCAL CLIMATOLOGICAL DATA (WS FORM: F-6)
STATION: Llano Municipal Airport
MONTH: FEBRUARY
YEAR: 2020
LATITUDE: 30 47 N
LONGITUDE: 98 40 W
TEMPERATURE IN F: :PCPN: SNOW: WIND :SUNSHINE: SKY :PK WND
================================================================================
1 2 3 4 5 6A 6B 7 8 9 10 11 12 13 14 15 16 17 18
12Z AVG MX 2MIN
DY MAX MIN AVG DEP HDD CDD WTR SNW DPTH SPD SPD DIR MIN PSBL S-S WX SPD DR
================================================================================
1 72 36 54 M 11 0 0.00 M M 5.0 12 270 M M 0 16 270
2 81 36 59 M 6 0 0.00 M M 3.6 15 210 M M 0 24 220
3 70 48 59 M 6 0 0.00 M M 2.3 9 150 M M 3 M M
4 68 39 54 M 11 0 0.00 M M 6.5 16 360 M M 8 16 10
5 39 34 37 M 28 0 0.00 M M 13.6 17 330 M M 10 3 28 330
6 54 27 41 M 24 0 0.00 M M 7.0 17 290 M M 1 24 290
7 66 30 48 M 17 0 0.00 M M 3.3 14 300 M M 0 22 300
8 66 34 50 M 15 0 0.00 M M 4.7 10 140 M M 5 M M
9 77 63 70 M 0 5 0.00 M M 6.5 12 170 M M 7 18 160
10 66 43 55 M 10 0 0.00 M M 7.2 17 320 M M 10 22 320
11 43 39 41 M 24 0 0.43 M M 6.2 13 340 M M 10 3 M M
12 61 41 51 M 14 0 0.35 M M 5.9 16 340 M M 6 3 22 340
13 54 36 45 M 20 0 0.00 M M 6.5 16 320 M M 1 22 320
14 59 30 45 M 20 0 0.00 M M 3.8 8 130 M M 0 M M
15 66 36 51 M 14 0 0.00 M M 4.7 16 200 M M 4 21 210
16 81 45 63 M 2 0 0.00 M M 3.4 12 250 M M 0 16 240
17 84 45 65 M 0 0 0.00 M M 2.9 10 180 M M 1 17 260
18 64 46 55 M 10 0 0.04 M M 5.9 17 350 M M 8 23 350
19 50 45 48 M 17 0 0.00 M M 4.6 9 40 M M 10 M M
20 54 41 48 M 17 0 0.01 M M 7.9 15 40 M M 7 25 30
21 54 32 43 M 22 0 0.00 M M 2.6 7 130 M M 2 M M
22 64 45 55 M 10 0 0.00 M M 5.9 13 180 M M 5 17 160
23 64 52 58 M 7 0 0.00 M M 2.3 10 220 M M 8 M M
24 72 46 59 M 6 0 0.00 M M 3.6 10 290 M M 1 18 300
25 61 39 50 M 15 0 0.00 M M 8.8 21 350 M M 2 24 350
26 52 32 42 M 23 0 0.00 M M 12.9 21 350 M M 2 28 340
27 63 25 44 M 21 0 0.00 M M 2.3 10 260 M M 0 M M
28 73 32 53 M 12 0 0.00 M M 1.0 5 140 M M 0 M M
29 75 34 55 M 10 0 0.00 M M 6.4 17 190 M M 0 27 180
================================================================================
SM 1853 1131 392 5 0.83 M 157.3 M 111
================================================================================
AV 63.9 39.0 5.4 FASTST M M 4 MAX(MPH)
MISC ----> # 21 350 # 28 330
================================================================================
NOTES:
# LAST OF SEVERAL OCCURRENCES
COLUMN 17 PEAK WIND IN M.P.H.
PRELIMINARY LOCAL CLIMATOLOGICAL DATA (WS FORM: F-6) , PAGE 2
STATION: Llano Municipal Airport
MONTH: FEBRUARY
YEAR: 2020
LATITUDE: 30 47 N
LONGITUDE: 98 40 W
[TEMPERATURE DATA] [PRECIPITATION DATA] SYMBOLS USED IN COLUMN 16
AVERAGE MONTHLY: 51.5 TOTAL FOR MONTH: 0.83 1 = FOG OR MIST
DPTR FM NORMAL: M DPTR FM NORMAL: M 2 = FOG REDUCING VISIBILITY
HIGHEST: 84 ON 17 GRTST 24HR 0.43 ON 11-11 TO 1/4 MILE OR LESS
LOWEST: 25 ON 27 3 = THUNDER
SNOW, ICE PELLETS, HAIL 4 = ICE PELLETS
TOTAL MONTH: M 5 = HAIL
GRTST 24HR M ON M 6 = FREEZING RAIN OR DRIZZLE
GRTST DEPTH: M ON M 7 = DUSTSTORM OR SANDSTORM:
VSBY 1/2 MILE OR LESS
8 = SMOKE OR HAZE
[NO. OF DAYS WITH] [WEATHER - DAYS WITH] 9 = BLOWING SNOW
X = TORNADO
MAX 32 OR BELOW: 0 0.01 INCH OR MORE: 4
MAX 90 OR ABOVE: 0 0.10 INCH OR MORE: 2
MIN 32 OR BELOW: 7 0.50 INCH OR MORE: 0
MIN 0 OR BELOW: 0 1.00 INCH OR MORE: 0
[HDD (BASE 65) ]
TOTAL THIS MO. 392 CLEAR (SCALE 0-3) 16
DPTR FM NORMAL M PTCLDY (SCALE 4-7) 8
TOTAL FM JUL 1 1552 CLOUDY (SCALE 8-10) 5
DPTR FM NORMAL M
[CDD (BASE 65) ]
TOTAL THIS MO. 5
DPTR FM NORMAL M [PRESSURE DATA]
TOTAL FM JAN 1 21 HIGHEST SLP M ON M
DPTR FM NORMAL M LOWEST SLP M ON M
[REMARKS]
#FINAL-02-20#