000
CXUS54 KHGX 011410
CF6ARM
PRELIMINARY LOCAL CLIMATOLOGICAL DATA (WS FORM: F-6)
STATION: Wharton
MONTH: JUNE
YEAR: 2022
LATITUDE: 29 15 N
LONGITUDE: 96 9 W
TEMPERATURE IN F: :PCPN: SNOW: WIND :SUNSHINE: SKY :PK WND
================================================================================
1 2 3 4 5 6A 6B 7 8 9 10 11 12 13 14 15 16 17 18
12Z AVG MX 2MIN
DY MAX MIN AVG DEP HDD CDD WTR SNW DPTH SPD SPD DIR MIN PSBL S-S WX SPD DR
================================================================================
1 90 73 82 M 0 17 T 0.0 0 6.9 15 140 M M 4 21 140
2 92 70 81 M 0 16 0.00 0.0 0 3.7 9 350 M M 4 1 18 320
3 91 72 82 M 0 17 0.00 0.0 0 4.3 12 10 M M 3 18 360
4 91 69 80 M 0 15 0.05 0.0 0 3.1 14 250 M M 2 1 25 0
5 91 68 80 M 0 15 0.00 0.0 0 6.5 15 160 M M 3 1 21 170
6 90 72 81 M 0 16 0.00 0.0 0 11.1 18 170 M M 5 1 25 190
7 91 74 83 M 0 18 0.00 0.0 0 10.5 16 160 M M 4 18 23 160
8 94 73 84 M 0 19 0.00 0.0 0 8.4 15 150 M M 3 1 22 180
9 95 73 84 M 0 19 0.00 0.0 0 3.8 13 180 M M 3 1 20 180
10 96 73 85 M 0 20 0.00 0.0 0 6.9 16 160 M M 3 1 17 180
11 95 75 85 M 0 20 0.00 0.0 0 7.7 15 160 M M 2 18 20 160
12 95 74 85 M 0 20 0.00 0.0 0 10.4 17 160 M M 4 18 22 200
13 94 78 86 M 0 21 0.00 0.0 0 12.3 21 170 M M 4 18 24 180
14 92 76 84 M 0 19 0.00 0.0 0 11.6 18 180 M M 4 18 23 160
15 95 76 86 M 0 21 T 0.0 0 9.2 15 170 M M 4 18 20 170
16 98 72 85 M 0 20 0.00 0.0 0 4.9 13 160 M M 3 18 18 150
17 96 72 84 M 0 19 0.00 0.0 0 4.4 12 150 M M 2 1 24 150
18 97 70 84 M 0 19 0.07 0.0 0 3.4 10 160 M M 2 12 30 150
19 99 71 85 M 0 20 0.21 0.0 0 3.3 9 150 M M 3 1 18 170
20 98 71 85 M 0 20 M 0.0 0 3.0 15 210 M M 2 1 27 210
21 98 75 87 M 0 22 0.00 0.0 0 4.9 17 140 M M 3 1 23 140
22 97 73 85 M 0 20 0.00 0.0 0 4.2 14 140 M M 1 17 140
23 100 71 86 M 0 21 0.00 0.0 0 4.7 14 180 M M 1 18 180
24 98 71 85 M 0 20 0.00 0.0 0 5.9 13 170 M M 1 17 190
25 98 70 84 M 0 19 0.00 0.0 0 5.5 13 170 M M 1 1 18 170
26 100 70 85 M 0 20 0.00 0.0 0 4.5 12 160 M M 1 1 20 170
27 100 70 85 M 0 20 0.42 0.0 0 4.8 27 20 M M 2 3 44 20
28 95 73 84 M 0 19 0.00 0.0 0 6.9 16 240 M M 4 20 10
29 95 72 84 M 0 19 T 0.0 0 5.5 16 100 M M 2 1 23 100
30 87 73 80 M 0 15 0.00 0.0 0 5.7 13 70 M M 2 17 80
================================================================================
SM 2848 2170 0 566 0.75 0.0 188.0 M 82
================================================================================
AV 94.9 72.3 6.3 FASTST M M 3 MAX(MPH)
MISC ----> 27 20 44 20
================================================================================
NOTES:
# LAST OF SEVERAL OCCURRENCES
COLUMN 17 PEAK WIND IN M.P.H.
PRELIMINARY LOCAL CLIMATOLOGICAL DATA (WS FORM: F-6) , PAGE 2
STATION: Wharton
MONTH: JUNE
YEAR: 2022
LATITUDE: 29 15 N
LONGITUDE: 96 9 W
[TEMPERATURE DATA] [PRECIPITATION DATA] SYMBOLS USED IN COLUMN 16
AVERAGE MONTHLY: 83.6 TOTAL FOR MONTH: 0.75 1 = FOG OR MIST
DPTR FM NORMAL: 0.0 DPTR FM NORMAL: M 2 = FOG REDUCING VISIBILITY
HIGHEST: 100 ON 27,26 GRTST 24HR 0.42 ON 27-27 TO 1/4 MILE OR LESS
LOWEST: 68 ON 5 3 = THUNDER
SNOW, ICE PELLETS, HAIL 4 = ICE PELLETS
TOTAL MONTH: 0.0 INCH 5 = HAIL
GRTST 24HR 0.0 6 = FREEZING RAIN OR DRIZZLE
GRTST DEPTH: 0 7 = DUSTSTORM OR SANDSTORM:
VSBY 1/2 MILE OR LESS
8 = SMOKE OR HAZE
[NO. OF DAYS WITH] [WEATHER - DAYS WITH] 9 = BLOWING SNOW
X = TORNADO
MAX 32 OR BELOW: 0 0.01 INCH OR MORE: 4
MAX 90 OR ABOVE: 29 0.10 INCH OR MORE: 2
MIN 32 OR BELOW: 0 0.50 INCH OR MORE: 0
MIN 0 OR BELOW: 0 1.00 INCH OR MORE: 0
[HDD (BASE 65) ]
TOTAL THIS MO. 0 CLEAR (SCALE 0-3) 20
DPTR FM NORMAL M PTCLDY (SCALE 4-7) 10
TOTAL FM JUL 1 1267 CLOUDY (SCALE 8-10) 0
DPTR FM NORMAL M
[CDD (BASE 65) ]
TOTAL THIS MO. 566
DPTR FM NORMAL M [PRESSURE DATA]
TOTAL FM JAN 1 1349 HIGHEST SLP M ON M
DPTR FM NORMAL M LOWEST SLP M ON M
[REMARKS]
#FINAL-06-22#