000
CXUS56 KPQR 011551
CLMAST
CLIMATE REPORT
NATIONAL WEATHER SERVICE PORTLAND OREGON
851 AM PDT TUE AUG 01 2023
...................................
...THE ASTORIA OR CLIMATE SUMMARY FOR THE MONTH OF JULY 2023...
CLIMATE NORMAL PERIOD 1991 TO 2020
CLIMATE RECORD PERIOD 1887 TO 2023
WEATHER OBSERVED NORMAL DEPART LAST YEAR`S
VALUE DATE(S) VALUE FROM VALUE DATE(S)
NORMAL
................................................................
TEMPERATURE (F)
HIGHEST 83 85 07/25
LOWEST 49 51 07/05
07/09
07/19
AVG. MAXIMUM 70.7 67.4 3.3 70.1
AVG. MINIMUM 53.7 53.9 -0.2 55.5
MEAN 62.2 60.6 1.6 62.8
DAYS MAX >= 90 0 0.1 -0.1 0
DAYS MAX <= 32 0 0.0 0.0 0
DAYS MIN <= 32 0 0.0 0.0 0
DAYS MIN <= 0 0 0.0 0.0 0
PRECIPITATION (INCHES)
RECORD
MAXIMUM 7.58 1916
MINIMUM 0.01 1960
TOTALS 0.35 0.83 -0.48 0.32
DAYS >= .01 3 8.1 -5.1 5
DAYS >= .10 2 2.3 -0.3 1
DAYS >= .50 0 0.2 -0.2 0
DAYS >= 1.00 0 0.1 -0.1 0
GREATEST
24 HR. TOTAL 0.17 07/24 TO 07/24
DEGREE DAYS
HEATING TOTAL 79 140 -61 72
SINCE 7/1 79 141 -62 MM
COOLING TOTAL 1 5 -4 9
SINCE 1/1 15 9 6 MM
................................................................
WIND (MPH)
AVERAGE WIND SPEED 7.5
RESULTANT WIND SPEED/DIRECTION 5/300
HIGHEST WIND SPEED/DIRECTION 25/320 DATE 07/18
HIGHEST GUST SPEED/DIRECTION 35/190 DATE 07/24
SKY COVER
POSSIBLE SUNSHINE (PERCENT) MM
AVERAGE SKY COVER 0.49
NUMBER OF DAYS FAIR 13
NUMBER OF DAYS PC 11
NUMBER OF DAYS CLOUDY 7
AVERAGE RH (PERCENT) 77
WEATHER CONDITIONS. NUMBER OF DAYS WITH
THUNDERSTORM 0 MIXED PRECIP 0
HEAVY RAIN 0 RAIN 1
LIGHT RAIN 4 FREEZING RAIN 0
LT FREEZING RAIN 0 HAIL 0
HEAVY SNOW 0 SNOW 0
LIGHT SNOW 0 SLEET 0
FOG 13 FOG W/VIS <= 1/4 MILE 3
HAZE 6
- INDICATES NEGATIVE NUMBERS.
R INDICATES RECORD WAS SET OR TIED.
MM INDICATES DATA IS MISSING.
T INDICATES TRACE AMOUNT.
$$