000
CXUS54 KMAF 011110
CF6ATS
PRELIMINARY LOCAL CLIMATOLOGICAL DATA (WS FORM: F-6)
STATION: ARTESIA
MONTH: OCTOBER
YEAR: 2022
LATITUDE: 32 54 N
LONGITUDE: 104 30 W
TEMPERATURE IN F: :PCPN: SNOW: WIND :SUNSHINE: SKY :PK WND
================================================================================
1 2 3 4 5 6A 6B 7 8 9 10 11 12 13 14 15 16 17 18
12Z AVG MX 2MIN
DY MAX MIN AVG DEP HDD CDD WTR SNW DPTH SPD SPD DIR MIN PSBL S-S WX SPD DR
================================================================================
1 84 54 69 M 0 4 0.00 M M 8.9 16 150 M M 0 24 130
2 82 55 69 M 0 4 0.00 M M 7.4 18 160 M M 0 24 140
3 81 52 67 M 0 2 0.00 M M 6.9 14 170 M M 0 24 130
4 82 57 70 M 0 5 0.08 M M 6.7 22 310 M M 3 3 29 310
5 72 59 66 M 0 1 0.15 M M 6.6 10 280 M M 6 3 15 340
6 73 59 66 M 0 1 0.40 M M 7.6 16 M M M 8 21 310
7 70 57 64 M 1 0 0.20 M M 8.0 13 10 M M 8 15 50
8 66 57 62 M 3 0 0.11 M M 5.3 8 150 M M 9 14 60
9 66 55 61 M 4 0 0.10 M M 5.5 10 80 M M 7 20 300
10 70 54 62 M 3 0 0.00 M M 3.3 9 40 M M 4 13 32 0
11 79 50 65 M 0 0 0.00 M M 6.0 16 270 M M 1 1 20 230
12 79 57 68 M 0 3 0.00 M M 8.7 18 260 M M 0 28 270
13 75 50 63 M 2 0 0.00 M M 5.6 21 340 M M 0 17 340
14 81 50 66 M 0 1 0.00 M M 4.8 12 180 M M 0 13 150
15 84 57 71 M 0 6 0.01 M M 3.8 14 10 M M 1 33 280
16 64 52 58 M 7 0 0.11 M M 15.8 24 340 M M 8 1 31 340
17 54 50 52 M 13 0 0.55 M M 6.9 16 360 M M 10 1 20 360
18 61 48 55 M 10 0 0.00 M M 3.6 9 240 M M 8 M M
19 70 43 57 M 8 0 0.00 M M 4.7 12 220 M M 0 12 170
20 77 45 61 M 4 0 0.00 M M 6.6 12 260 M M 0 M M
21 82 46 64 M 1 0 0.00 M M 5.5 14 240 M M 0 M M
22 84 59 72 M 0 7 0.00 M M 13.6 18 220 M M 1 28 220
23 79 59 69 M 0 4 0.00 M M 16.3 30 220 M M 0 39 210
24 68 39 54 M 11 0 0.08 M M 15.8 28 290 M M 2 41 360
25 66 34 50 M 15 0 0.00 M M 5.8 13 210 M M 0 15 90
26 75 37 56 M 9 0 0.00 M M 8.0 18 220 M M 0 23 220
27 75 45 60 M 5 0 0.00 M M 15.6 32 350 M M 1 45 350
28 63 41 52 M 13 0 0.08 M M 16.2 29 320 M M 4 8 37 320
29 66 39 53 M 12 0 0.00 M M 5.5 9 230 M M 0 12 190
30 70 39 55 M 10 0 0.00 M M 5.8 9 340 M M 0 M M
31 70 43 57 M 8 0 0.00 M M 7.9 16 170 M M 0 20 170
================================================================================
SM 2268 1542 139 38 1.87 M 248.7 M 81
================================================================================
AV 73.2 49.7 8.0 FASTST M M 3 MAX(MPH)
MISC ----> 32 350 45 350
================================================================================
NOTES:
# LAST OF SEVERAL OCCURRENCES
COLUMN 17 PEAK WIND IN M.P.H.
PRELIMINARY LOCAL CLIMATOLOGICAL DATA (WS FORM: F-6) , PAGE 2
STATION: ARTESIA
MONTH: OCTOBER
YEAR: 2022
LATITUDE: 32 54 N
LONGITUDE: 104 30 W
[TEMPERATURE DATA] [PRECIPITATION DATA] SYMBOLS USED IN COLUMN 16
AVERAGE MONTHLY: 61.5 TOTAL FOR MONTH: 1.87 1 = FOG OR MIST
DPTR FM NORMAL: 0.0 DPTR FM NORMAL: M 2 = FOG REDUCING VISIBILITY
HIGHEST: 84 ON 22,15 GRTST 24HR 0.55 ON 17-17 TO 1/4 MILE OR LESS
LOWEST: 34 ON 25 3 = THUNDER
SNOW, ICE PELLETS, HAIL 4 = ICE PELLETS
TOTAL MONTH: M 5 = HAIL
GRTST 24HR M ON M 6 = FREEZING RAIN OR DRIZZLE
GRTST DEPTH: M ON M 7 = DUSTSTORM OR SANDSTORM:
VSBY 1/2 MILE OR LESS
8 = SMOKE OR HAZE
[NO. OF DAYS WITH] [WEATHER - DAYS WITH] 9 = BLOWING SNOW
X = TORNADO
MAX 32 OR BELOW: 0 0.01 INCH OR MORE: 11
MAX 90 OR ABOVE: 0 0.10 INCH OR MORE: 6
MIN 32 OR BELOW: 0 0.50 INCH OR MORE: 1
MIN 0 OR BELOW: 0 1.00 INCH OR MORE: 0
[HDD (BASE 65) ]
TOTAL THIS MO. 139 CLEAR (SCALE 0-3) 20
DPTR FM NORMAL M PTCLDY (SCALE 4-7) 8
TOTAL FM JUL 1 139 CLOUDY (SCALE 8-10) 3
DPTR FM NORMAL M
[CDD (BASE 65) ]
TOTAL THIS MO. 38
DPTR FM NORMAL M [PRESSURE DATA]
TOTAL FM JAN 1 2366 HIGHEST SLP M ON M
DPTR FM NORMAL M LOWEST SLP M ON M
[REMARKS]
#FINAL-10-22#