000
CXUS54 KMAF 011210
CF6ATS
PRELIMINARY LOCAL CLIMATOLOGICAL DATA (WS FORM: F-6)
STATION: ARTESIA
MONTH: FEBRUARY
YEAR: 2022
LATITUDE: 32 54 N
LONGITUDE: 104 30 W
TEMPERATURE IN F: :PCPN: SNOW: WIND :SUNSHINE: SKY :PK WND
================================================================================
1 2 3 4 5 6A 6B 7 8 9 10 11 12 13 14 15 16 17 18
12Z AVG MX 2MIN
DY MAX MIN AVG DEP HDD CDD WTR SNW DPTH SPD SPD DIR MIN PSBL S-S WX SPD DR
================================================================================
1 59 37 48 M 17 0 0.00 M M 7.8 17 10 M M 0 21 260
2 41 19 30 M 35 0 0.00 M M 12.0 18 30 M M 6 21 20
3 25 9 17 M 48 0 0.00 M M 12.9 21 10 M M 7 26 10
4 39 5 22 M 43 0 0.00 M M 5.7 10 260 M M 0 13 360
5 52 10 31 M 34 0 0.00 M M 7.2 15 160 M M 0 21 160
6 55 21 38 M 27 0 0.00 M M 12.7 22 30 M M 2 31 20
7 52 19 36 M 29 0 0.00 M M 6.2 13 220 M M 0 M M
8 66 21 44 M 21 0 0.00 M M 5.2 13 40 M M 0 20 40
9 66 27 47 M 18 0 0.00 M M 10.3 22 160 M M 0 26 160
10 61 32 47 M 18 0 0.00 M M 11.6 20 360 M M 0 28 340
11 70 36 53 M 12 0 0.00 M M 11.5 17 50 M M 0 28 350
12 45 28 37 M 28 0 0.00 M M 9.0 22 20 M M 6 32 20
13 63 23 43 M 22 0 0.00 M M 7.0 15 160 M M 0 22 160
14 72 27 50 M 15 0 0.00 M M 6.9 14 260 M M 0 18 190
15 77 30 54 M 11 0 0.00 M M 13.5 28 200 M M 0 37 230
16 75 46 61 M 4 0 0.00 M M 23.2 39 220 M M 0 8 49 220
17 46 28 37 M 28 0 0.00 M M 12.9 28 260 M M 2 35 260
18 59 21 40 M 25 0 0.00 M M 7.7 13 210 M M 0 13 170
19 63 23 43 M 22 0 0.00 M M 7.9 22 150 M M 0 25 150
20 75 32 54 M 11 0 0.02 M M 9.2 21 220 M M 0 29 220
21 70 39 55 M 10 0 0.00 M M 16.6 30 240 M M 2 8 39 240
22 70 36 53 M 12 0 0.00 M M 16.5 24 210 M M 0 38 210
23 34 19 27 M 38 0 0.00 M M 12.9 14 20 M M 0 21 40
24 M M M M M M 0.00 M M M M M M M M M M
25 46 23 35 M 30 0 0.00 M M 9.3 25 160 M M 0 31 160
26 48 19 34 M 31 0 0.00 M M 4.3 12 130 M M 0 M M
27 57 21 39 M 26 0 0.00 M M 6.4 13 230 M M 0 20 160
28 63 27 45 M 20 0 0.00 M M 4.1 10 170 M M 0 M M
================================================================================
SM 1549 678 635 0 0.02 M 270.3 M 25
================================================================================
AV 57.4 25.1 10.0 FASTST M M 1 MAX(MPH)
MISC ----> 39 220 49 220
================================================================================
NOTES:
# LAST OF SEVERAL OCCURRENCES
COLUMN 17 PEAK WIND IN M.P.H.
PRELIMINARY LOCAL CLIMATOLOGICAL DATA (WS FORM: F-6) , PAGE 2
STATION: ARTESIA
MONTH: FEBRUARY
YEAR: 2022
LATITUDE: 32 54 N
LONGITUDE: 104 30 W
[TEMPERATURE DATA] [PRECIPITATION DATA] SYMBOLS USED IN COLUMN 16
AVERAGE MONTHLY: 41.2 TOTAL FOR MONTH: 0.02 1 = FOG OR MIST
DPTR FM NORMAL: 0.0 DPTR FM NORMAL: 0.02 2 = FOG REDUCING VISIBILITY
HIGHEST: 77 ON 15 GRTST 24HR 0.02 ON 20-20 TO 1/4 MILE OR LESS
LOWEST: 5 ON 4 3 = THUNDER
SNOW, ICE PELLETS, HAIL 4 = ICE PELLETS
TOTAL MONTH: M 5 = HAIL
GRTST 24HR M ON M 6 = FREEZING RAIN OR DRIZZLE
GRTST DEPTH: M ON M 7 = DUSTSTORM OR SANDSTORM:
VSBY 1/2 MILE OR LESS
8 = SMOKE OR HAZE
[NO. OF DAYS WITH] [WEATHER - DAYS WITH] 9 = BLOWING SNOW
X = TORNADO
MAX 32 OR BELOW: 1 0.01 INCH OR MORE: 1
MAX 90 OR ABOVE: 0 0.10 INCH OR MORE: 0
MIN 32 OR BELOW: 22 0.50 INCH OR MORE: 0
MIN 0 OR BELOW: 0 1.00 INCH OR MORE: 0
[HDD (BASE 65) ]
TOTAL THIS MO. 635 CLEAR (SCALE 0-3) 24
DPTR FM NORMAL M PTCLDY (SCALE 4-7) 3
TOTAL FM JUL 1 2188 CLOUDY (SCALE 8-10) 1
DPTR FM NORMAL M
[CDD (BASE 65) ]
TOTAL THIS MO. 0
DPTR FM NORMAL M [PRESSURE DATA]
TOTAL FM JAN 1 0 HIGHEST SLP M ON M
DPTR FM NORMAL M LOWEST SLP M ON M
[REMARKS]
#FINAL-02-22#