000
CXUS54 KEWX 011221
CF6ATT
PRELIMINARY LOCAL CLIMATOLOGICAL DATA (WS FORM: F-6)
STATION: AUSTIN CAMP MABRY
MONTH: OCTOBER
YEAR: 2022
LATITUDE: 30 17 N
LONGITUDE: 97 42 W
TEMPERATURE IN F: :PCPN: SNOW: WIND :SUNSHINE: SKY :PK WND
================================================================================
1 2 3 4 5 6A 6B 7 8 9 10 11 12 13 14 15 16 17 18
12Z AVG MX 2MIN
DY MAX MIN AVG DEP HDD CDD WTR SNW DPTH SPD SPD DIR MIN PSBL S-S WX SPD DR
================================================================================
1 89 56 73 -4 0 8 0.00 0.0 0 1.0 8 20 M M 0 14 110
2 86 55 71 -5 0 6 0.00 0.0 0 1.6 8 130 M M 0 13 130
3 90 58 74 -2 0 9 0.00 0.0 0 0.9 8 140 M M 0 12 130
4 92 61 77 1 0 12 0.00 0.0 0 2.3 7 110 M M 0 14 180
5 90 59 75 0 0 10 0.00 0.0 0 0.7 8 130 M M 0 13 120
6 92 63 78 3 0 13 0.00 0.0 0 1.5 9 100 M M 0 16 90
7 88 67 78 3 0 13 0.00 0.0 0 0.6 6 10 M M 0 9 360
8 90 62 76 2 0 11 0.00 0.0 0 3.7 10 10 M M 1 19 10
9 90 65 78 4 0 13 0.00 0.0 0 2.5 9 130 M M 1 16 150
10 90 64 77 3 0 12 0.00 0.0 0 3.9 13 140 M M 1 23 140
11 90 65 78 4 0 13 0.00 0.0 0 4.8 13 210 M M 2 8 25 170
12 98 72 85 12 0 20 T 0.0 0 3.5 10 140 M M 3 3 20 210
13 90 71 81 8 0 16 0.00 0.0 0 6.3 13 10 M M 0 25 10
14 91 64 78 6 0 13 0.00 0.0 0 3.4 10 150 M M 2 21 150
15 95 73 84 12 0 19 0.00 0.0 0 6.0 13 130 M M 4 21 190
16 93 66 80 8 0 15 0.58 0.0 0 5.2 15 30 M M 6 1 31 50
17 76 60 68 -3 0 3 0.15 0.0 0 7.3 15 20 M M 6 1 28 30
18 70 49 60 -11 5 0 0.00 0.0 0 4.7 14 10 M M 1 23 360
19 76 42 59 -12 6 0 0.00 0.0 0 1.5 9 110 M M 0 16 90
20 87 50 69 -1 0 4 0.00 0.0 0 2.8 9 230 M M 0 19 240
21 88 56 72 2 0 7 0.00 0.0 0 4.0 12 200 M M 0 23 140
22 89 64 77 7 0 12 0.00 0.0 0 7.7 15 200 M M 3 32 170
23 89 68 79 10 0 14 0.00 0.0 0 7.6 17 140 M M 6 31 120
24 86 61 74 5 0 9 0.86 0.0 0 6.6 22 310 M M 9 13 45 320
25 77 50 64 -4 1 0 0.00 0.0 0 4.9 13 340 M M 1 28 340
26 76 46 61 -7 4 0 0.00 0.0 0 1.7 8 130 M M 0 12 120
27 82 51 67 -1 0 2 T 0.0 0 4.3 15 140 M M 3 26 120
28 66 58 62 -5 3 0 0.56 0.0 0 5.5 13 10 M M 9 13 25 10
29 72 56 64 -3 1 0 0.00 0.0 0 4.8 12 320 M M 6 24 310
30 78 52 65 -2 0 0 0.00 0.0 0 2.6 8 280 M M 0 14 290
31 79 54 67 1 0 2 0.03 0.0 0 1.8 7 130 M M 1 3 12 140
================================================================================
SM 2645 1838 20 256 2.18 0.0 115.7 M 65
================================================================================
AV 85.3 59.3 3.7 FASTST M M 2 MAX(MPH)
MISC ----> 22 310 45 320
================================================================================
NOTES:
# LAST OF SEVERAL OCCURRENCES
COLUMN 17 PEAK WIND IN M.P.H.
PRELIMINARY LOCAL CLIMATOLOGICAL DATA (WS FORM: F-6) , PAGE 2
STATION: AUSTIN CAMP MABRY
MONTH: OCTOBER
YEAR: 2022
LATITUDE: 30 17 N
LONGITUDE: 97 42 W
[TEMPERATURE DATA] [PRECIPITATION DATA] SYMBOLS USED IN COLUMN 16
AVERAGE MONTHLY: 72.3 TOTAL FOR MONTH: 2.18 1 = FOG OR MIST
DPTR FM NORMAL: 0.7 DPTR FM NORMAL: -1.73 2 = FOG REDUCING VISIBILITY
HIGHEST: 98 ON 12 GRTST 24HR 0.86 ON 24-24 TO 1/4 MILE OR LESS
LOWEST: 42 ON 19 3 = THUNDER
SNOW, ICE PELLETS, HAIL 4 = ICE PELLETS
TOTAL MONTH: 0.0 INCH 5 = HAIL
GRTST 24HR 0.0 6 = FREEZING RAIN OR DRIZZLE
GRTST DEPTH: 0 7 = DUSTSTORM OR SANDSTORM:
VSBY 1/2 MILE OR LESS
8 = SMOKE OR HAZE
[NO. OF DAYS WITH] [WEATHER - DAYS WITH] 9 = BLOWING SNOW
X = TORNADO
MAX 32 OR BELOW: 0 0.01 INCH OR MORE: 5
MAX 90 OR ABOVE: 13 0.10 INCH OR MORE: 4
MIN 32 OR BELOW: 0 0.50 INCH OR MORE: 3
MIN 0 OR BELOW: 0 1.00 INCH OR MORE: 0
[HDD (BASE 65) ]
TOTAL THIS MO. 20 CLEAR (SCALE 0-3) 22
DPTR FM NORMAL -12 PTCLDY (SCALE 4-7) 7
TOTAL FM JUL 1 20 CLOUDY (SCALE 8-10) 2
DPTR FM NORMAL -11
[CDD (BASE 65) ]
TOTAL THIS MO. 256
DPTR FM NORMAL 18 [PRESSURE DATA]
TOTAL FM JAN 1 3909 HIGHEST SLP 30.38 ON 19
DPTR FM NORMAL 697 LOWEST SLP 29.63 ON 24
[REMARKS]
#FINAL-10-22#