000
CXUS54 KEWX 011009
CLMATT
CLIMATE REPORT
NATIONAL WEATHER SERVICE AUSTIN/SAN ANTONIO
440 AM CDT SAT JUL 01 2023
...................................
...THE AUSTIN CAMP MABRY CLIMATE SUMMARY FOR THE MONTH OF JUNE 2023...
CLIMATE NORMAL PERIOD: 1991 TO 2020
CLIMATE RECORD PERIOD: 1897 TO 2023
WEATHER OBSERVED NORMAL DEPART LAST YEAR`S
VALUE DATE(S) VALUE FROM VALUE DATE(S)
NORMAL
................................................................
TEMPERATURE (F)
HIGHEST 106 06/18 105 06/12
06/20
LOWEST 67 06/04 68 06/04
06/05
06/06
06/10
AVG. MAXIMUM 97.9 93.2 4.7 100.4
AVG. MINIMUM 74.8 72.9 1.9 75.0
MEAN 86.4 83.0 3.4 87.7
DAYS MAX >= 90 26 30
DAYS MAX <= 32 0 0
DAYS MIN <= 32 0 0
DAYS MIN <= 0 0 0
PRECIPITATION (INCHES)
TOTALS 1.16 3.68 -2.52 2.28
DAILY AVG. 0.04 0.12 -0.08 0.08
DAYS >= .01 6 2
DAYS >= .10 3 2
DAYS >= .50 1 2
DAYS >= 1.00 0 1
GREATEST
24 HR. TOTAL 0.67 06/05 TO 06/05
SNOWFALL (INCHES)
TOTALS 0.0 0.0 0.0 0.0
SINCE 7/1 T
DEGREE DAYS
HEATING TOTAL 0 0 0 0
SINCE 7/1 1298 1443 -145 MM
COOLING TOTAL 648 541 107 691
SINCE 1/1 1362 1190 172 MM
................................................................
WIND (MPH)
AVERAGE WIND SPEED 5.3
HIGHEST WIND SPEED/DIRECTION 26/010 DATE 06/16
HIGHEST GUST SPEED/DIRECTION 48/360 DATE 06/16
SKY COVER
POSSIBLE SUNSHINE (PERCENT) MM
AVERAGE SKY COVER 0.24
NUMBER OF DAYS FAIR 25
NUMBER OF DAYS PC 5
NUMBER OF DAYS CLOUDY 0
AVERAGE RH (PERCENT) 65
WEATHER CONDITIONS. NUMBER OF DAYS WITH
THUNDERSTORM 9 MIXED PRECIP 0
HEAVY RAIN 2 RAIN 4
LIGHT RAIN 7 FREEZING RAIN 0
LT FREEZING RAIN 0 HAIL 0
HEAVY SNOW 0 SNOW 0
LIGHT SNOW 0 SLEET 0
FOG 8 FOG W/VIS <= 1/4 MILE 0
HAZE 6
- INDICATES NEGATIVE NUMBERS.
R INDICATES RECORD WAS SET OR TIED.
MM INDICATES DATA IS MISSING.
T INDICATES TRACE AMOUNT.
&&
MONTHLY CLIMATE SUMMARY:
JUNE 2023 WAS THE 6TH WARMEST AND THE 31ST DRIEST JUNE ON RECORD.
SEA LEVEL PRESSURE DATA:
HIGHEST SLP 29.98 ON THE 30TH
LOWEST SLP 29.62 ON THE 18TH
PRELIMINARY LOCAL CLIMATOLOGICAL DATA (WS FORM: F-6)
STATION: AUSTIN CAMP MABRY
MONTH: JUNE
YEAR: 2023
LATITUDE: 30 17 N
LONGITUDE: 97 42 W
TEMPERATURE IN F: :PCPN: SNOW: WIND :SUNSHINE: SKY :PK WND
================================================================================
1 2 3 4 5 6A 6B 7 8 9 10 11 12 13 14 15 16 17 18
12Z AVG MX 2MIN
DY MAX MIN AVG DEP HDD CDD WTR SNW DPTH SPD SPD DIR MIN PSBL S-S WX SPD DR
================================================================================
1 91 72 82 1 0 17 0.00 0.0 0 6.1 15 140 M M 3 22 160
2 91 71 81 0 0 16 0.00 0.0 0 5.3 15 150 M M 3 1 23 160
3 93 68 81 0 0 16 0.05 0.0 0 4.0 17 90 M M 2 3 34 80
4 83 67 75 -7 0 10 T 0.0 0 1.8 8 20 M M 2 14 280
5 88 67 78 -4 0 13 0.67 0.0 0 2.4 9 110 M M 4 13 15 30
6 89 67 78 -4 0 13 0.00 0.0 0 1.4 8 110 M M 1 12 110
7 91 70 81 -1 0 16 0.00 0.0 0 1.3 9 140 M M 1 13 140
8 89 71 80 -2 0 15 T 0.0 0 2.8 8 110 M M 1 3 17 220
9 100 71 86 4 0 21 0.00 0.0 0 2.7 12 150 M M 0 21 180
10 98 67 83 0 0 18 0.21 0.0 0 6.6 18 110 M M 1 13 31 110
11 100 74 87 4 0 22 0.00 0.0 0 6.2 14 130 M M 3 28 130
12 98 77 88 5 0 23 0.00 0.0 0 6.2 17 150 M M 3 35 160
13 94 78 86 3 0 21 0.00 0.0 0 6.3 13 150 M M 7 18 23 190
14 96 80 88 5 0 23 0.00 0.0 0 5.1 10 150 M M 5 8 19 140
15 101 82 92 9 0 27 0.00 0.0 0 6.2 14 150 M M 5 8 26 160
16 103 73 88 5 0 23 0.06 0.0 0 6.1 26 10 M M 4 38 48 360
17 97 78 88 5 0 23 0.00 0.0 0 4.8 13 130 M M 3 13 22 130
18 106 80 93 9 0 28 0.00 0.0 0 6.5 12 210 M M 3 8 23 180
19 104 80 92 8 0 27 0.00 0.0 0 5.8 13 150 M M 3 3 21 140
20 106 80 93 9 0 28 0.00 0.0 0 5.6 12 160 M M 3 21 180
21 103 73 88 4 0 23 0.06 0.0 0 5.5 18 280 M M 3 13 38 290
22 94 75 85 1 0 20 0.11 0.0 0 3.8 12 140 M M 1 13 20 290
23 99 78 89 5 0 24 0.00 0.0 0 6.2 15 140 M M 2 18 26 150
24 103 79 91 7 0 26 0.00 0.0 0 7.1 14 140 M M 1 27 150
25 103 80 92 8 0 27 0.00 0.0 0 7.9 13 130 M M 2 25 190
26 105 78 92 8 0 27 0.00 0.0 0 6.8 13 140 M M 0 24 120
27 105 77 91 7 0 26 0.00 0.0 0 6.3 13 150 M M 0 21 130
28 103 76 90 6 0 25 0.00 0.0 0 6.9 14 140 M M 1 24 160
29 101 79 90 6 0 25 0.00 0.0 0 7.0 14 140 M M 2 23 130
30 102 77 90 6 0 25 0.00 0.0 0 7.2 14 140 M M 2 25 120
================================================================================
SM 2936 2245 0 648 1.16 0.0 157.9 M 71
================================================================================
AV 97.9 74.8 5.3 FASTST M M 2 MAX(MPH)
MISC ----> 26 10 48 360
================================================================================
NOTES:
# LAST OF SEVERAL OCCURRENCES
COLUMN 17 PEAK WIND IN M.P.H.
SYMBOLS USED IN COLUMN 16
1 = FOG OR MIST
2 = FOG REDUCING VISIBILITY TO 1/4 MILE OR LESS
3 = THUNDER
4 = ICE PELLETS
5 = HAIL
6 = FREEZING RAIN OR DRIZZLE
7 = DUSTSTORM OR SANDSTORM: VSBY 1/2 MILE OR LESS
8 = SMOKE OR HAZE
9 = BLOWING SNOW
X = TORNADO
$$