000
CXUS53 KGRB 240703
CF6ATW
PRELIMINARY LOCAL CLIMATOLOGICAL DATA (WS FORM: F-6)
STATION: APPLETON WI
MONTH: JUNE
YEAR: 2021
LATITUDE: 44 16 N
LONGITUDE: 88 31 W
TEMPERATURE IN F: :PCPN: SNOW: WIND :SUNSHINE: SKY :PK WND
================================================================================
1 2 3 4 5 6A 6B 7 8 9 10 11 12 13 14 15 16 17 18
12Z AVG MX 2MIN
DY MAX MIN AVG DEP HDD CDD WTR SNW DPTH SPD SPD DIR MIN PSBL S-S WX SPD DR
================================================================================
1 75 50 63 0 2 0 0.01 M M 6.0 13 160 M M 4 1 M M
2 77 57 67 4 0 2 M M M 6.8 12 150 M M 6 M M
3 84 57 71 8 0 6 M M M 8.2 13 250 M M 6 21 250
4 90 63 77 13 0 12 M M M 12.5 23 240 M M 3 35 240
5 90 68 79 15 0 14 M M M 14.3 21 230 M M 4 26 230
6 88 70 79 15 0 14 M M M 12.8 23 230 M M 3 31 210
7 88 70 79 14 0 14 M M M 9.0 15 160 M M 4 20 220
8 88 68 78 13 0 13 M M M 6.5 14 340 M M 4 23 340
9 90 64 77 12 0 12 M M M 5.3 8 100 M M 4 M M
10 88 64 76 10 0 11 M M M 4.7 15 330 M M 3 28 330
11 90 63 77 11 0 12 M M M 5.5 9 120 M M 3 M M
12 84 63 74 8 0 9 M M M 8.4 15 320 M M 3 21 310
13 84 55 70 3 0 5 M M M 7.6 23 360 M M 2 45 360
14 77 54 66 -1 0 1 M M M 9.4 15 320 M M 3 22 350
15 77 55 66 -1 0 1 M M M 7.8 13 30 M M 4 20 30
16 77 46 62 -6 3 0 M M M 5.0 9 140 M M 0 M M
17 88 57 73 5 0 8 0.40 M M 11.9 18 230 M M 5 3 25 200
18 86 64 75 7 0 10 0.01 M M 11.4 20 280 M M 2 29 290
19 77 57 67 -1 0 2 0.06 M M 7.2 13 20 M M 5 18 350
20 73 55 64 -5 1 0 M M M 5.1 15 190 M M 7 1 M M
21 64 46 55 -14 10 0 M M M 13.7 22 320 M M 7 31 300
22 70 45 58 -11 7 0 M M M 7.7 14 280 M M 6 21 290
23 75 55 65 -5 0 0 M M M 9.0 16 200 M M 6 20 180
================================================================================
SM 1880 1346 23 146 0.48 M 195.6 M 94
================================================================================
AV 81.7 58.5 8.5 FASTST M M 4 MAX(MPH)
MISC ----> # 23 240 45 360
================================================================================
NOTES:
# LAST OF SEVERAL OCCURRENCES
COLUMN 17 PEAK WIND IN M.P.H.
PRELIMINARY LOCAL CLIMATOLOGICAL DATA (WS FORM: F-6) , PAGE 2
STATION: APPLETON WI
MONTH: JUNE
YEAR: 2021
LATITUDE: 44 16 N
LONGITUDE: 88 31 W
[TEMPERATURE DATA] [PRECIPITATION DATA] SYMBOLS USED IN COLUMN 16
AVERAGE MONTHLY: 70.1 TOTAL FOR MONTH: 0.48 1 = FOG OR MIST
DPTR FM NORMAL: 3.9 DPTR FM NORMAL: -2.65 2 = FOG REDUCING VISIBILITY
HIGHEST: 90 ON 11, 9 GRTST 24HR 0.40 ON 17-17 TO 1/4 MILE OR LESS
LOWEST: 45 ON 22 3 = THUNDER
SNOW, ICE PELLETS, HAIL 4 = ICE PELLETS
TOTAL MONTH: M 5 = HAIL
GRTST 24HR M ON M 6 = FREEZING RAIN OR DRIZZLE
GRTST DEPTH: M ON M 7 = DUSTSTORM OR SANDSTORM:
VSBY 1/2 MILE OR LESS
8 = SMOKE OR HAZE
[NO. OF DAYS WITH] [WEATHER - DAYS WITH] 9 = BLOWING SNOW
X = TORNADO
MAX 32 OR BELOW: 0 0.01 INCH OR MORE: 4
MAX 90 OR ABOVE: 4 0.10 INCH OR MORE: 1
MIN 32 OR BELOW: 0 0.50 INCH OR MORE: 0
MIN 0 OR BELOW: 0 1.00 INCH OR MORE: 0
[HDD (BASE 65) ]
TOTAL THIS MO. 23 CLEAR (SCALE 0-3) 6
DPTR FM NORMAL -32 PTCLDY (SCALE 4-7) 17
TOTAL FM JUL 1 6733 CLOUDY (SCALE 8-10) 0
DPTR FM NORMAL -888
[CDD (BASE 65) ]
TOTAL THIS MO. 146
DPTR FM NORMAL 60 [PRESSURE DATA]
TOTAL FM JAN 1 180 HIGHEST SLP M ON M
DPTR FM NORMAL 59 LOWEST SLP M ON M
[REMARKS]