000
CXUS53 KGID 011325 RRA
CF6AUH
PRELIMINARY LOCAL CLIMATOLOGICAL DATA (WS FORM: F-6)
STATION: AURORA NE
MONTH: JULY
YEAR: 2021
LATITUDE: 40 54 N
LONGITUDE: 97 59 W
TEMPERATURE IN F: :PCPN: SNOW: WIND :SUNSHINE: SKY :PK WND
================================================================================
1 2 3 4 5 6A 6B 7 8 9 10 11 12 13 14 15 16 17 18
12Z AVG MX 2MIN
DY MAX MIN AVG DEP HDD CDD WTR SNW DPTH SPD SPD DIR MIN PSBL S-S WX SPD DR
================================================================================
1 83 62 73 M 0 8 0.00 M M 4.7 9 100 M M 2 1 16 80
2 85 59 72 M 0 7 0.00 M M 2.6 8 140 M M 1 1 M M
3 88 64 76 M 0 11 0.00 M M 8.5 14 170 M M 1 18 210
4 91 67 79 M 0 14 0.00 M M 9.8 13 180 M M 1 20 200
5 90 67 79 M 0 14 0.00 M M 7.6 12 160 M M 0 16 210
6 89 66 78 M 0 13 T M M 7.8 12 310 M M 3 3 18 180
7 79 63 71 M 0 6 0.00 M M 8.0 15 10 M M 8 1 20 10
8 88 58 73 M 0 8 0.00 M M 10.0 18 170 M M 1 1 24 170
9 93 67 80 M 0 15 M M M 10.1 24 200 M M 2 3 44 220
10 80 66 73 M 0 8 0.18 M M 10.5 16 330 M M 5 3 25 30
11 79 60 70 M 0 5 0.00 M M 8.7 14 10 M M 4 23 360
12 81 57 69 M 0 4 0.00 M M 1.8 7 150 M M 1 1 M M
13 84 60 72 M 0 7 0.00 M M 4.0 8 150 M M 0 M M
14 82 69 76 M 0 11 0.70 M M 9.2 20 150 M M 5 3 31 150
15 76 67 72 M 0 7 0.01 M M 6.1 9 80 M M 9 1 16 100
16 82 66 74 M 0 9 0.00 M M 4.1 7 120 M M 6 1 M M
17 83 67 75 M 0 10 0.01 M M 6.7 13 130 M M 5 1 M M
18 80 64 72 M 0 7 0.00 M M 6.2 12 120 M M 5 1 16 150
19 81 58 70 M 0 5 0.00 M M 2.3 7 130 M M 2 12 M M
20 82 61 72 M 0 7 0.00 M M 3.4 8 160 M M 1 1 M M
21 84 64 74 M 0 9 0.00 M M 8.4 14 170 M M 1 20 190
22 89 65 77 M 0 12 0.00 M M 10.6 15 200 M M 0 22 200
23 92 68 80 M 0 15 0.00 M M 9.4 14 190 M M 0 18 190
24 87 70 79 M 0 14 0.00 M M 5.4 10 190 M M 3 M M
25 82 63 73 M 0 8 0.00 M M 3.4 8 210 M M 1 1 M M
26 89 61 75 M 0 10 0.00 M M 7.0 12 150 M M 5 12 18 150
27 93 70 82 M 0 17 0.00 M M 6.1 9 180 M M 0 M M
28 95 73 84 M 0 19 0.00 M M 8.3 14 220 M M 0 18 170
29 92 74 83 M 0 18 0.00 M M 6.0 13 40 M M 5 18 210
30 90 72 81 M 0 16 0.00 M M 7.3 13 70 M M 6 1 18 60
31 78 66 72 M 0 7 0.20 M M 6.8 15 40 M M 5 18 25 40
================================================================================
SM 2647 2014 0 321 M M 210.8 M 88
================================================================================
AV 85.4 65.0 6.8 FASTST M M 3 MAX(MPH)
MISC ----> 24 200 M M
================================================================================
NOTES:
# LAST OF SEVERAL OCCURRENCES
COLUMN 17 PEAK WIND IN M.P.H.
PRELIMINARY LOCAL CLIMATOLOGICAL DATA (WS FORM: F-6) , PAGE 2
STATION: AURORA NE
MONTH: JULY
YEAR: 2021
LATITUDE: 40 54 N
LONGITUDE: 97 59 W
[TEMPERATURE DATA] [PRECIPITATION DATA] SYMBOLS USED IN COLUMN 16
AVERAGE MONTHLY: 75.2 TOTAL FOR MONTH: M 1 = FOG OR MIST
DPTR FM NORMAL: 0.0 DPTR FM NORMAL: M 2 = FOG REDUCING VISIBILITY
HIGHEST: 95 ON 28 GRTST 24HR M ON M TO 1/4 MILE OR LESS
LOWEST: 57 ON 12 3 = THUNDER
SNOW, ICE PELLETS, HAIL 4 = ICE PELLETS
TOTAL MONTH: M 5 = HAIL
GRTST 24HR M ON M 6 = FREEZING RAIN OR DRIZZLE
GRTST DEPTH: M ON M 7 = DUSTSTORM OR SANDSTORM:
VSBY 1/2 MILE OR LESS
8 = SMOKE OR HAZE
[NO. OF DAYS WITH] [WEATHER - DAYS WITH] 9 = BLOWING SNOW
X = TORNADO
MAX 32 OR BELOW: 0 0.01 INCH OR MORE: 5
MAX 90 OR ABOVE: 8 0.10 INCH OR MORE: 3
MIN 32 OR BELOW: 0 0.50 INCH OR MORE: 1
MIN 0 OR BELOW: 0 1.00 INCH OR MORE: 0
[HDD (BASE 65) ]
TOTAL THIS MO. 0 CLEAR (SCALE 0-3) 18
DPTR FM NORMAL M PTCLDY (SCALE 4-7) 12
TOTAL FM JUL 1 0 CLOUDY (SCALE 8-10) 1
DPTR FM NORMAL M
[CDD (BASE 65) ]
TOTAL THIS MO. 321
DPTR FM NORMAL M [PRESSURE DATA]
TOTAL FM JAN 1 712 HIGHEST SLP M ON M
DPTR FM NORMAL 702 LOWEST SLP M ON M
[REMARKS]
#FINAL-07-21#