000
CXUS54 KEWX 051240
CF6AUS
PRELIMINARY LOCAL CLIMATOLOGICAL DATA (WS FORM: F-6)
STATION: AUSTIN BERGSTROM
MONTH: JUNE
YEAR: 2021
LATITUDE: 30 13 N
LONGITUDE: 97 40 W
TEMPERATURE IN F: :PCPN: SNOW: WIND :SUNSHINE: SKY :PK WND
================================================================================
1 2 3 4 5 6A 6B 7 8 9 10 11 12 13 14 15 16 17 18
12Z AVG MX 2MIN
DY MAX MIN AVG DEP HDD CDD WTR SNW DPTH SPD SPD DIR MIN PSBL S-S WX SPD DR
================================================================================
1 83 66 75 -5 0 10 0.27 0.0 0 6.5 16 40 M M 9 1 22 20
2 86 63 75 -5 0 10 0.50 0.0 0 5.3 25 330 M M 6 13 37 330
3 72 63 68 -13 0 3 2.32 0.0 0 4.7 29 360 M M 9 13 48 10
4 83 67 75 -6 0 10 0.00 0.0 0 4.4 13 30 M M 9 20 110
5 82 65 74 -7 0 9 0.16 0.0 0 2.7 15 240 M M 8 13 24 250
6 88 64 76 -5 0 11 0.00 0.0 0 7.6 17 150 M M 6 1 25 130
7 91 76 84 3 0 19 0.00 0.0 0 10.6 24 150 M M 8 33 150
8 90 73 82 0 0 17 T 0.0 0 11.2 22 150 M M 7 1 30 150
9 92 73 83 1 0 18 0.00 0.0 0 10.6 18 160 M M 6 26 170
10 92 76 84 2 0 19 0.00 0.0 0 11.5 18 170 M M 5 25 170
11 91 75 83 1 0 18 0.00 0.0 0 11.7 20 190 M M 6 27 190
12 91 74 83 1 0 18 0.00 0.0 0 7.1 15 190 M M 6 20 180
13 96 72 84 2 0 19 0.00 0.0 0 2.9 10 100 M M 3 15 150
14 96 70 83 1 0 18 0.00 0.0 0 3.4 21 120 M M 3 33 120
15 95 71 83 1 0 18 0.00 0.0 0 5.3 23 120 M M 2 33 100
16 94 67 81 -1 0 16 0.00 0.0 0 3.9 13 80 M M 2 22 100
17 95 69 82 -1 0 17 0.00 0.0 0 4.0 12 120 M M 2 19 110
18 91 68 80 -3 0 15 0.00 0.0 0 4.3 13 100 M M 3 17 60
19 93 63 78 -5 0 13 0.00 0.0 0 5.9 13 180 M M 2 20 160
20 92 69 81 -2 0 16 0.00 0.0 0 10.3 21 170 M M 5 28 150
21 93 78 86 3 0 21 0.02 0.0 0 8.9 18 170 M M 7 13 25 160
22 87 72 80 -3 0 15 T 0.0 0 8.0 21 40 M M 7 3 28 30
23 94 74 84 1 0 19 0.00 0.0 0 8.0 16 190 M M 5 1 24 190
24 94 74 84 1 0 19 0.00 0.0 0 11.1 21 150 M M 4 25 140
25 93 76 85 2 0 20 0.00 0.0 0 12.3 22 180 M M 5 32 170
26 94 73 84 1 0 19 0.00 0.0 0 13.1 24 140 M M 5 31 140
27 89 69 79 -4 0 14 0.02 0.0 0 5.4 15 80 M M 5 18 120
28 89 71 80 -3 0 15 0.02 0.0 0 5.9 23 80 M M 7 30 110
29 87 70 79 -4 0 14 0.33 0.0 0 6.1 26 140 M M 7 1 32 140
30 91 72 82 -1 0 17 T 0.0 0 4.4 14 200 M M 6 1 19 40
================================================================================
SM 2704 2113 0 467 3.64 0.0 217.1 M 165
================================================================================
AV 90.1 70.4 7.2 FASTST M M 6 MAX(MPH)
MISC ----> 29 360 48 10
================================================================================
NOTES:
# LAST OF SEVERAL OCCURRENCES
COLUMN 17 PEAK WIND IN M.P.H.
PRELIMINARY LOCAL CLIMATOLOGICAL DATA (WS FORM: F-6) , PAGE 2
STATION: AUSTIN BERGSTROM
MONTH: JUNE
YEAR: 2021
LATITUDE: 30 13 N
LONGITUDE: 97 40 W
[TEMPERATURE DATA] [PRECIPITATION DATA] SYMBOLS USED IN COLUMN 16
AVERAGE MONTHLY: 80.3 TOTAL FOR MONTH: 3.64 1 = FOG OR MIST
DPTR FM NORMAL: -1.9 DPTR FM NORMAL: 0.27 2 = FOG REDUCING VISIBILITY
HIGHEST: 96 ON 14,13 GRTST 24HR 2.82 ON 2- 3 TO 1/4 MILE OR LESS
LOWEST: 63 ON 19, 3 3 = THUNDER
SNOW, ICE PELLETS, HAIL 4 = ICE PELLETS
TOTAL MONTH: 0.0 INCH 5 = HAIL
GRTST 24HR 0.0 6 = FREEZING RAIN OR DRIZZLE
GRTST DEPTH: 0 7 = DUSTSTORM OR SANDSTORM:
VSBY 1/2 MILE OR LESS
8 = SMOKE OR HAZE
[NO. OF DAYS WITH] [WEATHER - DAYS WITH] 9 = BLOWING SNOW
X = TORNADO
MAX 32 OR BELOW: 0 0.01 INCH OR MORE: 8
MAX 90 OR ABOVE: 20 0.10 INCH OR MORE: 5
MIN 32 OR BELOW: 0 0.50 INCH OR MORE: 2
MIN 0 OR BELOW: 0 1.00 INCH OR MORE: 1
[HDD (BASE 65) ]
TOTAL THIS MO. 0 CLEAR (SCALE 0-3) 5
DPTR FM NORMAL 0 PTCLDY (SCALE 4-7) 22
TOTAL FM JUL 1 1699 CLOUDY (SCALE 8-10) 3
DPTR FM NORMAL -19
[CDD (BASE 65) ]
TOTAL THIS MO. 467
DPTR FM NORMAL -50 [PRESSURE DATA]
TOTAL FM JAN 1 901 HIGHEST SLP 30.09 ON 1
DPTR FM NORMAL -195 LOWEST SLP 29.69 ON 6
[REMARKS]
#FINAL-06-21#