000
CXUS51 KBGM 010810
CF6AVP
PRELIMINARY LOCAL CLIMATOLOGICAL DATA (WS FORM: F-6)
STATION: AVOCA PA
MONTH: JUNE
YEAR: 2022
LATITUDE: 41 19 N
LONGITUDE: 75 44 W
TEMPERATURE IN F: :PCPN: SNOW: WIND :SUNSHINE: SKY :PK WND
================================================================================
1 2 3 4 5 6A 6B 7 8 9 10 11 12 13 14 15 16 17 18
12Z AVG MX 2MIN
DY MAX MIN AVG DEP HDD CDD WTR SNW DPTH SPD SPD DIR MIN PSBL S-S WX SPD DR
================================================================================
1 85 66 76 11 0 11 0.43 0.0 M 4.7 25 30 M M 6 138 33 30
2 76 64 70 5 0 5 0.10 0.0 M 4.6 10 340 M M 8 1 13 20
3 77 56 67 1 0 2 0.09 0.0 M 6.8 17 310 M M 3 18 22 320
4 78 51 65 -1 0 0 0.00 0.0 M 6.4 18 340 M M 0 25 330
5 77 47 62 -4 3 0 0.00 0.0 M 3.5 9 110 M M 0 12 300
6 81 52 67 1 0 2 0.00 0.0 M 7.0 16 260 M M 0 8 22 140
7 76 59 68 1 0 3 0.16 0.0 M 6.4 15 180 M M 6 18 25 210
8 77 62 70 3 0 5 0.37 0.0 M 5.1 13 360 M M 4 1 20 120
9 74 54 64 -3 1 0 0.64 0.0 M 10.7 22 320 M M 7 1 30 330
10 75 55 65 -3 0 0 0.00 0.0 M 5.8 13 290 M M 3 8 17 320
11 75 53 64 -4 1 0 T 0.0 M 3.5 20 330 M M 2 28 330
12 76 56 66 -2 0 1 0.05 0.0 M 4.7 12 200 M M 6 18 17 190
13 83 62 73 5 0 8 0.00 0.0 M 4.3 12 360 M M 4 1 16 10
14 83 61 72 3 0 7 T 0.0 M 4.9 14 330 M M 2 19 10
15 86 58 72 3 0 7 0.00 0.0 M 4.5 12 220 M M 1 8 22 170
16 73 64 69 0 0 4 0.25 0.0 M 5.7 15 30 M M 9 38 21 40
17 87 67 77 7 0 12 0.00 0.0 M 9.5 21 290 M M 2 18 25 280
18 71 54 63 -7 2 0 T 0.0 M 9.8 22 320 M M 7 8 30 320
19 70 48 59 -11 6 0 0.00 0.0 M 9.8 22 330 M M 1 31 350
20 79 44 62 -8 3 0 0.00 0.0 M 4.9 16 300 M M 0 8 22 320
21 80 52 66 -5 0 1 T 0.0 M 4.2 12 360 M M 3 14 360
22 79 63 71 0 0 6 T 0.0 M 5.7 15 120 M M 6 3 23 110
23 71 59 65 -6 0 0 1.00 0.0 M 3.0 7 200 M M 9 1 12 200
24 84 57 71 0 0 6 0.00 0.0 M 3.3 9 270 M M 3 14 280
25 89 63 76 4 0 11 0.00 0.0 M 3.0 9 310 M M 1 15 310
26 87 65 76 4 0 11 T 0.0 M 5.7 15 210 M M 3 23 200
27 81 59 70 -2 0 5 0.09 0.0 M 6.1 18 290 M M 6 18 25 290
28 78 53 66 -6 0 1 0.00 0.0 M 5.5 14 320 M M 1 8 17 310
29 84 55 70 -2 0 5 0.00 0.0 M 6.6 18 260 M M 1 8 23 260
30 87 59 73 1 0 8 0.00 0.0 M 3.5 15 270 M M 2 8 19 270
================================================================================
SM 2379 1718 16 121 3.18 0.0 169.2 M 106
================================================================================
AV 79.3 57.3 5.6 FASTST M M 4 MAX(MPH)
MISC ----> 25 30 33 30
================================================================================
NOTES:
# LAST OF SEVERAL OCCURRENCES
COLUMN 17 PEAK WIND IN M.P.H.
PRELIMINARY LOCAL CLIMATOLOGICAL DATA (WS FORM: F-6) , PAGE 2
STATION: AVOCA PA
MONTH: JUNE
YEAR: 2022
LATITUDE: 41 19 N
LONGITUDE: 75 44 W
[TEMPERATURE DATA] [PRECIPITATION DATA] SYMBOLS USED IN COLUMN 16
AVERAGE MONTHLY: 68.3 TOTAL FOR MONTH: 3.18 1 = FOG OR MIST
DPTR FM NORMAL: -0.7 DPTR FM NORMAL: -0.62 2 = FOG REDUCING VISIBILITY
HIGHEST: 89 ON 25 GRTST 24HR 1.00 ON 23-23 TO 1/4 MILE OR LESS
LOWEST: 44 ON 20 3 = THUNDER
SNOW, ICE PELLETS, HAIL 4 = ICE PELLETS
TOTAL MONTH: 0.0 INCH 5 = HAIL
GRTST 24HR 0.0 6 = FREEZING RAIN OR DRIZZLE
GRTST DEPTH: M ON M 7 = DUSTSTORM OR SANDSTORM:
VSBY 1/2 MILE OR LESS
8 = SMOKE OR HAZE
[NO. OF DAYS WITH] [WEATHER - DAYS WITH] 9 = BLOWING SNOW
X = TORNADO
MAX 32 OR BELOW: 0 0.01 INCH OR MORE: 10
MAX 90 OR ABOVE: 0 0.10 INCH OR MORE: 7
MIN 32 OR BELOW: 0 0.50 INCH OR MORE: 2
MIN 0 OR BELOW: 0 1.00 INCH OR MORE: 1
[HDD (BASE 65) ]
TOTAL THIS MO. 16 CLEAR (SCALE 0-3) 18
DPTR FM NORMAL -17 PTCLDY (SCALE 4-7) 10
TOTAL FM JUL 1 5178 CLOUDY (SCALE 8-10) 2
DPTR FM NORMAL -562
[CDD (BASE 65) ]
TOTAL THIS MO. 121
DPTR FM NORMAL -32 [PRESSURE DATA]
TOTAL FM JAN 1 200 HIGHEST SLP 30.25 ON 30
DPTR FM NORMAL -11 LOWEST SLP 29.55 ON 9
[REMARKS]
#FINAL-06-22#