000
CXUS51 KBGM 051509 CCB
CF6AVP

PRELIMINARY LOCAL CLIMATOLOGICAL DATA (WS FORM: F-6)

                                          STATION:   AVOCA PA
                                          MONTH:     FEBRUARY
                                          YEAR:      2018
                                          LATITUDE:   41 19 N
                                          LONGITUDE:  75 44 W

  TEMPERATURE IN F:       :PCPN:    SNOW:  WIND      :SUNSHINE: SKY     :PK WND
================================================================================
1   2   3   4   5  6A  6B    7    8   9   10  11  12  13   14  15   16   17  18
                                     12Z  AVG MX 2MIN
DY MAX MIN AVG DEP HDD CDD  WTR  SNW DPTH SPD SPD DIR MIN PSBL S-S WX    SPD DR
================================================================================

 1  42  28  35   9  30   0 0.06    T    M  2.8 13 330   M    M   8 1      17 210
 2  33  11  22  -5  43   0 0.05  0.7    M 13.1 26 290   M    M   8 18     35 330
 3  28  10  19  -8  46   0 0.00  0.0    M  8.6 17 250   M    M   5        24 210
 4  34  25  30   3  35   0 0.54  2.4    M  5.2 16 210   M    M  10 128    25 200
 5  33  13  23  -4  42   0    T    T    M  8.7 25 320   M    M   5 128    35 330
 6  32  15  24  -3  41   0 0.02  0.6    M  4.1 12 240   M    M   8 18     15 230
 7  37  21  29   2  36   0 0.69  2.7    M  8.0 25 330   M    M   8 126    33 320
 8  25  18  22  -5  43   0 0.00  0.0    M  7.9 22 330   M    M   5        25 340
 9  33  14  24  -4  41   0 0.03  0.2    M  4.4 12 210   M    M   7 18     16 190
10  45  32  39  11  26   0 0.09  0.0    M  2.6  8 200   M    M   7 128    16 230
11  45  35  40  12  25   0 0.44  0.0    M  2.4  9  50   M    M  10 12     13  40
12  42  24  33   5  32   0 0.00  0.0    M  9.8 17 300   M    M   4 12     22 340
13  38  19  29   1  36   0 0.00  0.0    M  4.3 13 220   M    M   2        16 220
14  45  32  39  11  26   0 0.11  0.0    M  4.4 13 210   M    M  10 18     18 210
15  60  38  49  20  16   0 0.06  0.0    M  2.8 10 240   M    M   8 12     15 230
16  54  28  41  12  24   0 0.32  0.0    M  8.8 25 340   M    M   9 12     36 320
17  38  19  29   0  36   0 0.26  2.8    M  4.4 14 340   M    M   4 18     22 180
18  41  29  35   6  30   0    T  0.2    M  6.0 18 310   M    M   5 1      26 340
19  44  27  36   6  29   0 0.10  0.0    M  6.2 14 220   M    M   7 1      21 200
20  65  39  52  22  13   0 0.00  0.0    M  3.7 10 230   M    M   5 12     12 220
21  76  41  59  29   6   0 0.01  0.0    M  7.0 30 340   M    M   4 1      38 340
22  41  36  39   9  26   0 0.60  0.0    M  6.3 15  10   M    M   9 1      18  30
23  39  35  37   7  28   0 0.10  0.0    M  5.1 13 270   M    M  10 1      15 200
24  45  39  42  11  23   0 0.35  0.0    M  3.9 10  30   M    M  10 12     13 240
25  48  39  44  13  21   0 0.50  0.0    M  4.1 17 120   M    M   9 1      30 130
26  50  37  44  13  21   0 0.00  0.0    M  6.1 13 340   M    M   1 1      17 230
27  55  27  41  10  24   0 0.00  0.0    M  4.7 17 240   M    M   0        23 230
28  61  34  48  16  17   0    T  0.0    M  5.3 16 230   M    M   4 8      22 230
================================================================================
SM 1229  765       816   0  4.33     9.6 160.7          M      182
================================================================================
AV 43.9 27.3                               5.7 FASTST   M    M   7    MAX(MPH)
                                 MISC ---->  # 30 340               # 38  340
================================================================================
NOTES:
# LAST OF SEVERAL OCCURRENCES

COLUMN 17 PEAK WIND IN M.P.H.

PRELIMINARY LOCAL CLIMATOLOGICAL DATA (WS FORM: F-6) , PAGE 2

                                          STATION:  AVOCA PA
                                          MONTH:    FEBRUARY
                                          YEAR:     2018
                                          LATITUDE:   41 19 N
                                          LONGITUDE:  75 44 W

[TEMPERATURE DATA]      [PRECIPITATION DATA]       SYMBOLS USED IN COLUMN 16

AVERAGE MONTHLY: 35.6   TOTAL FOR MONTH:   4.33    1 = FOG OR MIST
DPTR FM NORMAL:   6.8   DPTR FM NORMAL:    2.30    2 = FOG REDUCING VISIBILITY
HIGHEST:    76 ON 21    GRTST 24HR  0.84 ON 24-25      TO 1/4 MILE OR LESS
LOWEST:     10 ON  3                               3 = THUNDER
                        SNOW, ICE PELLETS, HAIL    4 = ICE PELLETS
                        TOTAL MONTH:   9.6 INCHES  5 = HAIL
                        GRTST 24HR   2.8 ON 17-17  6 = FREEZING RAIN OR DRIZZLE
                        GRTST DEPTH:   M           7 = DUSTSTORM OR SANDSTORM:
                                                       VSBY 1/2 MILE OR LESS
                                                   8 = SMOKE OR HAZE
[NO. OF DAYS WITH]      [WEATHER - DAYS WITH]      9 = BLOWING SNOW
                                                   X = TORNADO
MAX 32 OR BELOW:   3    0.01 INCH OR MORE:  18
MAX 90 OR ABOVE:   0    0.10 INCH OR MORE:  11
MIN 32 OR BELOW:  18    0.50 INCH OR MORE:   4
MIN  0 OR BELOW:   0    1.00 INCH OR MORE:   0

[HDD (BASE 65) ]
TOTAL THIS MO.   816    CLEAR  (SCALE 0-3)   3
DPTR FM NORMAL  -199    PTCLDY (SCALE 4-7)  16
TOTAL FM JUL 1  4191    CLOUDY (SCALE 8-10)  9
DPTR FM NORMAL  -415

[CDD (BASE 65) ]
TOTAL THIS MO.     0
DPTR FM NORMAL     0    [PRESSURE DATA]
TOTAL FM JAN 1     0    HIGHEST SLP 30.82 ON 13
DPTR FM NORMAL     0    LOWEST  SLP 29.57 ON 16

[REMARKS]
#FINAL-02-18#
CORRECTED SNOW DEPTHS ALL TO MISSING
5TH WARMEST FEBRUARY
8TH WETTEST FEBRUARY
ON DAY 21, 76 DEGREES THE WARMEST FEBRUARY TEMPERATURE EVER
ALSO ON DAY 21, AVERAGE TEMPERATURE OF 59 THE 4TH WARMEST FOR
FEBRUARY. (WARMEST FEBRUARY AVERAGE TEMPERATURE 64 ON 2/24/2017)
