000
CDUS41 KBGM 172244
CLIAVP


CLIMATE REPORT
NATIONAL WEATHER SERVICE BINGHAMTON NY
643 PM EDT TUE APR 17 2018


...................................

...THE AVOCA PA CLIMATE SUMMARY FOR APRIL 17 2018...
VALID TODAY AS OF 0500 PM LOCAL TIME.

CLIMATE NORMAL PERIOD 1981 TO 2010
CLIMATE RECORD PERIOD 1901 TO 2018


WEATHER ITEM   OBSERVED TIME   RECORD YEAR NORMAL DEPARTURE LAST
                VALUE   (LST)  VALUE       VALUE  FROM      YEAR
                                                  NORMAL
..................................................................
TEMPERATURE (F)
 TODAY
  MAXIMUM         39    115 PM  90    2002  60    -21       69
  MINIMUM         34    343 PM  23    1908  39     -5       49
  AVERAGE         37                        49    -12       59

PRECIPITATION (IN)
  TODAY            T             1.08 1982   0.11  -0.11     0.00
  MONTH TO DATE    2.07                      1.88   0.19     1.92
  SINCE MAR 1      4.89                      4.43   0.46     7.37
  SINCE JAN 1     11.90                      8.83   3.07    13.60

SNOWFALL (IN)
  TODAY           MM             T    1993   0.1   MM        0.0
                                      1978
  MONTH TO DATE    4.4                       2.1    2.3      0.1
  SINCE MAR 1     24.3                      11.1   13.2     30.7
  SINCE JUL 1     51.4                      45.0    6.4     55.5

DEGREE DAYS
 HEATING
  TODAY           28                        16     12        6
  MONTH TO DATE  394                       323     71      200
  SINCE MAR 1   1339                      1194    145     1135
  SINCE JUL 1   5530                      5800   -270     4890

 COOLING
  TODAY            0                         0      0        0
  MONTH TO DATE    4                         0      4       10
  SINCE MAR 1      4                         0      4       10
  SINCE JAN 1      4                         0      4       10
..................................................................


WIND (MPH)
  HIGHEST WIND SPEED    20   HIGHEST WIND DIRECTION     W (270)
  HIGHEST GUST SPEED    25   HIGHEST GUST DIRECTION    SW (240)
  AVERAGE WIND SPEED    10.9


SKY COVER
  AVERAGE SKY COVER 1.0


WEATHER CONDITIONS
 THE FOLLOWING WEATHER WAS RECORDED TODAY.
  LIGHT RAIN
  LIGHT SNOW
  FOG
  HAZE


RELATIVE HUMIDITY (PERCENT)
 HIGHEST    92          1200 AM
 LOWEST     64           300 PM
 AVERAGE    78

..........................................................


THE AVOCA PA CLIMATE NORMALS FOR TOMORROW
                         NORMAL    RECORD    YEAR
 MAXIMUM TEMPERATURE (F)   60        92      1976
 MINIMUM TEMPERATURE (F)   39        28      2001
                                             1948


SUNRISE AND SUNSET
APRIL 17 2018.........SUNRISE   620 AM EDT   SUNSET   745 PM EDT
APRIL 18 2018.........SUNRISE   619 AM EDT   SUNSET   746 PM EDT


-  INDICATES NEGATIVE NUMBERS.
R  INDICATES RECORD WAS SET OR TIED.
MM INDICATES DATA IS MISSING.
T  INDICATES TRACE AMOUNT.




$$
