000
CDUS41 KBGM 220224
CLIAVP


CLIMATE REPORT
NATIONAL WEATHER SERVICE BINGHAMTON NY
1024 PM EDT MON MAY 21 2018


...................................

...THE AVOCA PA CLIMATE SUMMARY FOR MAY 21 2018...
VALID AS OF 1000 PM LOCAL TIME.

CLIMATE NORMAL PERIOD 1981 TO 2010
CLIMATE RECORD PERIOD 1901 TO 2018


WEATHER ITEM   OBSERVED TIME   RECORD YEAR NORMAL DEPARTURE LAST
                VALUE   (LST)  VALUE       VALUE  FROM      YEAR
                                                  NORMAL
..................................................................
TEMPERATURE (F)
 TODAY
  MAXIMUM         77    456 PM  92    1934  71      6       69
                                      1911
  MINIMUM         51    415 AM  30    2002  49      2       49
  AVERAGE         64                        60      4       59

PRECIPITATION (IN)
  TODAY            0.00          1.52 1947   0.12  -0.12     0.00
  MONTH TO DATE    3.88                      2.31   1.57     2.62
  SINCE MAR 1     10.37                      8.19   2.18    11.06
  SINCE JAN 1     17.38                     12.59   4.79    17.29

SNOWFALL (IN)
  TODAY            0.0           0.0    MM   0.0    0.0      0.0
  MONTH TO DATE    0.0                       0.3   -0.3      0.0
  SINCE MAR 1     24.8                      12.6   12.2     30.7
  SINCE JUL 1     51.9                      46.5    5.4     55.5

DEGREE DAYS
 HEATING
  TODAY            1                         6     -5        6
  MONTH TO DATE   77                       178   -101      187
  SINCE MAR 1   1636                      1545     91     1411
  SINCE JUL 1   5827                      6151   -324     5166

 COOLING
  TODAY            0                         1     -1        0
  MONTH TO DATE   35                        14     21       26
  SINCE MAR 1     39                        20     19       48
  SINCE JAN 1     39                        20     19       48
..................................................................


WIND (MPH)
  HIGHEST WIND SPEED    12   HIGHEST WIND DIRECTION     W (290)
  HIGHEST GUST SPEED    15   HIGHEST GUST DIRECTION    NW (300)
  AVERAGE WIND SPEED     2.2


SKY COVER
  AVERAGE SKY COVER 0.2


WEATHER CONDITIONS
 THE FOLLOWING WEATHER WAS RECORDED TODAY.
  FOG
  FOG W/VISIBILITY <= 1/4 MILE


RELATIVE HUMIDITY (PERCENT)
 HIGHEST   100          1200 AM
 LOWEST     33           300 PM
 AVERAGE    67

..........................................................


THE AVOCA PA CLIMATE NORMALS FOR TOMORROW
                         NORMAL    RECORD    YEAR
 MAXIMUM TEMPERATURE (F)   71        93      1911
 MINIMUM TEMPERATURE (F)   49        31      2002


SUNRISE AND SUNSET
MAY 21 2018...........SUNRISE   539 AM EDT   SUNSET   821 PM EDT
MAY 22 2018...........SUNRISE   538 AM EDT   SUNSET   822 PM EDT


-  INDICATES NEGATIVE NUMBERS.
R  INDICATES RECORD WAS SET OR TIED.
MM INDICATES DATA IS MISSING.
T  INDICATES TRACE AMOUNT.




$$
