000
CDUS41 KBGM 210722
CLIAVP


CLIMATE REPORT
NATIONAL WEATHER SERVICE BINGHAMTON NY
321 AM EDT MON MAY 21 2018


...................................

...THE AVOCA PA CLIMATE SUMMARY FOR MAY 20 2018...

CLIMATE NORMAL PERIOD 1981 TO 2010
CLIMATE RECORD PERIOD 1901 TO 2018


WEATHER ITEM   OBSERVED TIME   RECORD YEAR NORMAL DEPARTURE LAST
                VALUE   (LST)  VALUE       VALUE  FROM      YEAR
                                                  NORMAL
..................................................................
TEMPERATURE (F)
 YESTERDAY
  MAXIMUM         72    146 PM  91    1996  71      1       70
                                      1959
  MINIMUM         53   1159 PM  33    2002  49      4       50
  AVERAGE         63                        60      3       60

PRECIPITATION (IN)
  YESTERDAY        0.03          1.36 1949   0.12  -0.09     0.03
  MONTH TO DATE    3.88                      2.19   1.69     2.62
  SINCE MAR 1     10.37                      8.07   2.30    11.06
  SINCE JAN 1     17.38                     12.47   4.91    17.29

SNOWFALL (IN)
  YESTERDAY        0.0           0.0    MM   0.0    0.0      0.0
  MONTH TO DATE    0.0                       0.3   -0.3      0.0
  SINCE MAR 1     24.8                      12.6   12.2     30.7
  SINCE JUL 1     51.9                      46.5    5.4     55.5

DEGREE DAYS
 HEATING
  YESTERDAY        2                         6     -4        5
  MONTH TO DATE   76                       172    -96      181
  SINCE MAR 1   1635                      1539     96     1405
  SINCE JUL 1   5826                      6145   -319     5160

 COOLING
  YESTERDAY        0                         1     -1        0
  MONTH TO DATE   35                        13     22       26
  SINCE MAR 1     39                        19     20       48
  SINCE JAN 1     39                        19     20       48
..................................................................


WIND (MPH)
  HIGHEST WIND SPEED    17   HIGHEST WIND DIRECTION    SW (240)
  HIGHEST GUST SPEED    24   HIGHEST GUST DIRECTION    SW (230)
  AVERAGE WIND SPEED     6.3


SKY COVER
  AVERAGE SKY COVER 0.8



RELATIVE HUMIDITY (PERCENT)
 HIGHEST   100           100 AM
 LOWEST     68           500 PM
 AVERAGE    84

..........................................................


THE AVOCA PA CLIMATE NORMALS FOR TODAY
                         NORMAL    RECORD    YEAR
 MAXIMUM TEMPERATURE (F)   71        92      1934
                                             1911
 MINIMUM TEMPERATURE (F)   49        30      2002


SUNRISE AND SUNSET
MAY 21 2018...........SUNRISE   539 AM EDT   SUNSET   821 PM EDT
MAY 22 2018...........SUNRISE   538 AM EDT   SUNSET   822 PM EDT


-  INDICATES NEGATIVE NUMBERS.
R  INDICATES RECORD WAS SET OR TIED.
MM INDICATES DATA IS MISSING.
T  INDICATES TRACE AMOUNT.

$$
