477
CDUS41 KBGM 190251
CLIAVP


CLIMATE REPORT
NATIONAL WEATHER SERVICE BINGHAMTON NY
1050 PM EDT WED APR 18 2018


...................................

...THE AVOCA PA CLIMATE SUMMARY FOR APRIL 18 2018...
VALID AS OF 1000 PM LOCAL TIME.

CLIMATE NORMAL PERIOD 1981 TO 2010
CLIMATE RECORD PERIOD 1901 TO 2018


WEATHER ITEM   OBSERVED TIME   RECORD YEAR NORMAL DEPARTURE LAST
                VALUE   (LST)  VALUE       VALUE  FROM      YEAR
                                                  NORMAL
..................................................................
TEMPERATURE (F)
 TODAY
  MAXIMUM         48    416 PM  92    1976  60    -12       65
  MINIMUM         32    249 AM  28    2001  39     -7       42
                                      1948
  AVERAGE         40                        50    -10       54

PRECIPITATION (IN)
  TODAY            0.00          0.80 1924   0.11  -0.11     0.00
  MONTH TO DATE    2.08                      1.99   0.09     1.92
  SINCE MAR 1      4.90                      4.54   0.36     7.37
  SINCE JAN 1     11.91                      8.94   2.97    13.60

SNOWFALL (IN)
  TODAY            0.0           5.5  1983   0.1   -0.1      0.0
  MONTH TO DATE    4.6                       2.2    2.4      0.1
  SINCE MAR 1     24.5                      11.2   13.3     30.7
  SINCE JUL 1     51.6                      45.1    6.5     55.5

DEGREE DAYS
 HEATING
  TODAY           25                        15     10       11
  MONTH TO DATE  420                       338     82      211
  SINCE MAR 1   1365                      1209    156     1146
  SINCE JUL 1   5556                      5815   -259     4901

 COOLING
  TODAY            0                         0      0        0
  MONTH TO DATE    4                         0      4       10
  SINCE MAR 1      4                         0      4       10
  SINCE JAN 1      4                         0      4       10
..................................................................


WIND (MPH)
  HIGHEST WIND SPEED    17   HIGHEST WIND DIRECTION    SW (230)
  HIGHEST GUST SPEED    22   HIGHEST GUST DIRECTION    SW (240)
  AVERAGE WIND SPEED     8.7


SKY COVER
  AVERAGE SKY COVER 0.8


WEATHER CONDITIONS
 THE FOLLOWING WEATHER WAS RECORDED TODAY.
  NO SIGNIFICANT WEATHER WAS OBSERVED.


RELATIVE HUMIDITY (PERCENT)
 HIGHEST    75           600 AM
 LOWEST     49           200 PM
 AVERAGE    62

..........................................................


THE AVOCA PA CLIMATE NORMALS FOR TOMORROW
                         NORMAL    RECORD    YEAR
 MAXIMUM TEMPERATURE (F)   61        91      1976
 MINIMUM TEMPERATURE (F)   40        24      1904


SUNRISE AND SUNSET
APRIL 18 2018.........SUNRISE   619 AM EDT   SUNSET   746 PM EDT
APRIL 19 2018.........SUNRISE   617 AM EDT   SUNSET   748 PM EDT


-  INDICATES NEGATIVE NUMBERS.
R  INDICATES RECORD WAS SET OR TIED.
MM INDICATES DATA IS MISSING.
T  INDICATES TRACE AMOUNT.




$$
