745
CDUS41 KBGM 160529
CLIAVP


CLIMATE REPORT
NATIONAL WEATHER SERVICE BINGHAMTON NY
129 AM EDT WED MAY 16 2018


...................................

...THE AVOCA PA CLIMATE SUMMARY FOR MAY 15 2018...

CLIMATE NORMAL PERIOD 1981 TO 2010
CLIMATE RECORD PERIOD 1901 TO 2018


WEATHER ITEM   OBSERVED TIME   RECORD YEAR NORMAL DEPARTURE LAST
                VALUE   (LST)  VALUE       VALUE  FROM      YEAR
                                                  NORMAL
..................................................................
TEMPERATURE (F)
 YESTERDAY
  MAXIMUM         87R   130 PM  87    2007  70     17       67
                                      1962
                                      1940
  MINIMUM         57   1150 PM  32    1936  47     10       48
  AVERAGE         72                        58     14       58

PRECIPITATION (IN)
  YESTERDAY        0.42          2.29 2012   0.11   0.31      T
  MONTH TO DATE    2.44                      1.61   0.83     2.59
  SINCE MAR 1      8.93                      7.49   1.44    11.03
  SINCE JAN 1     15.94                     11.89   4.05    17.26

SNOWFALL (IN)
  YESTERDAY        0.0           0.0    MM   0.0    0.0      0.0
  MONTH TO DATE    0.0                       0.3   -0.3      0.0
  SINCE MAR 1     24.8                      12.6   12.2     30.7
  SINCE JUL 1     51.9                      46.5    5.4     55.5

DEGREE DAYS
 HEATING
  YESTERDAY        0                         8     -8        7
  MONTH TO DATE   59                       138    -79      170
  SINCE MAR 1   1618                      1505    113     1394
  SINCE JUL 1   5809                      6111   -302     5149

 COOLING
  YESTERDAY        7                         1      6        0
  MONTH TO DATE   33                         8     25        1
  SINCE MAR 1     37                        14     23       23
  SINCE JAN 1     37                        14     23       23
..................................................................


WIND (MPH)
  HIGHEST WIND SPEED    44   HIGHEST WIND DIRECTION    NW (310)
  HIGHEST GUST SPEED    65   HIGHEST GUST DIRECTION    NW (300)
  AVERAGE WIND SPEED     8.1


SKY COVER
  AVERAGE SKY COVER 0.3



RELATIVE HUMIDITY (PERCENT)
 HIGHEST   100           500 AM
 LOWEST     48           100 PM
 AVERAGE    74

..........................................................


THE AVOCA PA CLIMATE NORMALS FOR TODAY
                         NORMAL    RECORD    YEAR
 MAXIMUM TEMPERATURE (F)   70        90      1998
 MINIMUM TEMPERATURE (F)   48        34      1973


SUNRISE AND SUNSET
MAY 16 2018...........SUNRISE   543 AM EDT   SUNSET   816 PM EDT
MAY 17 2018...........SUNRISE   542 AM EDT   SUNSET   817 PM EDT


-  INDICATES NEGATIVE NUMBERS.
R  INDICATES RECORD WAS SET OR TIED.
MM INDICATES DATA IS MISSING.
T  INDICATES TRACE AMOUNT.




$$
