000
CDUS41 KBGM 130555
CLIAVP


CLIMATE REPORT
NATIONAL WEATHER SERVICE BINGHAMTON NY
155 AM EDT FRI APR 13 2018


...................................

...THE AVOCA PA CLIMATE SUMMARY FOR APRIL 12 2018...

CLIMATE NORMAL PERIOD 1981 TO 2010
CLIMATE RECORD PERIOD 1901 TO 2018


WEATHER ITEM   OBSERVED TIME   RECORD YEAR NORMAL DEPARTURE LAST
                VALUE   (LST)  VALUE       VALUE  FROM      YEAR
                                                  NORMAL
..................................................................
TEMPERATURE (F)
 YESTERDAY
  MAXIMUM         65   1002 PM  84    1977  58      7       69
  MINIMUM         41    722 AM  20    1926  37      4       46
  AVERAGE         53                        47      6       58

PRECIPITATION (IN)
  YESTERDAY        0.01          1.34 1933   0.11  -0.10     0.05
  MONTH TO DATE    0.89                      1.31  -0.42     1.55
  SINCE MAR 1      3.71                      3.86  -0.15     7.00
  SINCE JAN 1     10.72                      8.26   2.46    13.23

SNOWFALL (IN)
  YESTERDAY        0.0           0.5  1976   0.2   -0.2      0.0
  MONTH TO DATE    4.4                       1.6    2.8      0.1
  SINCE MAR 1     24.3                      10.6   13.7     30.7
  SINCE JUL 1     51.4                      44.5    6.9     55.5

DEGREE DAYS
 HEATING
  YESTERDAY       12                        18     -6        7
  MONTH TO DATE  319                       240     79      159
  SINCE MAR 1   1264                      1111    153     1094
  SINCE JUL 1   5455                      5717   -262     4849

 COOLING
  YESTERDAY        0                         0      0        0
  MONTH TO DATE    0                         0      0        5
  SINCE MAR 1      0                         0      0        5
  SINCE JAN 1      0                         0      0        5
..................................................................


WIND (MPH)
  HIGHEST WIND SPEED    18   HIGHEST WIND DIRECTION     S (180)
  HIGHEST GUST SPEED    29   HIGHEST GUST DIRECTION     S (180)
  AVERAGE WIND SPEED     6.0


SKY COVER
  AVERAGE SKY COVER 0.7



RELATIVE HUMIDITY (PERCENT)
 HIGHEST    82           800 AM
 LOWEST     37           600 PM
 AVERAGE    60

..........................................................


THE AVOCA PA CLIMATE NORMALS FOR TODAY
                         NORMAL    RECORD    YEAR
 MAXIMUM TEMPERATURE (F)   58        85      1945
 MINIMUM TEMPERATURE (F)   37        22      1990
                                             1940


SUNRISE AND SUNSET
APRIL 13 2018.........SUNRISE   627 AM EDT   SUNSET   741 PM EDT
APRIL 14 2018.........SUNRISE   625 AM EDT   SUNSET   742 PM EDT


-  INDICATES NEGATIVE NUMBERS.
R  INDICATES RECORD WAS SET OR TIED.
MM INDICATES DATA IS MISSING.
T  INDICATES TRACE AMOUNT.




$$
