000
CDUS41 KBGM 070218
CLIAVP


CLIMATE REPORT
NATIONAL WEATHER SERVICE BINGHAMTON NY
1017 PM EDT FRI APR 6 2018


...................................

...THE AVOCA PA CLIMATE SUMMARY FOR APRIL 6 2018...
VALID AS OF 1000 PM LOCAL TIME.

CLIMATE NORMAL PERIOD 1981 TO 2010
CLIMATE RECORD PERIOD 1901 TO 2018


WEATHER ITEM   OBSERVED TIME   RECORD YEAR NORMAL DEPARTURE LAST
                VALUE   (LST)  VALUE       VALUE  FROM      YEAR
                                                  NORMAL
..................................................................
TEMPERATURE (F)
 TODAY
  MAXIMUM         56    434 PM  83    1929  55      1       51
  MINIMUM         28    351 AM  18    1982  35     -7       41
                                      1943
  AVERAGE         42                        45     -3       46

PRECIPITATION (IN)
  TODAY            T             1.14 2017   0.11  -0.11     1.14
  MONTH TO DATE    0.82                      0.64   0.18     1.46
  SINCE MAR 1      3.64                      3.19   0.45     6.91
  SINCE JAN 1     10.65                      7.59   3.06    13.14

SNOWFALL (IN)
  TODAY           MM             6.2  1982   0.1   MM        0.0
  MONTH TO DATE    3.8                       0.7    3.1      0.1
  SINCE MAR 1     23.7                       9.7   14.0     30.7
  SINCE JUL 1     50.8                      43.6    7.2     55.5

DEGREE DAYS
 HEATING
  TODAY           23                        20      3       19
  MONTH TO DATE  154                       127     27       91
  SINCE MAR 1   1099                       998    101     1026
  SINCE JUL 1   5290                      5604   -314     4781

 COOLING
  TODAY            0                         0      0        0
  MONTH TO DATE    0                         0      0        0
  SINCE MAR 1      0                         0      0        0
  SINCE JAN 1      0                         0      0        0
..................................................................


WIND (MPH)
  HIGHEST WIND SPEED    30   HIGHEST WIND DIRECTION    SW (240)
  HIGHEST GUST SPEED    44   HIGHEST GUST DIRECTION    SW (240)
  AVERAGE WIND SPEED    10.1


SKY COVER
  AVERAGE SKY COVER 0.9


WEATHER CONDITIONS
 THE FOLLOWING WEATHER WAS RECORDED TODAY.
  LIGHT SNOW
  HAZE


RELATIVE HUMIDITY (PERCENT)
 HIGHEST    76           900 AM
 LOWEST     38           500 PM
 AVERAGE    57

..........................................................


THE AVOCA PA CLIMATE NORMALS FOR TOMORROW
                         NORMAL    RECORD    YEAR
 MAXIMUM TEMPERATURE (F)   56        86      2010
                                             1929
 MINIMUM TEMPERATURE (F)   35        14      1982


SUNRISE AND SUNSET
APRIL  6 2018.........SUNRISE   638 AM EDT   SUNSET   734 PM EDT
APRIL  7 2018.........SUNRISE   636 AM EDT   SUNSET   735 PM EDT


-  INDICATES NEGATIVE NUMBERS.
R  INDICATES RECORD WAS SET OR TIED.
MM INDICATES DATA IS MISSING.
T  INDICATES TRACE AMOUNT.




$$
