400
CDUS41 KBGM 142126
CLIAVP


CLIMATE REPORT
NATIONAL WEATHER SERVICE BINGHAMTON NY
526 PM EDT SAT APR 14 2018


...................................

...THE AVOCA PA CLIMATE SUMMARY FOR APRIL 14 2018...
VALID TODAY AS OF 0500 PM LOCAL TIME.

CLIMATE NORMAL PERIOD 1981 TO 2010
CLIMATE RECORD PERIOD 1901 TO 2018


WEATHER ITEM   OBSERVED TIME   RECORD YEAR NORMAL DEPARTURE LAST
                VALUE   (LST)  VALUE       VALUE  FROM      YEAR
                                                  NORMAL
..................................................................
TEMPERATURE (F)
 TODAY
  MAXIMUM         75    236 PM  84    1968  59     16       66
  MINIMUM         50    615 AM  22    1950  38     12       37
  AVERAGE         63                        48     15       52

PRECIPITATION (IN)
  TODAY            0.00          1.06 1909   0.11  -0.11     0.00
  MONTH TO DATE    0.89                      1.54  -0.65     1.55
  SINCE MAR 1      3.71                      4.09  -0.38     7.00
  SINCE JAN 1     10.72                      8.49   2.23    13.23

SNOWFALL (IN)
  TODAY            0.0           T    1995   0.1   -0.1      0.0
                                      1980
                                      1962
  MONTH TO DATE    4.4                       1.8    2.6      0.1
  SINCE MAR 1     24.3                      10.8   13.5     30.7
  SINCE JUL 1     51.4                      44.7    6.7     55.5

DEGREE DAYS
 HEATING
  TODAY            2                        17    -15       13
  MONTH TO DATE  321                       274     47      187
  SINCE MAR 1   1266                      1145    121     1122
  SINCE JUL 1   5457                      5751   -294     4877

 COOLING
  TODAY            0                         0      0        0
  MONTH TO DATE    4                         0      4        5
  SINCE MAR 1      4                         0      4        5
  SINCE JAN 1      4                         0      4        5
..................................................................


WIND (MPH)
  HIGHEST WIND SPEED    12   HIGHEST WIND DIRECTION    NW (320)
  HIGHEST GUST SPEED    15   HIGHEST GUST DIRECTION    NW (330)
  AVERAGE WIND SPEED     4.0


SKY COVER
  AVERAGE SKY COVER 0.0


WEATHER CONDITIONS
 THE FOLLOWING WEATHER WAS RECORDED TODAY.
  NO SIGNIFICANT WEATHER WAS OBSERVED.


RELATIVE HUMIDITY (PERCENT)
 HIGHEST    80           600 AM
 LOWEST     38           100 PM
 AVERAGE    59

..........................................................


THE AVOCA PA CLIMATE NORMALS FOR TOMORROW
                         NORMAL    RECORD    YEAR
 MAXIMUM TEMPERATURE (F)   59        85      1994
 MINIMUM TEMPERATURE (F)   38        22      1926


SUNRISE AND SUNSET
APRIL 14 2018.........SUNRISE   625 AM EDT   SUNSET   742 PM EDT
APRIL 15 2018.........SUNRISE   623 AM EDT   SUNSET   743 PM EDT


-  INDICATES NEGATIVE NUMBERS.
R  INDICATES RECORD WAS SET OR TIED.
MM INDICATES DATA IS MISSING.
T  INDICATES TRACE AMOUNT.




$$
